{"id":112,"date":"2024-05-31T11:07:55","date_gmt":"2024-05-31T14:07:55","guid":{"rendered":"https:\/\/www.ufpb.br\/animaiscomunitariosufpb\/?page_id=112"},"modified":"2026-01-04T19:55:36","modified_gmt":"2026-01-04T22:55:36","slug":"galeria","status":"publish","type":"page","link":"https:\/\/www.ufpb.br\/animaiscomunitariosufpb\/materiais-educativos\/galeria\/","title":{"rendered":"Galeria"},"content":{"rendered":"\n<figure class=\"wp-block-gallery has-nested-images columns-default is-cropped wp-block-gallery-1 is-layout-flex wp-block-gallery-is-layout-flex\">\n<figure class=\"wp-block-image size-large\"><img loading=\"lazy\" decoding=\"async\" width=\"1024\" height=\"682\" data-id=\"330\" src=\"http:\/\/www.ufpb.br\/animaiscomunitariosufpb\/wp-content\/uploads\/sites\/79\/sites\/167\/2024\/08\/animais-cumitarios-2-1024x682.jpg\" alt=\"\" class=\"wp-image-330\" srcset=\"https:\/\/www.ufpb.br\/animaiscomunitariosufpb\/wp-content\/uploads\/sites\/79\/sites\/167\/2024\/08\/animais-cumitarios-2-1024x682.jpg 1024w, https:\/\/www.ufpb.br\/animaiscomunitariosufpb\/wp-content\/uploads\/sites\/79\/sites\/167\/2024\/08\/animais-cumitarios-2-300x200.jpg 300w, https:\/\/www.ufpb.br\/animaiscomunitariosufpb\/wp-content\/uploads\/sites\/79\/sites\/167\/2024\/08\/animais-cumitarios-2-768x512.jpg 768w, https:\/\/www.ufpb.br\/animaiscomunitariosufpb\/wp-content\/uploads\/sites\/79\/sites\/167\/2024\/08\/animais-cumitarios-2-1536x1023.jpg 1536w, https:\/\/www.ufpb.br\/animaiscomunitariosufpb\/wp-content\/uploads\/sites\/79\/sites\/167\/2024\/08\/animais-cumitarios-2-272x182.jpg 272w, https:\/\/www.ufpb.br\/animaiscomunitariosufpb\/wp-content\/uploads\/sites\/79\/sites\/167\/2024\/08\/animais-cumitarios-2.jpg 1600w\" sizes=\"auto, (max-width: 1024px) 100vw, 1024px\" \/><\/figure>\n\n\n\n<figure class=\"wp-block-image size-large\"><img loading=\"lazy\" decoding=\"async\" width=\"1024\" height=\"683\" data-id=\"553\" src=\"https:\/\/www.ufpb.br\/animaiscomunitariosufpb\/wp-content\/uploads\/sites\/79\/sites\/167\/2024\/08\/DSC_0260-1-1-1024x683.jpg\" alt=\"\" class=\"wp-image-553\" srcset=\"https:\/\/www.ufpb.br\/animaiscomunitariosufpb\/wp-content\/uploads\/sites\/79\/sites\/167\/2024\/08\/DSC_0260-1-1-1024x683.jpg 1024w, https:\/\/www.ufpb.br\/animaiscomunitariosufpb\/wp-content\/uploads\/sites\/79\/sites\/167\/2024\/08\/DSC_0260-1-1-300x200.jpg 300w, https:\/\/www.ufpb.br\/animaiscomunitariosufpb\/wp-content\/uploads\/sites\/79\/sites\/167\/2024\/08\/DSC_0260-1-1-768x512.jpg 768w, https:\/\/www.ufpb.br\/animaiscomunitariosufpb\/wp-content\/uploads\/sites\/79\/sites\/167\/2024\/08\/DSC_0260-1-1-1536x1024.jpg 1536w, https:\/\/www.ufpb.br\/animaiscomunitariosufpb\/wp-content\/uploads\/sites\/79\/sites\/167\/2024\/08\/DSC_0260-1-1-2048x1365.jpg 2048w, https:\/\/www.ufpb.br\/animaiscomunitariosufpb\/wp-content\/uploads\/sites\/79\/sites\/167\/2024\/08\/DSC_0260-1-1-272x182.jpg 272w\" sizes=\"auto, (max-width: 1024px) 100vw, 1024px\" \/><\/figure>\n\n\n\n<figure class=\"wp-block-image size-large\"><img loading=\"lazy\" decoding=\"async\" width=\"1024\" height=\"683\" data-id=\"547\" src=\"http:\/\/www.ufpb.br\/animaiscomunitariosufpb\/wp-content\/uploads\/sites\/79\/sites\/167\/2024\/08\/DSC_1569-1024x683.jpg\" alt=\"\" class=\"wp-image-547\" srcset=\"https:\/\/www.ufpb.br\/animaiscomunitariosufpb\/wp-content\/uploads\/sites\/79\/sites\/167\/2024\/08\/DSC_1569-1024x683.jpg 1024w, https:\/\/www.ufpb.br\/animaiscomunitariosufpb\/wp-content\/uploads\/sites\/79\/sites\/167\/2024\/08\/DSC_1569-300x200.jpg 300w, https:\/\/www.ufpb.br\/animaiscomunitariosufpb\/wp-content\/uploads\/sites\/79\/sites\/167\/2024\/08\/DSC_1569-768x512.jpg 768w, https:\/\/www.ufpb.br\/animaiscomunitariosufpb\/wp-content\/uploads\/sites\/79\/sites\/167\/2024\/08\/DSC_1569-1536x1024.jpg 1536w, https:\/\/www.ufpb.br\/animaiscomunitariosufpb\/wp-content\/uploads\/sites\/79\/sites\/167\/2024\/08\/DSC_1569-2048x1365.jpg 2048w, https:\/\/www.ufpb.br\/animaiscomunitariosufpb\/wp-content\/uploads\/sites\/79\/sites\/167\/2024\/08\/DSC_1569-272x182.jpg 272w\" sizes=\"auto, (max-width: 1024px) 100vw, 1024px\" \/><figcaption class=\"wp-element-caption\">Momento de intera\u00e7\u00e3o e alimenta\u00e7\u00e3o dos gatos acompanhados pelo projeto Animais Comunit\u00e1rios.  <\/figcaption><\/figure>\n<\/figure>\n\n\n\n<div class=\"wp-block-media-text is-stacked-on-mobile\" style=\"grid-template-columns:49% auto\"><figure class=\"wp-block-media-text__media\"><img loading=\"lazy\" decoding=\"async\" width=\"1024\" height=\"683\" src=\"http:\/\/www.ufpb.br\/animaiscomunitariosufpb\/wp-content\/uploads\/sites\/79\/sites\/167\/2024\/08\/DSC_1766-1024x683.jpg\" alt=\"\" class=\"wp-image-555 size-full\" srcset=\"https:\/\/www.ufpb.br\/animaiscomunitariosufpb\/wp-content\/uploads\/sites\/79\/sites\/167\/2024\/08\/DSC_1766-1024x683.jpg 1024w, https:\/\/www.ufpb.br\/animaiscomunitariosufpb\/wp-content\/uploads\/sites\/79\/sites\/167\/2024\/08\/DSC_1766-300x200.jpg 300w, https:\/\/www.ufpb.br\/animaiscomunitariosufpb\/wp-content\/uploads\/sites\/79\/sites\/167\/2024\/08\/DSC_1766-768x512.jpg 768w, https:\/\/www.ufpb.br\/animaiscomunitariosufpb\/wp-content\/uploads\/sites\/79\/sites\/167\/2024\/08\/DSC_1766-1536x1024.jpg 1536w, https:\/\/www.ufpb.br\/animaiscomunitariosufpb\/wp-content\/uploads\/sites\/79\/sites\/167\/2024\/08\/DSC_1766-2048x1365.jpg 2048w, https:\/\/www.ufpb.br\/animaiscomunitariosufpb\/wp-content\/uploads\/sites\/79\/sites\/167\/2024\/08\/DSC_1766-272x182.jpg 272w\" sizes=\"auto, (max-width: 1024px) 100vw, 1024px\" \/><\/figure><div class=\"wp-block-media-text__content\">\n<p class=\"has-text-align-left\"><\/p>\n\n\n\n<p style=\"text-align:justify\">De uma forma simples e eficiente, utilizando mat\u00e9rias acess\u00edveis, protegemos a comida dos gatinhos assistidos pelo projeto. Dessa forma a ra\u00e7\u00e3o ofertada \u00e9 mantida livre da chuva, sujeira e dos animais selvagens que vivem na \u00e1rea de mata da UFPB.<\/p>\n<\/div><\/div>\n\n\n\n<div style=\"height:15px\" aria-hidden=\"true\" class=\"wp-block-spacer\"><\/div>\n\n\n\n<figure class=\"wp-block-gallery has-nested-images columns-default is-cropped wp-block-gallery-2 is-layout-flex wp-block-gallery-is-layout-flex\">\n<figure class=\"wp-block-image size-large\"><img loading=\"lazy\" decoding=\"async\" width=\"1024\" height=\"918\" data-id=\"411\" src=\"http:\/\/www.ufpb.br\/animaiscomunitariosufpb\/wp-content\/uploads\/sites\/79\/sites\/167\/2024\/08\/Imagem-do-WhatsApp-de-2024-08-12-as-21.50.02_0975785a-1024x918.jpg\" alt=\"\" class=\"wp-image-411\" srcset=\"https:\/\/www.ufpb.br\/animaiscomunitariosufpb\/wp-content\/uploads\/sites\/79\/sites\/167\/2024\/08\/Imagem-do-WhatsApp-de-2024-08-12-as-21.50.02_0975785a-1024x918.jpg 1024w, https:\/\/www.ufpb.br\/animaiscomunitariosufpb\/wp-content\/uploads\/sites\/79\/sites\/167\/2024\/08\/Imagem-do-WhatsApp-de-2024-08-12-as-21.50.02_0975785a-300x269.jpg 300w, https:\/\/www.ufpb.br\/animaiscomunitariosufpb\/wp-content\/uploads\/sites\/79\/sites\/167\/2024\/08\/Imagem-do-WhatsApp-de-2024-08-12-as-21.50.02_0975785a-768x689.jpg 768w, https:\/\/www.ufpb.br\/animaiscomunitariosufpb\/wp-content\/uploads\/sites\/79\/sites\/167\/2024\/08\/Imagem-do-WhatsApp-de-2024-08-12-as-21.50.02_0975785a.jpg 1280w\" sizes=\"auto, (max-width: 1024px) 100vw, 1024px\" \/><figcaption class=\"wp-element-caption\">Campanha de ado\u00e7\u00e3o e vacina\u00e7\u00e3o do projeto Animais Comunit\u00e1rios em Jo\u00e3o Pessoa &#8211; PB.<\/figcaption><\/figure>\n\n\n\n<figure class=\"wp-block-image size-full\"><img loading=\"lazy\" decoding=\"async\" width=\"960\" height=\"930\" data-id=\"648\" src=\"http:\/\/www.ufpb.br\/animaiscomunitariosufpb\/wp-content\/uploads\/sites\/79\/sites\/167\/2024\/08\/Comedouro-foto-Emyle2.jpg\" alt=\"\" class=\"wp-image-648\" srcset=\"https:\/\/www.ufpb.br\/animaiscomunitariosufpb\/wp-content\/uploads\/sites\/79\/sites\/167\/2024\/08\/Comedouro-foto-Emyle2.jpg 960w, https:\/\/www.ufpb.br\/animaiscomunitariosufpb\/wp-content\/uploads\/sites\/79\/sites\/167\/2024\/08\/Comedouro-foto-Emyle2-300x291.jpg 300w, https:\/\/www.ufpb.br\/animaiscomunitariosufpb\/wp-content\/uploads\/sites\/79\/sites\/167\/2024\/08\/Comedouro-foto-Emyle2-768x744.jpg 768w\" sizes=\"auto, (max-width: 960px) 100vw, 960px\" \/><figcaption class=\"wp-element-caption\">Comedouro desenvolvido de forma independente por Gerlane para o projeto.<\/figcaption><\/figure>\n\n\n\n<figure class=\"wp-block-image size-large\"><img loading=\"lazy\" decoding=\"async\" width=\"1024\" height=\"683\" data-id=\"559\" src=\"https:\/\/www.ufpb.br\/animaiscomunitariosufpb\/wp-content\/uploads\/sites\/79\/sites\/167\/2024\/08\/DSC_1966-1024x683.jpg\" alt=\"\" class=\"wp-image-559\" srcset=\"https:\/\/www.ufpb.br\/animaiscomunitariosufpb\/wp-content\/uploads\/sites\/79\/sites\/167\/2024\/08\/DSC_1966-1024x683.jpg 1024w, https:\/\/www.ufpb.br\/animaiscomunitariosufpb\/wp-content\/uploads\/sites\/79\/sites\/167\/2024\/08\/DSC_1966-300x200.jpg 300w, https:\/\/www.ufpb.br\/animaiscomunitariosufpb\/wp-content\/uploads\/sites\/79\/sites\/167\/2024\/08\/DSC_1966-768x512.jpg 768w, https:\/\/www.ufpb.br\/animaiscomunitariosufpb\/wp-content\/uploads\/sites\/79\/sites\/167\/2024\/08\/DSC_1966-1536x1024.jpg 1536w, https:\/\/www.ufpb.br\/animaiscomunitariosufpb\/wp-content\/uploads\/sites\/79\/sites\/167\/2024\/08\/DSC_1966-2048x1365.jpg 2048w, https:\/\/www.ufpb.br\/animaiscomunitariosufpb\/wp-content\/uploads\/sites\/79\/sites\/167\/2024\/08\/DSC_1966-272x182.jpg 272w\" sizes=\"auto, (max-width: 1024px) 100vw, 1024px\" \/><\/figure>\n<\/figure>\n","protected":false},"excerpt":{"rendered":"<p>De uma forma simples e eficiente, utilizando mat\u00e9rias acess\u00edveis, protegemos a comida dos gatinhos assistidos [&hellip;]<\/p>\n","protected":false},"author":119,"featured_media":0,"parent":43,"menu_order":0,"comment_status":"closed","ping_status":"closed","template":"","meta":{"footnotes":""},"class_list":["post-112","page","type-page","status-publish","hentry"],"_links":{"self":[{"href":"https:\/\/www.ufpb.br\/animaiscomunitariosufpb\/wp-json\/wp\/v2\/pages\/112","targetHints":{"allow":["GET"]}}],"collection":[{"href":"https:\/\/www.ufpb.br\/animaiscomunitariosufpb\/wp-json\/wp\/v2\/pages"}],"about":[{"href":"https:\/\/www.ufpb.br\/animaiscomunitariosufpb\/wp-json\/wp\/v2\/types\/page"}],"author":[{"embeddable":true,"href":"https:\/\/www.ufpb.br\/animaiscomunitariosufpb\/wp-json\/wp\/v2\/users\/119"}],"replies":[{"embeddable":true,"href":"https:\/\/www.ufpb.br\/animaiscomunitariosufpb\/wp-json\/wp\/v2\/comments?post=112"}],"version-history":[{"count":18,"href":"https:\/\/www.ufpb.br\/animaiscomunitariosufpb\/wp-json\/wp\/v2\/pages\/112\/revisions"}],"predecessor-version":[{"id":864,"href":"https:\/\/www.ufpb.br\/animaiscomunitariosufpb\/wp-json\/wp\/v2\/pages\/112\/revisions\/864"}],"up":[{"embeddable":true,"href":"https:\/\/www.ufpb.br\/animaiscomunitariosufpb\/wp-json\/wp\/v2\/pages\/43"}],"wp:attachment":[{"href":"https:\/\/www.ufpb.br\/animaiscomunitariosufpb\/wp-json\/wp\/v2\/media?parent=112"}],"curies":[{"name":"wp","href":"https:\/\/api.w.org\/{rel}","templated":true}]}}

<figure class="wp-block-gallery has-nested-images columns-default is-cropped wp-block-gallery-1 is-layout-flex wp-block-gallery-is-layout-flex">
<figure class="wp-block-image size-large"><img loading="lazy" decoding="async" width="1024" height="682" data-id="330" src="http://www.ufpb.br/animaiscomunitariosufpb/wp-content/uploads/sites/79/sites/167/2024/08/animais-cumitarios-2-1024x682.jpg" alt="" class="wp-image-330" srcset="https://www.ufpb.br/animaiscomunitariosufpb/wp-content/uploads/sites/79/sites/167/2024/08/animais-cumitarios-2-1024x682.jpg 1024w, https://www.ufpb.br/animaiscomunitariosufpb/wp-content/uploads/sites/79/sites/167/2024/08/animais-cumitarios-2-300x200.jpg 300w, https://www.ufpb.br/animaiscomunitariosufpb/wp-content/uploads/sites/79/sites/167/2024/08/animais-cumitarios-2-768x512.jpg 768w, https://www.ufpb.br/animaiscomunitariosufpb/wp-content/uploads/sites/79/sites/167/2024/08/animais-cumitarios-2-1536x1023.jpg 1536w, https://www.ufpb.br/animaiscomunitariosufpb/wp-content/uploads/sites/79/sites/167/2024/08/animais-cumitarios-2-272x182.jpg 272w, https://www.ufpb.br/animaiscomunitariosufpb/wp-content/uploads/sites/79/sites/167/2024/08/animais-cumitarios-2.jpg 1600w" sizes="auto, (max-width: 1024px) 100vw, 1024px" /></figure>



<figure class="wp-block-image size-large"><img loading="lazy" decoding="async" width="1024" height="683" data-id="553" src="https://www.ufpb.br/animaiscomunitariosufpb/wp-content/uploads/sites/79/sites/167/2024/08/DSC_0260-1-1-1024x683.jpg" alt="" class="wp-image-553" srcset="https://www.ufpb.br/animaiscomunitariosufpb/wp-content/uploads/sites/79/sites/167/2024/08/DSC_0260-1-1-1024x683.jpg 1024w, https://www.ufpb.br/animaiscomunitariosufpb/wp-content/uploads/sites/79/sites/167/2024/08/DSC_0260-1-1-300x200.jpg 300w, https://www.ufpb.br/animaiscomunitariosufpb/wp-content/uploads/sites/79/sites/167/2024/08/DSC_0260-1-1-768x512.jpg 768w, https://www.ufpb.br/animaiscomunitariosufpb/wp-content/uploads/sites/79/sites/167/2024/08/DSC_0260-1-1-1536x1024.jpg 1536w, https://www.ufpb.br/animaiscomunitariosufpb/wp-content/uploads/sites/79/sites/167/2024/08/DSC_0260-1-1-2048x1365.jpg 2048w, https://www.ufpb.br/animaiscomunitariosufpb/wp-content/uploads/sites/79/sites/167/2024/08/DSC_0260-1-1-272x182.jpg 272w" sizes="auto, (max-width: 1024px) 100vw, 1024px" /></figure>



<figure class="wp-block-image size-large"><img loading="lazy" decoding="async" width="1024" height="683" data-id="547" src="http://www.ufpb.br/animaiscomunitariosufpb/wp-content/uploads/sites/79/sites/167/2024/08/DSC_1569-1024x683.jpg" alt="" class="wp-image-547" srcset="https://www.ufpb.br/animaiscomunitariosufpb/wp-content/uploads/sites/79/sites/167/2024/08/DSC_1569-1024x683.jpg 1024w, https://www.ufpb.br/animaiscomunitariosufpb/wp-content/uploads/sites/79/sites/167/2024/08/DSC_1569-300x200.jpg 300w, https://www.ufpb.br/animaiscomunitariosufpb/wp-content/uploads/sites/79/sites/167/2024/08/DSC_1569-768x512.jpg 768w, https://www.ufpb.br/animaiscomunitariosufpb/wp-content/uploads/sites/79/sites/167/2024/08/DSC_1569-1536x1024.jpg 1536w, https://www.ufpb.br/animaiscomunitariosufpb/wp-content/uploads/sites/79/sites/167/2024/08/DSC_1569-2048x1365.jpg 2048w, https://www.ufpb.br/animaiscomunitariosufpb/wp-content/uploads/sites/79/sites/167/2024/08/DSC_1569-272x182.jpg 272w" sizes="auto, (max-width: 1024px) 100vw, 1024px" /><figcaption class="wp-element-caption">Momento de interação e alimentação dos gatos acompanhados pelo projeto Animais Comunitários.  </figcaption></figure>
</figure>



<div class="wp-block-media-text is-stacked-on-mobile" style="grid-template-columns:49% auto"><figure class="wp-block-media-text__media"><img loading="lazy" decoding="async" width="1024" height="683" src="http://www.ufpb.br/animaiscomunitariosufpb/wp-content/uploads/sites/79/sites/167/2024/08/DSC_1766-1024x683.jpg" alt="" class="wp-image-555 size-full" srcset="https://www.ufpb.br/animaiscomunitariosufpb/wp-content/uploads/sites/79/sites/167/2024/08/DSC_1766-1024x683.jpg 1024w, https://www.ufpb.br/animaiscomunitariosufpb/wp-content/uploads/sites/79/sites/167/2024/08/DSC_1766-300x200.jpg 300w, https://www.ufpb.br/animaiscomunitariosufpb/wp-content/uploads/sites/79/sites/167/2024/08/DSC_1766-768x512.jpg 768w, https://www.ufpb.br/animaiscomunitariosufpb/wp-content/uploads/sites/79/sites/167/2024/08/DSC_1766-1536x1024.jpg 1536w, https://www.ufpb.br/animaiscomunitariosufpb/wp-content/uploads/sites/79/sites/167/2024/08/DSC_1766-2048x1365.jpg 2048w, https://www.ufpb.br/animaiscomunitariosufpb/wp-content/uploads/sites/79/sites/167/2024/08/DSC_1766-272x182.jpg 272w" sizes="auto, (max-width: 1024px) 100vw, 1024px" /></figure><div class="wp-block-media-text__content">
<p class="has-text-align-left"></p>



<p style="text-align:justify">De uma forma simples e eficiente, utilizando matérias acessíveis, protegemos a comida dos gatinhos assistidos pelo projeto. Dessa forma a ração ofertada é mantida livre da chuva, sujeira e dos animais selvagens que vivem na área de mata da UFPB.</p>
</div></div>



<div style="height:15px" aria-hidden="true" class="wp-block-spacer"></div>



<figure class="wp-block-gallery has-nested-images columns-default is-cropped wp-block-gallery-2 is-layout-flex wp-block-gallery-is-layout-flex">
<figure class="wp-block-image size-large"><img loading="lazy" decoding="async" width="1024" height="918" data-id="411" src="http://www.ufpb.br/animaiscomunitariosufpb/wp-content/uploads/sites/79/sites/167/2024/08/Imagem-do-WhatsApp-de-2024-08-12-as-21.50.02_0975785a-1024x918.jpg" alt="" class="wp-image-411" srcset="https://www.ufpb.br/animaiscomunitariosufpb/wp-content/uploads/sites/79/sites/167/2024/08/Imagem-do-WhatsApp-de-2024-08-12-as-21.50.02_0975785a-1024x918.jpg 1024w, https://www.ufpb.br/animaiscomunitariosufpb/wp-content/uploads/sites/79/sites/167/2024/08/Imagem-do-WhatsApp-de-2024-08-12-as-21.50.02_0975785a-300x269.jpg 300w, https://www.ufpb.br/animaiscomunitariosufpb/wp-content/uploads/sites/79/sites/167/2024/08/Imagem-do-WhatsApp-de-2024-08-12-as-21.50.02_0975785a-768x689.jpg 768w, https://www.ufpb.br/animaiscomunitariosufpb/wp-content/uploads/sites/79/sites/167/2024/08/Imagem-do-WhatsApp-de-2024-08-12-as-21.50.02_0975785a.jpg 1280w" sizes="auto, (max-width: 1024px) 100vw, 1024px" /><figcaption class="wp-element-caption">Campanha de adoção e vacinação do projeto Animais Comunitários em João Pessoa &#8211; PB.</figcaption></figure>



<figure class="wp-block-image size-full"><img loading="lazy" decoding="async" width="960" height="930" data-id="648" src="http://www.ufpb.br/animaiscomunitariosufpb/wp-content/uploads/sites/79/sites/167/2024/08/Comedouro-foto-Emyle2.jpg" alt="" class="wp-image-648" srcset="https://www.ufpb.br/animaiscomunitariosufpb/wp-content/uploads/sites/79/sites/167/2024/08/Comedouro-foto-Emyle2.jpg 960w, https://www.ufpb.br/animaiscomunitariosufpb/wp-content/uploads/sites/79/sites/167/2024/08/Comedouro-foto-Emyle2-300x291.jpg 300w, https://www.ufpb.br/animaiscomunitariosufpb/wp-content/uploads/sites/79/sites/167/2024/08/Comedouro-foto-Emyle2-768x744.jpg 768w" sizes="auto, (max-width: 960px) 100vw, 960px" /><figcaption class="wp-element-caption">Comedouro desenvolvido de forma independente por Gerlane para o projeto.</figcaption></figure>



<figure class="wp-block-image size-large"><img loading="lazy" decoding="async" width="1024" height="683" data-id="559" src="https://www.ufpb.br/animaiscomunitariosufpb/wp-content/uploads/sites/79/sites/167/2024/08/DSC_1966-1024x683.jpg" alt="" class="wp-image-559" srcset="https://www.ufpb.br/animaiscomunitariosufpb/wp-content/uploads/sites/79/sites/167/2024/08/DSC_1966-1024x683.jpg 1024w, https://www.ufpb.br/animaiscomunitariosufpb/wp-content/uploads/sites/79/sites/167/2024/08/DSC_1966-300x200.jpg 300w, https://www.ufpb.br/animaiscomunitariosufpb/wp-content/uploads/sites/79/sites/167/2024/08/DSC_1966-768x512.jpg 768w, https://www.ufpb.br/animaiscomunitariosufpb/wp-content/uploads/sites/79/sites/167/2024/08/DSC_1966-1536x1024.jpg 1536w, https://www.ufpb.br/animaiscomunitariosufpb/wp-content/uploads/sites/79/sites/167/2024/08/DSC_1966-2048x1365.jpg 2048w, https://www.ufpb.br/animaiscomunitariosufpb/wp-content/uploads/sites/79/sites/167/2024/08/DSC_1966-272x182.jpg 272w" sizes="auto, (max-width: 1024px) 100vw, 1024px" /></figure>
</figure>

<p>De uma forma simples e eficiente, utilizando matérias acessíveis, protegemos a comida dos gatinhos assistidos [&hellip;]</p>
