{"id":16,"date":"2025-09-05T00:29:28","date_gmt":"2025-09-05T03:29:28","guid":{"rendered":"https:\/\/www.ufpb.br\/arquivocentral1\/?page_id=16"},"modified":"2025-09-05T00:30:36","modified_gmt":"2025-09-05T03:30:36","slug":"unidades-administrativas","status":"publish","type":"page","link":"https:\/\/www.ufpb.br\/arquivocentral\/unidades-administrativas\/","title":{"rendered":"Unidades Administrativas"},"content":{"rendered":"\n<p>O Arquivo Central (ACE) da Universidade Federal da Para\u00edba (UFPB) &nbsp;foi criado em dezembro de 2018, por meio da Resolu\u00e7\u00e3o CONSUNI n\u00ba 43\/2018. \u00c9 um \u00f3rg\u00e3o suplementar, diretamente vinculado ao gabinete do reitor com a finalidade de propor, implementar, executar, supervisionar e dar apoio aos diversos \u00f3rg\u00e3os e unidades desta autarquia no que tange \u00e0 pol\u00edtica de documentos e registros arquiv\u00edsticos e como \u00f3rg\u00e3o central ao Sistema de Arquivos (SiArq\/UFPB).<\/p>\n\n\n\n<p>Est\u00e1 localizado no pr\u00e9dio anexo da reitoria. O Edif\u00edcio do Arquivo Central&nbsp;possui 3 (tr\u00eas) pavimentos, com \u00e1rea total de 1.521,45m\u00b2 de \u00e1rea \u00fatil, para atividades administrativas, t\u00e9cnicas e de guarda de documentos de car\u00e1ter permanentes.<\/p>\n\n\n\n<p>O hor\u00e1rio de funcionamento \u00e9 de 07h:30 &nbsp;\u00e0s 21h:30. Possui, como p\u00fablico alvo: servidores, ex-servidores, &nbsp;alunos, ex-alunos, comunidade externa, pesquisadores em geral e alunos em fase de est\u00e1gio obrigat\u00f3rio do Curso de Gradua\u00e7\u00e3o em Arquivologia.<\/p>\n\n\n\n<p><strong>Miss\u00e3o<\/strong><\/p>\n\n\n\n<p>Propiciar a\u00e7\u00f5es arquiv\u00edsticas em apoio \u00e0s atividades de ensino, pesquisa, extens\u00e3o e administra\u00e7\u00e3o, assegurando a gest\u00e3o de documentos e registros digitais de modo continuado, afim de preservar a mem\u00f3ria e promover o acesso \u00e0 informa\u00e7\u00e3o no \u00e2mbito da UFPB.<\/p>\n\n\n\n<p><strong>Vis\u00e3o<\/strong><\/p>\n\n\n\n<p>Tornar-se refer\u00eancia para arquivos de institui\u00e7\u00f5es federais de ensino superior no estado da Para\u00edba.<\/p>\n\n\n\n<p>O Arquivo Central \u00e9 constitu\u00eddo com a seguinte estrutura:<\/p>\n\n\n\n<p><strong>I &#8211; Dire\u00e7\u00e3o &#8211; DACE;<\/strong><\/p>\n\n\n\n<p>a) Secretaria e Apoio Administrativo<\/p>\n\n\n\n<p><strong>II &#8211; Coordena\u00e7\u00e3o de Gest\u00e3o de Documentos, Registros Digitais e Sistemas \u2013 CGDS;<\/strong><\/p>\n\n\n\n<p>a) Divis\u00e3o de Protocolo e Expedi\u00e7\u00e3o de Documentos &#8211; DPEX<\/p>\n\n\n\n<p>b) Divis\u00e3o de Sistemas de Gest\u00e3o de Registros e Documentos &#8211; DSGRD<\/p>\n\n\n\n<p>c) Divis\u00e3o de Plataformas de Acesso e Reposit\u00f3rio Arquiv\u00edstico Digital \u2013 DPARAD<\/p>\n\n\n\n<p><strong>&nbsp;III &#8211; Coordena\u00e7\u00e3o de Arquivos e Registros Intermedi\u00e1rios e Permanentes \u2013 CAIP;<\/strong><\/p>\n\n\n\n<p>a) Divis\u00e3o de Avalia\u00e7\u00e3o e Processamento T\u00e9cnico &#8211; DAPT<\/p>\n\n\n\n<p>b) Divis\u00e3o de Conserva\u00e7\u00e3o, Preserva\u00e7\u00e3o e Restaura\u00e7\u00e3o &#8211; DCPR<\/p>\n\n\n\n<p>c) Divis\u00e3o de Difus\u00e3o, Pesquisa e A\u00e7\u00e3o Cultural &#8211; DDPAC<\/p>\n\n\n<div class=\"wp-block-image\">\n<figure class=\"aligncenter\"><img decoding=\"async\" src=\"https:\/\/www.ufpb.br\/arquivocentral\/contents\/imagens\/organograma-ace.jpg\" alt=\"Organograma ACE.jpg\" title=\"Organograma ACE.jpg\"\/><\/figure>\n<\/div>","protected":false},"excerpt":{"rendered":"<p>O Arquivo Central (ACE) da Universidade Federal da Para\u00edba (UFPB) &nbsp;foi criado em dezembro de [&hellip;]<\/p>\n","protected":false},"author":63,"featured_media":0,"parent":0,"menu_order":0,"comment_status":"closed","ping_status":"closed","template":"","meta":{"footnotes":""},"class_list":["post-16","page","type-page","status-publish","hentry"],"_links":{"self":[{"href":"https:\/\/www.ufpb.br\/arquivocentral\/wp-json\/wp\/v2\/pages\/16","targetHints":{"allow":["GET"]}}],"collection":[{"href":"https:\/\/www.ufpb.br\/arquivocentral\/wp-json\/wp\/v2\/pages"}],"about":[{"href":"https:\/\/www.ufpb.br\/arquivocentral\/wp-json\/wp\/v2\/types\/page"}],"author":[{"embeddable":true,"href":"https:\/\/www.ufpb.br\/arquivocentral\/wp-json\/wp\/v2\/users\/63"}],"replies":[{"embeddable":true,"href":"https:\/\/www.ufpb.br\/arquivocentral\/wp-json\/wp\/v2\/comments?post=16"}],"version-history":[{"count":2,"href":"https:\/\/www.ufpb.br\/arquivocentral\/wp-json\/wp\/v2\/pages\/16\/revisions"}],"predecessor-version":[{"id":18,"href":"https:\/\/www.ufpb.br\/arquivocentral\/wp-json\/wp\/v2\/pages\/16\/revisions\/18"}],"wp:attachment":[{"href":"https:\/\/www.ufpb.br\/arquivocentral\/wp-json\/wp\/v2\/media?parent=16"}],"curies":[{"name":"wp","href":"https:\/\/api.w.org\/{rel}","templated":true}]}}

<p>O Arquivo Central (ACE) da Universidade Federal da Paraíba (UFPB) &nbsp;foi criado em dezembro de 2018, por meio da Resolução CONSUNI nº 43/2018. É um órgão suplementar, diretamente vinculado ao gabinete do reitor com a finalidade de propor, implementar, executar, supervisionar e dar apoio aos diversos órgãos e unidades desta autarquia no que tange à política de documentos e registros arquivísticos e como órgão central ao Sistema de Arquivos (SiArq/UFPB).</p>



<p>Está localizado no prédio anexo da reitoria. O Edifício do Arquivo Central&nbsp;possui 3 (três) pavimentos, com área total de 1.521,45m² de área útil, para atividades administrativas, técnicas e de guarda de documentos de caráter permanentes.</p>



<p>O horário de funcionamento é de 07h:30 &nbsp;às 21h:30. Possui, como público alvo: servidores, ex-servidores, &nbsp;alunos, ex-alunos, comunidade externa, pesquisadores em geral e alunos em fase de estágio obrigatório do Curso de Graduação em Arquivologia.</p>



<p><strong>Missão</strong></p>



<p>Propiciar ações arquivísticas em apoio às atividades de ensino, pesquisa, extensão e administração, assegurando a gestão de documentos e registros digitais de modo continuado, afim de preservar a memória e promover o acesso à informação no âmbito da UFPB.</p>



<p><strong>Visão</strong></p>



<p>Tornar-se referência para arquivos de instituições federais de ensino superior no estado da Paraíba.</p>



<p>O Arquivo Central é constituído com a seguinte estrutura:</p>



<p><strong>I &#8211; Direção &#8211; DACE;</strong></p>



<p>a) Secretaria e Apoio Administrativo</p>



<p><strong>II &#8211; Coordenação de Gestão de Documentos, Registros Digitais e Sistemas – CGDS;</strong></p>



<p>a) Divisão de Protocolo e Expedição de Documentos &#8211; DPEX</p>



<p>b) Divisão de Sistemas de Gestão de Registros e Documentos &#8211; DSGRD</p>



<p>c) Divisão de Plataformas de Acesso e Repositório Arquivístico Digital – DPARAD</p>



<p><strong>&nbsp;III &#8211; Coordenação de Arquivos e Registros Intermediários e Permanentes – CAIP;</strong></p>



<p>a) Divisão de Avaliação e Processamento Técnico &#8211; DAPT</p>



<p>b) Divisão de Conservação, Preservação e Restauração &#8211; DCPR</p>



<p>c) Divisão de Difusão, Pesquisa e Ação Cultural &#8211; DDPAC</p>


<div class="wp-block-image">
<figure class="aligncenter"><img decoding="async" src="https://www.ufpb.br/arquivocentral/contents/imagens/organograma-ace.jpg" alt="Organograma ACE.jpg" title="Organograma ACE.jpg"/></figure>
</div>

<p>O Arquivo Central (ACE) da Universidade Federal da Paraíba (UFPB) &nbsp;foi criado em dezembro de [&hellip;]</p>
