{"id":81,"date":"2025-09-05T11:52:53","date_gmt":"2025-09-05T14:52:53","guid":{"rendered":"https:\/\/www.ufpb.br\/arquivocentral1\/?page_id=81"},"modified":"2025-09-05T11:58:52","modified_gmt":"2025-09-05T14:58:52","slug":"formularios-para-solicitacao-de-servico","status":"publish","type":"page","link":"https:\/\/www.ufpb.br\/arquivocentral\/formularios-para-solicitacao-de-servico\/","title":{"rendered":"Formul\u00e1rios para solicita\u00e7\u00e3o de servi\u00e7o"},"content":{"rendered":"\n<p>Para solicitar nossos servi\u00e7os baixe e preencha o&nbsp;<strong>formul\u00e1rio<\/strong>&nbsp;correspondente e o&nbsp;<strong>anexe no chamado<\/strong>&nbsp;a ser aberto na&nbsp;<a href=\"https:\/\/atendimento-arquivo.ufpb.br\/\" target=\"_blank\" rel=\"noreferrer noopener\">Central de Atendimento<\/a>.&nbsp;<\/p>\n\n\n\n<p><strong>Aten\u00e7\u00e3o:&nbsp;<\/strong>&nbsp;<\/p>\n\n\n\n<ol class=\"wp-block-list\">\n<li><strong>Usu\u00e1rios externos \u00e0 UFPB<\/strong>&nbsp;devem enviar o formul\u00e1rio preenchido para o&nbsp;<strong>e-mail: caip@reitoria.ufpb.br<\/strong><\/li>\n\n\n\n<li>Os arquivos abaixo est\u00e3o em formato Word para facilitar o preenchimento. Pedimos que nos envie, de prefer\u00eancia, convertidos em formato PDF.<\/li>\n<\/ol>\n\n\n\n<p><strong>Formul\u00e1rios:<\/strong><\/p>\n\n\n\n<ul class=\"wp-block-list\">\n<li><a href=\"https:\/\/www.ufpb.br\/arquivocentral\/contents\/documentos\/copy_of_REALIZAODEATIVIDADESDEDISCIPLINAS.docx\" target=\"_blank\" rel=\"noreferrer noopener\">Atividades de disciplinas acad\u00eamicas<\/a>;<\/li>\n\n\n\n<li><a href=\"http:\/\/www.ufpb.br\/arquivocentral\/wp-content\/uploads\/sites\/79\/sites\/357\/2025\/09\/busca-de-documentos.docx\" target=\"_blank\" rel=\"noreferrer noopener\">Busca de documentos para consulta<\/a>\u00a0(fins administrativos);<\/li>\n\n\n\n<li><a href=\"http:\/\/www.ufpb.br\/arquivocentral\/wp-content\/uploads\/sites\/79\/sites\/357\/2025\/09\/digitalizacao-de-documentos.docx\" target=\"_blank\" rel=\"noreferrer noopener\">Digitaliza\u00e7\u00e3o de documentos<\/a>;<\/li>\n\n\n\n<li><a href=\"http:\/\/www.ufpb.br\/arquivocentral\/wp-content\/uploads\/sites\/79\/sites\/357\/2025\/09\/pesquisa-com-fins-academicos.docx\" target=\"_blank\" rel=\"noreferrer noopener\">Pesquisa acad\u00eamica no acervo<\/a>;<\/li>\n\n\n\n<li><a href=\"http:\/\/www.ufpb.br\/arquivocentral\/wp-content\/uploads\/sites\/79\/sites\/357\/2025\/09\/transferencia-de-documentos.docx\" target=\"_blank\" rel=\"noreferrer noopener\">Transfer\u00eancia de documentos para guarda intermedi\u00e1ria<\/a>;<\/li>\n\n\n\n<li><a href=\"https:\/\/www.ufpb.br\/arquivocentral\/contents\/documentos\/transferencia-de-documentos.docx\">Visita t\u00e9cnica para diagn\u00f3stico de acervos<\/a>;<\/li>\n<\/ul>\n\n\n\n<p><\/p>\n","protected":false},"excerpt":{"rendered":"<p>Para solicitar nossos servi\u00e7os baixe e preencha o&nbsp;formul\u00e1rio&nbsp;correspondente e o&nbsp;anexe no chamado&nbsp;a ser aberto na&nbsp;Central [&hellip;]<\/p>\n","protected":false},"author":63,"featured_media":0,"parent":0,"menu_order":0,"comment_status":"closed","ping_status":"closed","template":"","meta":{"footnotes":""},"class_list":["post-81","page","type-page","status-publish","hentry"],"_links":{"self":[{"href":"https:\/\/www.ufpb.br\/arquivocentral\/wp-json\/wp\/v2\/pages\/81","targetHints":{"allow":["GET"]}}],"collection":[{"href":"https:\/\/www.ufpb.br\/arquivocentral\/wp-json\/wp\/v2\/pages"}],"about":[{"href":"https:\/\/www.ufpb.br\/arquivocentral\/wp-json\/wp\/v2\/types\/page"}],"author":[{"embeddable":true,"href":"https:\/\/www.ufpb.br\/arquivocentral\/wp-json\/wp\/v2\/users\/63"}],"replies":[{"embeddable":true,"href":"https:\/\/www.ufpb.br\/arquivocentral\/wp-json\/wp\/v2\/comments?post=81"}],"version-history":[{"count":2,"href":"https:\/\/www.ufpb.br\/arquivocentral\/wp-json\/wp\/v2\/pages\/81\/revisions"}],"predecessor-version":[{"id":90,"href":"https:\/\/www.ufpb.br\/arquivocentral\/wp-json\/wp\/v2\/pages\/81\/revisions\/90"}],"wp:attachment":[{"href":"https:\/\/www.ufpb.br\/arquivocentral\/wp-json\/wp\/v2\/media?parent=81"}],"curies":[{"name":"wp","href":"https:\/\/api.w.org\/{rel}","templated":true}]}}