{"id":91,"date":"2025-09-05T12:05:03","date_gmt":"2025-09-05T15:05:03","guid":{"rendered":"https:\/\/www.ufpb.br\/arquivocentral1\/?page_id=91"},"modified":"2026-01-28T07:17:32","modified_gmt":"2026-01-28T10:17:32","slug":"boletins-de-pessoal","status":"publish","type":"page","link":"https:\/\/www.ufpb.br\/arquivocentral\/boletins-de-pessoal\/","title":{"rendered":"Boletins- de Pessoal"},"content":{"rendered":"\n<p><\/p>\n\n\n\n<p>S\u00e3o documentos destinados \u00e0 <strong>publica\u00e7\u00e3o de atos administrativos<\/strong>, praticados pelo <strong>Reitor da UFPB<\/strong> e demais dirigentes das unidades organizacionais integrantes das estruturas da universidade.&nbsp;&nbsp;<\/p>\n\n\n\n<p>Os Boletins de Servi\u00e7os derivam de uma exig\u00eancia da <a href=\"http:\/\/www.planalto.gov.br\/ccivil_03\/leis\/1950-1969\/L4965.htm\">Lei 4.965, de 5 de maio de 1966<\/a>, a qual disp\u00f5e sobre a publica\u00e7\u00e3o dos atos relativos aos servidores p\u00fablicos civis do Poder Executivo.<\/p>\n\n\n\n<p>Segundo a lei, os atos administrativos somente ter\u00e3o validade jur\u00eddica mediante publica\u00e7\u00e3o:<\/p>\n\n\n\n<p>I &#8211; no Di\u00e1rio Oficial da Uni\u00e3o, quanto aos atos de provimento e vac\u00e2ncia de cargos ou fun\u00e7\u00f5es;<\/p>\n\n\n\n<p>II &#8211; no <strong>Boletim de Servi\u00e7o ou Boletim de Pessoal<\/strong>, quanto aos atos de concess\u00e3o de vantagens pecuni\u00e1rias previstas na legisla\u00e7\u00e3o em vigor.<\/p>\n\n\n\n<p>No \u00e2mbito da UFPB, os Boletins de Pessoal foram publicados de <strong>1968<\/strong> \u00e0 <strong>1972<\/strong>, quando passaram a ser publicados como Boletins de Servi\u00e7os. Essas publica\u00e7\u00f5es est\u00e3o sendo recuperadas e digitalizadas pelo Arquivo Central e disponibilizadas inicialmente a partir dos links abaixo:<\/p>\n\n\n\n<div class=\"wp-block-file\"><a id=\"wp-block-file--media-7a206b85-47da-4ea3-9145-70e5abae3941\" href=\"https:\/\/www.ufpb.br\/arquivocentral\/wp-content\/uploads\/sites\/79\/sites\/357\/2025\/09\/boletim-de-pessoal-15-01-68.pdf\" target=\"_blank\" rel=\"noreferrer noopener\">Boletim de Pessoal de 15\/01\/1968<\/a><a href=\"https:\/\/www.ufpb.br\/arquivocentral\/wp-content\/uploads\/sites\/79\/sites\/357\/2025\/09\/boletim-de-pessoal-15-01-68.pdf\" class=\"wp-block-file__button wp-element-button\" download aria-describedby=\"wp-block-file--media-7a206b85-47da-4ea3-9145-70e5abae3941\">Baixar<\/a><\/div>\n\n\n\n<div class=\"wp-block-file\"><a id=\"wp-block-file--media-f680d1e1-2338-4f18-8a1d-2377d5849a06\" href=\"https:\/\/www.ufpb.br\/arquivocentral\/wp-content\/uploads\/sites\/79\/sites\/357\/2025\/09\/boletim-30-01-68.pdf\" target=\"_blank\" rel=\"noreferrer noopener\">Boletim de Pessoal de 30\/01\/1968<\/a><a href=\"https:\/\/www.ufpb.br\/arquivocentral\/wp-content\/uploads\/sites\/79\/sites\/357\/2025\/09\/boletim-30-01-68.pdf\" class=\"wp-block-file__button wp-element-button\" download aria-describedby=\"wp-block-file--media-f680d1e1-2338-4f18-8a1d-2377d5849a06\">Baixar<\/a><\/div>\n\n\n\n<div class=\"wp-block-file\"><a id=\"wp-block-file--media-a96cfb55-60cc-4b4b-a57e-d70ab989b9eb\" href=\"https:\/\/www.ufpb.br\/arquivocentral\/wp-content\/uploads\/sites\/79\/sites\/357\/2025\/09\/boletim-15-02-68.pdf\" target=\"_blank\" rel=\"noreferrer noopener\">Boletim de Pessoal de 15\/02\/1968<\/a><a href=\"https:\/\/www.ufpb.br\/arquivocentral\/wp-content\/uploads\/sites\/79\/sites\/357\/2025\/09\/boletim-15-02-68.pdf\" class=\"wp-block-file__button wp-element-button\" download aria-describedby=\"wp-block-file--media-a96cfb55-60cc-4b4b-a57e-d70ab989b9eb\">Baixar<\/a><\/div>\n\n\n\n<div class=\"wp-block-file\"><a id=\"wp-block-file--media-b5364589-53e8-457a-86d5-de412d92f436\" href=\"https:\/\/www.ufpb.br\/arquivocentral\/wp-content\/uploads\/sites\/79\/sites\/357\/2025\/09\/boletim-04.pdf\" target=\"_blank\" rel=\"noreferrer noopener\">Boletim de Pessoal de 29\/02\/1968<\/a><a href=\"https:\/\/www.ufpb.br\/arquivocentral\/wp-content\/uploads\/sites\/79\/sites\/357\/2025\/09\/boletim-04.pdf\" class=\"wp-block-file__button wp-element-button\" download aria-describedby=\"wp-block-file--media-b5364589-53e8-457a-86d5-de412d92f436\">Baixar<\/a><\/div>\n\n\n\n<div class=\"wp-block-file\"><a id=\"wp-block-file--media-5b89258f-fe60-4190-9b47-96152da45650\" href=\"https:\/\/www.ufpb.br\/arquivocentral\/wp-content\/uploads\/sites\/79\/sites\/357\/2025\/09\/boletim-15-03-68.pdf\" target=\"_blank\" rel=\"noreferrer noopener\">Boletim de Pessoal de 15\/03\/1968<\/a><a href=\"https:\/\/www.ufpb.br\/arquivocentral\/wp-content\/uploads\/sites\/79\/sites\/357\/2025\/09\/boletim-15-03-68.pdf\" class=\"wp-block-file__button wp-element-button\" download aria-describedby=\"wp-block-file--media-5b89258f-fe60-4190-9b47-96152da45650\">Baixar<\/a><\/div>\n\n\n\n<div class=\"wp-block-file\"><a id=\"wp-block-file--media-557852e9-de51-46d9-a475-a43b959b56dd\" href=\"https:\/\/www.ufpb.br\/arquivocentral\/wp-content\/uploads\/sites\/79\/sites\/357\/2025\/09\/boletim-06.pdf\" target=\"_blank\" rel=\"noreferrer noopener\">Boletim de Pessoal de 30\/03\/1968<\/a><a href=\"https:\/\/www.ufpb.br\/arquivocentral\/wp-content\/uploads\/sites\/79\/sites\/357\/2025\/09\/boletim-06.pdf\" class=\"wp-block-file__button wp-element-button\" download aria-describedby=\"wp-block-file--media-557852e9-de51-46d9-a475-a43b959b56dd\">Baixar<\/a><\/div>\n\n\n\n<div class=\"wp-block-file\"><a id=\"wp-block-file--media-db07e598-e598-421a-87e9-f1888966334a\" href=\"https:\/\/www.ufpb.br\/arquivocentral\/wp-content\/uploads\/sites\/79\/sites\/357\/2025\/09\/boletim-08.pdf\" target=\"_blank\" rel=\"noreferrer noopener\">Boletim de Pessoal de 15\/04\/1968<\/a><a href=\"https:\/\/www.ufpb.br\/arquivocentral\/wp-content\/uploads\/sites\/79\/sites\/357\/2025\/09\/boletim-08.pdf\" class=\"wp-block-file__button wp-element-button\" download aria-describedby=\"wp-block-file--media-db07e598-e598-421a-87e9-f1888966334a\">Baixar<\/a><\/div>\n\n\n\n<div class=\"wp-block-file\"><a id=\"wp-block-file--media-426c3faa-c8a6-4666-931a-8e1697fe15eb\" href=\"https:\/\/www.ufpb.br\/arquivocentral\/wp-content\/uploads\/sites\/79\/sites\/357\/2025\/09\/boletim-09.pdf\" target=\"_blank\" rel=\"noreferrer noopener\">Boletim de Pessoal de 30\/04\/1968<\/a><a href=\"https:\/\/www.ufpb.br\/arquivocentral\/wp-content\/uploads\/sites\/79\/sites\/357\/2025\/09\/boletim-09.pdf\" class=\"wp-block-file__button wp-element-button\" download aria-describedby=\"wp-block-file--media-426c3faa-c8a6-4666-931a-8e1697fe15eb\">Baixar<\/a><\/div>\n\n\n\n<div class=\"wp-block-file\"><a id=\"wp-block-file--media-b407e0ba-54e9-40b3-a6d9-b7be14726d71\" href=\"https:\/\/www.ufpb.br\/arquivocentral\/wp-content\/uploads\/sites\/79\/sites\/357\/2025\/09\/boletim-10.pdf\" target=\"_blank\" rel=\"noreferrer noopener\">Boletim de Pessoal de 15\/05\/1968<\/a><a href=\"https:\/\/www.ufpb.br\/arquivocentral\/wp-content\/uploads\/sites\/79\/sites\/357\/2025\/09\/boletim-10.pdf\" class=\"wp-block-file__button wp-element-button\" download aria-describedby=\"wp-block-file--media-b407e0ba-54e9-40b3-a6d9-b7be14726d71\">Baixar<\/a><\/div>\n\n\n\n<p><\/p>\n","protected":false},"excerpt":{"rendered":"<p>S\u00e3o documentos destinados \u00e0 publica\u00e7\u00e3o de atos administrativos, praticados pelo Reitor da UFPB e demais [&hellip;]<\/p>\n","protected":false},"author":63,"featured_media":0,"parent":0,"menu_order":0,"comment_status":"closed","ping_status":"closed","template":"","meta":{"footnotes":""},"class_list":["post-91","page","type-page","status-publish","hentry"],"_links":{"self":[{"href":"https:\/\/www.ufpb.br\/arquivocentral\/wp-json\/wp\/v2\/pages\/91","targetHints":{"allow":["GET"]}}],"collection":[{"href":"https:\/\/www.ufpb.br\/arquivocentral\/wp-json\/wp\/v2\/pages"}],"about":[{"href":"https:\/\/www.ufpb.br\/arquivocentral\/wp-json\/wp\/v2\/types\/page"}],"author":[{"embeddable":true,"href":"https:\/\/www.ufpb.br\/arquivocentral\/wp-json\/wp\/v2\/users\/63"}],"replies":[{"embeddable":true,"href":"https:\/\/www.ufpb.br\/arquivocentral\/wp-json\/wp\/v2\/comments?post=91"}],"version-history":[{"count":6,"href":"https:\/\/www.ufpb.br\/arquivocentral\/wp-json\/wp\/v2\/pages\/91\/revisions"}],"predecessor-version":[{"id":288,"href":"https:\/\/www.ufpb.br\/arquivocentral\/wp-json\/wp\/v2\/pages\/91\/revisions\/288"}],"wp:attachment":[{"href":"https:\/\/www.ufpb.br\/arquivocentral\/wp-json\/wp\/v2\/media?parent=91"}],"curies":[{"name":"wp","href":"https:\/\/api.w.org\/{rel}","templated":true}]}}