{"id":523,"date":"2025-07-24T15:36:37","date_gmt":"2025-07-24T18:36:37","guid":{"rendered":"https:\/\/www.ufpb.br\/cehi\/?page_id=523"},"modified":"2026-01-07T14:13:21","modified_gmt":"2026-01-07T17:13:21","slug":"manuais-fotografias","status":"publish","type":"page","link":"https:\/\/www.ufpb.br\/cehi\/manuais-fotografias\/","title":{"rendered":"MANUAL DE ORIENTA\u00c7\u00d5ES PARA VALIDA\u00c7\u00c3O DE FOTOGRAFIAS DIGITAIS DOS CONVOCADOS NAS VAGAS DE AUTODECLARADOS PRETOS OU PARDOS"},"content":{"rendered":"\n<p>Durante o processo de cadastramento dos(as) candidatos(as) aprovados(as), \u00e9 comum o surgimento de d\u00favidas quanto ao <strong>procedimento de heteroidentifica\u00e7\u00e3o<\/strong> exigido para aqueles que concorrem \u00e0s <strong>vagas reservadas a pessoas autodeclaradas pretas ou pardas<\/strong>.<\/p>\n\n\n\n<p>Com o objetivo de orientar e padronizar o envio da documenta\u00e7\u00e3o, apresentamos as <strong>especifica\u00e7\u00f5es das fotografias digitais<\/strong> que dever\u00e3o ser enviadas <strong>no momento do cadastramento<\/strong>, para fins de an\u00e1lise pela <strong>Comiss\u00e3o Institucional de Heteroidentifica\u00e7\u00e3o<\/strong>.<\/p>\n\n\n\n<p><strong>As<\/strong> <strong>cinco (05) fotografias digitais<\/strong> dever\u00e3o ser registradas no <strong>tamanho 5cm x 7cm (ou superior)<\/strong>, com a c\u00e2mera na <strong>posi\u00e7\u00e3o retrato (na vertical)<\/strong>, e devem ser <strong>coloridas<\/strong>, individuais, em formato <strong>JPG, JPEG ou PNG<\/strong>, com boa resolu\u00e7\u00e3o, a serem convertidas ao <strong>formato PDF<\/strong>, em <strong>arquivo \u00fanico. (<mark style=\"background-color:#fcb900\" class=\"has-inline-color has-black-color\">verificar o edital de cadastramento<\/mark><\/strong>)<\/p>\n\n\n\n<p>A seguir, est\u00e3o descritas as instru\u00e7\u00f5es e tipos de fotografias exigidas.<\/p>\n\n\n\n<p><strong>1) A primeira fotografia <\/strong>dever\u00e1 ser <strong>frontal<\/strong>, com o(a) candidato(a) segurando o documento de identidade oficial com foto pr\u00f3ximo \u00e0 lateral do rosto; enquadrar a foto da altura um pouco acima da cabe\u00e7a at\u00e9 a metade do tronco. O fundo dever\u00e1 ser branco ou neutro, sem objetos atr\u00e1s e contra a luz:<\/p>\n\n\n\n<figure class=\"wp-block-image size-large\"><img loading=\"lazy\" decoding=\"async\" width=\"1024\" height=\"779\" src=\"http:\/\/www.ufpb.br\/cehi\/wp-content\/uploads\/sites\/79\/sites\/176\/2025\/07\/frontal-documento-identificacao-1024x779.jpeg\" alt=\"\" class=\"wp-image-530\" srcset=\"https:\/\/www.ufpb.br\/cehi\/wp-content\/uploads\/sites\/79\/sites\/176\/2025\/07\/frontal-documento-identificacao-1024x779.jpeg 1024w, https:\/\/www.ufpb.br\/cehi\/wp-content\/uploads\/sites\/79\/sites\/176\/2025\/07\/frontal-documento-identificacao-300x228.jpeg 300w, https:\/\/www.ufpb.br\/cehi\/wp-content\/uploads\/sites\/79\/sites\/176\/2025\/07\/frontal-documento-identificacao-768x584.jpeg 768w, https:\/\/www.ufpb.br\/cehi\/wp-content\/uploads\/sites\/79\/sites\/176\/2025\/07\/frontal-documento-identificacao-1536x1168.jpeg 1536w, https:\/\/www.ufpb.br\/cehi\/wp-content\/uploads\/sites\/79\/sites\/176\/2025\/07\/frontal-documento-identificacao.jpeg 2000w\" sizes=\"auto, (max-width: 1024px) 100vw, 1024px\" \/><\/figure>\n\n\n\n<p><\/p>\n\n\n\n<p><strong>2)<\/strong>&nbsp; No <strong>segundo registro<\/strong>, o(a) candidato(a) dever\u00e1 ser fotografado(a) exibindo o <strong>perfil direito do seu rosto<\/strong>, para que a bochecha seja observada. O\/a candidato\/a dever\u00e1 esbo\u00e7ar um sorriso e efetuar o registro fotogr\u00e1fico. O fundo dever\u00e1 ser branco ou neutro, sem objetos atr\u00e1s e contra a luz:<\/p>\n\n\n\n<figure class=\"wp-block-image size-large\"><img loading=\"lazy\" decoding=\"async\" width=\"1024\" height=\"768\" src=\"http:\/\/www.ufpb.br\/cehi\/wp-content\/uploads\/sites\/79\/sites\/176\/2025\/07\/perfil-direito-1024x768.jpeg\" alt=\"\" class=\"wp-image-531\" srcset=\"https:\/\/www.ufpb.br\/cehi\/wp-content\/uploads\/sites\/79\/sites\/176\/2025\/07\/perfil-direito-1024x768.jpeg 1024w, https:\/\/www.ufpb.br\/cehi\/wp-content\/uploads\/sites\/79\/sites\/176\/2025\/07\/perfil-direito-300x225.jpeg 300w, https:\/\/www.ufpb.br\/cehi\/wp-content\/uploads\/sites\/79\/sites\/176\/2025\/07\/perfil-direito-768x576.jpeg 768w, https:\/\/www.ufpb.br\/cehi\/wp-content\/uploads\/sites\/79\/sites\/176\/2025\/07\/perfil-direito-1536x1152.jpeg 1536w, https:\/\/www.ufpb.br\/cehi\/wp-content\/uploads\/sites\/79\/sites\/176\/2025\/07\/perfil-direito.jpeg 2000w\" sizes=\"auto, (max-width: 1024px) 100vw, 1024px\" \/><\/figure>\n\n\n\n<p><\/p>\n\n\n\n<p><strong>3)<\/strong>&nbsp; No <strong>terceiro registro<\/strong>, o(a) candidato(a) dever\u00e1 ser fotografado(a) exibindo o <strong>perfil esquerdo do seu rosto<\/strong>, para que a bochecha seja observada. O\/a candidato\/a dever\u00e1 esbo\u00e7ar um sorriso e realizar o registro fotogr\u00e1fico. O fundo dever\u00e1 ser branco ou neutro, sem objetos atr\u00e1s e contra a luz:<\/p>\n\n\n\n<figure class=\"wp-block-image size-large\"><img loading=\"lazy\" decoding=\"async\" width=\"1024\" height=\"768\" src=\"http:\/\/www.ufpb.br\/cehi\/wp-content\/uploads\/sites\/79\/sites\/176\/2025\/07\/perfil-esquerdo-1024x768.jpeg\" alt=\"\" class=\"wp-image-532\" srcset=\"https:\/\/www.ufpb.br\/cehi\/wp-content\/uploads\/sites\/79\/sites\/176\/2025\/07\/perfil-esquerdo-1024x768.jpeg 1024w, https:\/\/www.ufpb.br\/cehi\/wp-content\/uploads\/sites\/79\/sites\/176\/2025\/07\/perfil-esquerdo-300x225.jpeg 300w, https:\/\/www.ufpb.br\/cehi\/wp-content\/uploads\/sites\/79\/sites\/176\/2025\/07\/perfil-esquerdo-768x576.jpeg 768w, https:\/\/www.ufpb.br\/cehi\/wp-content\/uploads\/sites\/79\/sites\/176\/2025\/07\/perfil-esquerdo-1536x1152.jpeg 1536w, https:\/\/www.ufpb.br\/cehi\/wp-content\/uploads\/sites\/79\/sites\/176\/2025\/07\/perfil-esquerdo.jpeg 2000w\" sizes=\"auto, (max-width: 1024px) 100vw, 1024px\" \/><\/figure>\n\n\n\n<p><\/p>\n\n\n\n<p><strong>4)<\/strong>\u00a0 No <strong>quarto registro<\/strong>, o(a) candidato(a) dever\u00e1 colocar <strong>uma das<\/strong> <strong>m\u00e3os aberta<\/strong> sobre um fundo que deve ser branco ou neutro, e efetuar o registro fotogr\u00e1fico da palma desta m\u00e3o para obter um registro n\u00edtido das pregas palmares. A fotografia deve mostrar a m\u00e3o inteira, bem como as duas primeiras linhas da base do pulso.<\/p>\n\n\n\n<figure class=\"wp-block-image size-large\"><img loading=\"lazy\" decoding=\"async\" width=\"1024\" height=\"768\" src=\"http:\/\/www.ufpb.br\/cehi\/wp-content\/uploads\/sites\/79\/sites\/176\/2025\/07\/mao-direita-palma-1024x768.jpeg\" alt=\"\" class=\"wp-image-533\" srcset=\"https:\/\/www.ufpb.br\/cehi\/wp-content\/uploads\/sites\/79\/sites\/176\/2025\/07\/mao-direita-palma-1024x768.jpeg 1024w, https:\/\/www.ufpb.br\/cehi\/wp-content\/uploads\/sites\/79\/sites\/176\/2025\/07\/mao-direita-palma-300x225.jpeg 300w, https:\/\/www.ufpb.br\/cehi\/wp-content\/uploads\/sites\/79\/sites\/176\/2025\/07\/mao-direita-palma-768x576.jpeg 768w, https:\/\/www.ufpb.br\/cehi\/wp-content\/uploads\/sites\/79\/sites\/176\/2025\/07\/mao-direita-palma-1536x1152.jpeg 1536w, https:\/\/www.ufpb.br\/cehi\/wp-content\/uploads\/sites\/79\/sites\/176\/2025\/07\/mao-direita-palma.jpeg 2000w\" sizes=\"auto, (max-width: 1024px) 100vw, 1024px\" \/><\/figure>\n\n\n\n<p><\/p>\n\n\n\n<p><\/p>\n\n\n\n<p>5)\u00a0 No <strong>quinto registro<\/strong>, o(a) candidato(a) dever\u00e1 colocar <strong>uma das m\u00e3os aberta<\/strong> sobre um fundo que deve ser branco ou neutro, e efetuar o registro fotogr\u00e1fico do dorso desta m\u00e3o para obter um registro n\u00edtido das linhas dorsais. A fotografia deve mostrar a m\u00e3o inteira a partir da base do pulso:<\/p>\n\n\n\n<figure class=\"wp-block-image size-large\"><img loading=\"lazy\" decoding=\"async\" width=\"1024\" height=\"951\" src=\"http:\/\/www.ufpb.br\/cehi\/wp-content\/uploads\/sites\/79\/sites\/176\/2025\/07\/mao-direita-dorso-1-1024x951.jpeg\" alt=\"\" class=\"wp-image-536\" srcset=\"https:\/\/www.ufpb.br\/cehi\/wp-content\/uploads\/sites\/79\/sites\/176\/2025\/07\/mao-direita-dorso-1-1024x951.jpeg 1024w, https:\/\/www.ufpb.br\/cehi\/wp-content\/uploads\/sites\/79\/sites\/176\/2025\/07\/mao-direita-dorso-1-300x279.jpeg 300w, https:\/\/www.ufpb.br\/cehi\/wp-content\/uploads\/sites\/79\/sites\/176\/2025\/07\/mao-direita-dorso-1-768x713.jpeg 768w, https:\/\/www.ufpb.br\/cehi\/wp-content\/uploads\/sites\/79\/sites\/176\/2025\/07\/mao-direita-dorso-1-1536x1427.jpeg 1536w, https:\/\/www.ufpb.br\/cehi\/wp-content\/uploads\/sites\/79\/sites\/176\/2025\/07\/mao-direita-dorso-1.jpeg 1600w\" sizes=\"auto, (max-width: 1024px) 100vw, 1024px\" \/><\/figure>\n\n\n\n<p><\/p>\n","protected":false},"excerpt":{"rendered":"<p>Durante o processo de cadastramento dos(as) candidatos(as) aprovados(as), \u00e9 comum o surgimento de d\u00favidas quanto ao procedimento de heteroidentifica\u00e7\u00e3o exigido para aqueles que concorrem \u00e0s vagas reservadas a pessoas autodeclaradas pretas ou pardas. Com o objetivo de orientar e padronizar o envio da documenta\u00e7\u00e3o, apresentamos as especifica\u00e7\u00f5es das fotografias digitais que dever\u00e3o ser enviadas no [&hellip;]<\/p>\n","protected":false},"author":239,"featured_media":0,"parent":0,"menu_order":0,"comment_status":"closed","ping_status":"closed","template":"","meta":{"footnotes":""},"class_list":["post-523","page","type-page","status-publish","hentry"],"_links":{"self":[{"href":"https:\/\/www.ufpb.br\/cehi\/wp-json\/wp\/v2\/pages\/523","targetHints":{"allow":["GET"]}}],"collection":[{"href":"https:\/\/www.ufpb.br\/cehi\/wp-json\/wp\/v2\/pages"}],"about":[{"href":"https:\/\/www.ufpb.br\/cehi\/wp-json\/wp\/v2\/types\/page"}],"author":[{"embeddable":true,"href":"https:\/\/www.ufpb.br\/cehi\/wp-json\/wp\/v2\/users\/239"}],"replies":[{"embeddable":true,"href":"https:\/\/www.ufpb.br\/cehi\/wp-json\/wp\/v2\/comments?post=523"}],"version-history":[{"count":7,"href":"https:\/\/www.ufpb.br\/cehi\/wp-json\/wp\/v2\/pages\/523\/revisions"}],"predecessor-version":[{"id":682,"href":"https:\/\/www.ufpb.br\/cehi\/wp-json\/wp\/v2\/pages\/523\/revisions\/682"}],"wp:attachment":[{"href":"https:\/\/www.ufpb.br\/cehi\/wp-json\/wp\/v2\/media?parent=523"}],"curies":[{"name":"wp","href":"https:\/\/api.w.org\/{rel}","templated":true}]}}