{"id":66,"date":"2024-05-10T14:01:37","date_gmt":"2024-05-10T14:01:37","guid":{"rendered":"https:\/\/www.ufpb.br\/cehi\/?page_id=66"},"modified":"2025-02-05T08:45:31","modified_gmt":"2025-02-05T11:45:31","slug":"noticias","status":"publish","type":"page","link":"https:\/\/www.ufpb.br\/cehi\/noticias\/","title":{"rendered":"Not\u00edcias"},"content":{"rendered":"\n<p class=\"has-text-align-left\">Confira os cursos de capacita\u00e7\u00e3o ofericidos pela Enap &#8211; Escola Nacional de Administra\u00e7\u00e3o P\u00fablica<br><br>Se voc\u00ea for quer participar de bancas de heteroidentifica\u00e7\u00e3o e quer participar de forma isenta de estere\u00f3tipos e preconceitos, este curso o ajudar\u00e1 a compreender o disposto na legisla\u00e7\u00e3o sobre cotas racial, a composi\u00e7\u00e3o e o funcionamento das comiss\u00f5es de heteroidentifica\u00e7\u00e3o, a Enape<br><br>Link: <a href=\"https:\/\/suap.enap.gov.br\/vitrine\/curso\/2254\/\">https:\/\/suap.enap.gov.br\/vitrine\/curso\/2254\/<\/a><\/p>\n\n\n\n<p><\/p>\n","protected":false},"excerpt":{"rendered":"<p>Confira os cursos de capacita\u00e7\u00e3o ofericidos pela Enap &#8211; Escola Nacional de Administra\u00e7\u00e3o P\u00fablica Se voc\u00ea for quer participar de bancas de heteroidentifica\u00e7\u00e3o e quer participar de forma isenta de estere\u00f3tipos e preconceitos, este curso o ajudar\u00e1 a compreender o disposto na legisla\u00e7\u00e3o sobre cotas racial, a composi\u00e7\u00e3o e o funcionamento das comiss\u00f5es de heteroidentifica\u00e7\u00e3o, [&hellip;]<\/p>\n","protected":false},"author":63,"featured_media":0,"parent":0,"menu_order":0,"comment_status":"closed","ping_status":"closed","template":"","meta":{"footnotes":""},"class_list":["post-66","page","type-page","status-publish","hentry"],"_links":{"self":[{"href":"https:\/\/www.ufpb.br\/cehi\/wp-json\/wp\/v2\/pages\/66","targetHints":{"allow":["GET"]}}],"collection":[{"href":"https:\/\/www.ufpb.br\/cehi\/wp-json\/wp\/v2\/pages"}],"about":[{"href":"https:\/\/www.ufpb.br\/cehi\/wp-json\/wp\/v2\/types\/page"}],"author":[{"embeddable":true,"href":"https:\/\/www.ufpb.br\/cehi\/wp-json\/wp\/v2\/users\/63"}],"replies":[{"embeddable":true,"href":"https:\/\/www.ufpb.br\/cehi\/wp-json\/wp\/v2\/comments?post=66"}],"version-history":[{"count":4,"href":"https:\/\/www.ufpb.br\/cehi\/wp-json\/wp\/v2\/pages\/66\/revisions"}],"predecessor-version":[{"id":386,"href":"https:\/\/www.ufpb.br\/cehi\/wp-json\/wp\/v2\/pages\/66\/revisions\/386"}],"wp:attachment":[{"href":"https:\/\/www.ufpb.br\/cehi\/wp-json\/wp\/v2\/media?parent=66"}],"curies":[{"name":"wp","href":"https:\/\/api.w.org\/{rel}","templated":true}]}}