{"id":161,"date":"2025-09-09T16:58:30","date_gmt":"2025-09-09T19:58:30","guid":{"rendered":"https:\/\/www.ufpb.br\/cga\/?page_id=161"},"modified":"2026-04-24T15:12:50","modified_gmt":"2026-04-24T18:12:50","slug":"areas-verdes","status":"publish","type":"page","link":"https:\/\/www.ufpb.br\/cga\/areas-verdes\/","title":{"rendered":"CASA &#8211; Comiss\u00e3o de Arboriza\u00e7\u00e3o e Seguran\u00e7a Ambiental"},"content":{"rendered":"<div class=\"wp-block-image\">\n<figure class=\"aligncenter size-full is-resized\"><img loading=\"lazy\" decoding=\"async\" width=\"431\" height=\"410\" src=\"http:\/\/www.ufpb.br\/cga\/wp-content\/uploads\/sites\/79\/sites\/365\/2025\/10\/Logo-CASA.png\" alt=\"\" class=\"wp-image-795\" style=\"aspect-ratio:1.0512234164189345;width:479px;height:auto\" srcset=\"https:\/\/www.ufpb.br\/cga\/wp-content\/uploads\/sites\/79\/sites\/365\/2025\/10\/Logo-CASA.png 431w, https:\/\/www.ufpb.br\/cga\/wp-content\/uploads\/sites\/79\/sites\/365\/2025\/10\/Logo-CASA-300x285.png 300w\" sizes=\"auto, (max-width: 431px) 100vw, 431px\" \/><\/figure>\n<\/div>\n\n\n<p class=\"has-medium-font-size\">A UFPB, com seus diversos campi, abriga uma variedade de esp\u00e9cies arb\u00f3reas. Em Jo\u00e3o Pessoa (Campus I)&nbsp; temos v\u00e1rios fragmentos de mata conservados dentro de nossa universidade e \u00e1reas ainda maiores em outras cidades como Areia, Bananeiras, Mamanguape e Rio Tinto, contribuindo para a diversidade de fauna e flora.&nbsp;<\/p>\n\n\n\n<p>O Minist\u00e9rio do Meio Ambiente (MMA) observa que as \u00e1reas verdes correspondem a espa\u00e7os com relevante cobertura vegetal, que propicia aos visitantes a agrad\u00e1vel sensa\u00e7\u00e3o de bem-estar, devido \u00e0 presen\u00e7a da natureza. A mata da UFPB, no campus I, certamente se insere nesse contexto, pois possibilita aqueles que trabalham na Universidade ou a visitam est\u00e3o em um contexto de imers\u00e3o numa \u00e1rea de vegeta\u00e7\u00e3o circundante ao \u201cconcreto\u201d da cidade de Jo\u00e3o Pessoa  com a mata da UFPB.<\/p>\n\n\n\n<figure class=\"wp-block-image size-large is-resized\"><img loading=\"lazy\" decoding=\"async\" width=\"1024\" height=\"728\" src=\"https:\/\/www.ufpb.br\/cga\/wp-content\/uploads\/sites\/79\/sites\/365\/2026\/04\/image-32-1024x728.png\" alt=\"\" class=\"wp-image-2026\" style=\"aspect-ratio:1.407077279614939;width:715px;height:auto\" srcset=\"https:\/\/www.ufpb.br\/cga\/wp-content\/uploads\/sites\/79\/sites\/365\/2026\/04\/image-32-1024x728.png 1024w, https:\/\/www.ufpb.br\/cga\/wp-content\/uploads\/sites\/79\/sites\/365\/2026\/04\/image-32-300x213.png 300w, https:\/\/www.ufpb.br\/cga\/wp-content\/uploads\/sites\/79\/sites\/365\/2026\/04\/image-32-768x546.png 768w, https:\/\/www.ufpb.br\/cga\/wp-content\/uploads\/sites\/79\/sites\/365\/2026\/04\/image-32.png 1158w\" sizes=\"auto, (max-width: 1024px) 100vw, 1024px\" \/><\/figure>\n\n\n\n<p><\/p>\n\n\n\n<p class=\"has-medium-font-size\">Compete \u00e0 Comiss\u00e3o de Arboriza\u00e7\u00e3o e Seguran\u00e7a Ambiental:<\/p>\n\n\n\n<ul class=\"wp-block-list\">\n<li class=\"has-medium-font-size\">monitorar o estado de sa\u00fade das \u00e1rvores e intervir quando necess\u00e1rio para evitar riscos \u00e0 comunidade acad\u00eamica;<\/li>\n\n\n\n<li class=\"has-medium-font-size\">avaliar monitorar e tomar decis\u00f5es sobre \u00e1rvores com risco de queda ou outros danos \u00e0 seguran\u00e7a da comunidade acad\u00eamica; <\/li>\n\n\n\n<li class=\"has-medium-font-size\">diagnosticar o estado de risco das \u00e1rvores e implementar medidas de prote\u00e7\u00e3o ou remo\u00e7\u00e3o conforme a gravidade.<\/li>\n<\/ul>\n\n\n<div class=\"wp-block-image\">\n<figure class=\"aligncenter size-large is-resized\"><img loading=\"lazy\" decoding=\"async\" width=\"768\" height=\"1024\" src=\"https:\/\/www.ufpb.br\/cga\/wp-content\/uploads\/sites\/79\/sites\/365\/2025\/09\/WhatsApp-Image-2025-09-15-at-15.03.25-768x1024.jpeg\" alt=\"\" class=\"wp-image-329\" style=\"aspect-ratio:0.7500304148586723;width:289px;height:auto\" srcset=\"https:\/\/www.ufpb.br\/cga\/wp-content\/uploads\/sites\/79\/sites\/365\/2025\/09\/WhatsApp-Image-2025-09-15-at-15.03.25-768x1024.jpeg 768w, https:\/\/www.ufpb.br\/cga\/wp-content\/uploads\/sites\/79\/sites\/365\/2025\/09\/WhatsApp-Image-2025-09-15-at-15.03.25-225x300.jpeg 225w, https:\/\/www.ufpb.br\/cga\/wp-content\/uploads\/sites\/79\/sites\/365\/2025\/09\/WhatsApp-Image-2025-09-15-at-15.03.25.jpeg 960w\" sizes=\"auto, (max-width: 768px) 100vw, 768px\" \/><\/figure>\n<\/div>\n\n\n<div class=\"wp-block-media-text is-stacked-on-mobile\" style=\"grid-template-columns:41% auto\"><figure class=\"wp-block-media-text__media\"><img loading=\"lazy\" decoding=\"async\" width=\"776\" height=\"1024\" src=\"http:\/\/www.ufpb.br\/cga\/wp-content\/uploads\/sites\/79\/sites\/365\/2025\/09\/WhatsApp-Image-2025-09-11-at-13.25.43-776x1024.jpeg\" alt=\"\" class=\"wp-image-330 size-full\" srcset=\"https:\/\/www.ufpb.br\/cga\/wp-content\/uploads\/sites\/79\/sites\/365\/2025\/09\/WhatsApp-Image-2025-09-11-at-13.25.43-776x1024.jpeg 776w, https:\/\/www.ufpb.br\/cga\/wp-content\/uploads\/sites\/79\/sites\/365\/2025\/09\/WhatsApp-Image-2025-09-11-at-13.25.43-227x300.jpeg 227w, https:\/\/www.ufpb.br\/cga\/wp-content\/uploads\/sites\/79\/sites\/365\/2025\/09\/WhatsApp-Image-2025-09-11-at-13.25.43-768x1014.jpeg 768w, https:\/\/www.ufpb.br\/cga\/wp-content\/uploads\/sites\/79\/sites\/365\/2025\/09\/WhatsApp-Image-2025-09-11-at-13.25.43.jpeg 1080w\" sizes=\"auto, (max-width: 776px) 100vw, 776px\" \/><\/figure><div class=\"wp-block-media-text__content\">\n<p class=\"has-medium-font-size\">    Nos per\u00edodos de chuvas e ventos fortes o cuidado se intensifica. Com o solo \u00famido, os ventos e o peso dos galhos molhados, as raizes perdem sustenta\u00e7\u00e3o e, a depender da \u00e1rvore e sua sanidade, podem ocorrer quedas de galhos e at\u00e9 de \u00e1rvores inteiras.<\/p>\n\n\n\n<p class=\"has-medium-font-size\">Nesses per\u00edodos, principalmente, n\u00f3s da CGA enfatizamos as campanhas de cuidados e conscientiza\u00e7\u00e3o, no campus e nas m\u00eddias sociais como o nosso <a href=\"https:\/\/www.instagram.com\/p\/DM8LZg1xGym\/?img_index=1\">instagram<\/a>.<\/p>\n<\/div><\/div>\n\n\n\n<p class=\"has-medium-font-size\"><br>Apoiamos preojetos e a\u00e7\u00f5es que fa\u00e7am plantios de \u00e1rvores nos campi, contudo, \u00e9 fundamental a utiliza\u00e7\u00e3o de esp\u00e9cies nativas. As \u00e1rvores nativas s\u00e3o geralmente mais adaptadas \u00e0s condi\u00e7\u00f5es locais, demandando menos cuidados e apresentando maior resist\u00eancia a fatores adversos. Al\u00e9m disso, elas desempenham um papel importante na conserva\u00e7\u00e3o da biodiversidade, oferecendo habitat e alimento para a fauna local. A utiliza\u00e7\u00e3o de esp\u00e9cies nativas da regi\u00e3o \u00e9 essencial para garantir o sucesso dos projetos de arboriza\u00e7\u00e3o urbana, uma vez que as esp\u00e9cies nativas locais s\u00e3o adaptadas \u00e0s condi\u00e7\u00f5es de clima e solo da regi\u00e3o.<\/p>\n\n\n\n<p class=\"has-medium-font-size\"><br> Os membros que comp\u00f5em a comiss\u00e3o de arboriza\u00e7\u00e3o e seguran\u00e7a ambiental da UFPB:<\/p>\n\n\n\n<ul class=\"wp-block-list\">\n<li class=\"has-medium-font-size\">Rivete Silva de Lima &#8211; <em>DSE\/CCEN<\/em><\/li>\n\n\n\n<li class=\"has-medium-font-size\">Rubens Teixeira de Queiroz &#8211; <em>DSE\/CCEN<\/em><\/li>\n\n\n\n<li class=\"has-medium-font-size\">Juliana Lovo &#8211; <em>DSE\/CCEN<\/em><\/li>\n\n\n\n<li class=\"has-medium-font-size\">Fernando Ferreira de Moraes &#8211; <em>DSE\/CCEN<\/em><\/li>\n\n\n\n<li class=\"has-medium-font-size\">Cl\u00e1udia de Oliveira Cunha &#8211; <em>DQ\/CCEN<\/em><\/li>\n\n\n\n<li class=\"has-medium-font-size\">Diogo Danilo de Souza Freitas &#8211; <em>GSG<\/em><\/li>\n<\/ul>\n\n\n\n<p class=\"has-medium-font-size\">Para conhecer melhor o assunto, existem v\u00e1rios manuais de arboriza\u00e7\u00e3o urbana dispon\u00edveis na internet, como o &#8220;<a href=\"https:\/\/www.confea.org.br\/midias\/uploads-imce\/Manual%20de%20Boas%20Praticas%20de%20Arboriza%C3%A7%C3%A3o.pdf\">Manual de Boas Pr\u00e1ticas na Arboriza\u00e7\u00e3o Urbana&#8221; do CONFEA<\/a>, o &#8220;<a href=\"https:\/\/www.infoteca.cnptia.embrapa.br\/bitstream\/doc\/942537\/1\/2013SergioAManualPMARB.pdf\">Manual para Elabora\u00e7\u00e3o do Plano Municipal de Arboriza\u00e7\u00e3o Urbana&#8221; da Embrapa<\/a> e manuais municipais espec\u00edficos, como o <a href=\"http:\/\/ww3.belem.pa.gov.br\/www\/wp-content\/uploads\/Manual-de-Arboriza%C3%A7%C3%A3o-de-Bel%C3%A9m.pdf\">Manual de Orienta\u00e7\u00e3o T\u00e9cnica da Arboriza\u00e7\u00e3o Urbana de Bel\u00e9m<\/a>, assim como o da&nbsp;<a href=\"https:\/\/planodiretor.joaopessoa.pb.gov.br\/wp-content\/uploads\/2025\/04\/Manual-de-Arborizacao-Urbana-de-JP-2023.pdf\">Manual de arboriza\u00e7\u00e3o da Prefeitura de Jo\u00e3o Pessoa.<\/a>&nbsp;Esses documentos fornecem diretrizes para o planejamento, plantio e manejo de \u00e1rvores em cidades, incluindo a escolha de esp\u00e9cies adequadas, as dist\u00e2ncias de seguran\u00e7a de redes el\u00e9tricas e constru\u00e7\u00f5es, e cuidados como poda e manuten\u00e7\u00e3o.&nbsp;<\/p>\n\n\n\n<hr class=\"wp-block-separator has-alpha-channel-opacity\" \/>\n\n\n\n<p><\/p>\n\n\n\n<p class=\"has-text-align-center has-large-font-size\"><strong>\u201cO homem que planta uma \u00e1rvore sabendo que nunca ir\u00e1 se sentar na sombra dela, come\u00e7ou a entender o sentido da vida..\u201d<\/strong><\/p>\n\n\n<div class=\"wp-block-image\">\n<figure class=\"aligncenter size-full is-resized\"><img loading=\"lazy\" decoding=\"async\" width=\"82\" height=\"103\" src=\"http:\/\/www.ufpb.br\/cga\/wp-content\/uploads\/sites\/79\/sites\/365\/2026\/04\/Icone-verde.png\" alt=\"\" class=\"wp-image-1909\" style=\"aspect-ratio:0.796206373292868;width:177px;height:auto\" \/><\/figure>\n<\/div>","protected":false},"excerpt":{"rendered":"<p>A UFPB, com seus diversos campi, abriga uma variedade de esp\u00e9cies arb\u00f3reas. Em Jo\u00e3o Pessoa [&hellip;]<\/p>\n","protected":false},"author":47,"featured_media":0,"parent":0,"menu_order":0,"comment_status":"closed","ping_status":"closed","template":"","meta":{"footnotes":""},"class_list":["post-161","page","type-page","status-publish","hentry"],"_links":{"self":[{"href":"https:\/\/www.ufpb.br\/cga\/wp-json\/wp\/v2\/pages\/161","targetHints":{"allow":["GET"]}}],"collection":[{"href":"https:\/\/www.ufpb.br\/cga\/wp-json\/wp\/v2\/pages"}],"about":[{"href":"https:\/\/www.ufpb.br\/cga\/wp-json\/wp\/v2\/types\/page"}],"author":[{"embeddable":true,"href":"https:\/\/www.ufpb.br\/cga\/wp-json\/wp\/v2\/users\/47"}],"replies":[{"embeddable":true,"href":"https:\/\/www.ufpb.br\/cga\/wp-json\/wp\/v2\/comments?post=161"}],"version-history":[{"count":17,"href":"https:\/\/www.ufpb.br\/cga\/wp-json\/wp\/v2\/pages\/161\/revisions"}],"predecessor-version":[{"id":2030,"href":"https:\/\/www.ufpb.br\/cga\/wp-json\/wp\/v2\/pages\/161\/revisions\/2030"}],"wp:attachment":[{"href":"https:\/\/www.ufpb.br\/cga\/wp-json\/wp\/v2\/media?parent=161"}],"curies":[{"name":"wp","href":"https:\/\/api.w.org\/{rel}","templated":true}]}}

CASA &#8211; Comissão de Arborização e Segurança Ambiental

<div class="wp-block-image">
<figure class="aligncenter size-full is-resized"><img loading="lazy" decoding="async" width="431" height="410" src="http://www.ufpb.br/cga/wp-content/uploads/sites/79/sites/365/2025/10/Logo-CASA.png" alt="" class="wp-image-795" style="aspect-ratio:1.0512234164189345;width:479px;height:auto" srcset="https://www.ufpb.br/cga/wp-content/uploads/sites/79/sites/365/2025/10/Logo-CASA.png 431w, https://www.ufpb.br/cga/wp-content/uploads/sites/79/sites/365/2025/10/Logo-CASA-300x285.png 300w" sizes="auto, (max-width: 431px) 100vw, 431px" /></figure>
</div>


<p class="has-medium-font-size">A UFPB, com seus diversos campi, abriga uma variedade de espécies arbóreas. Em João Pessoa (Campus I)&nbsp; temos vários fragmentos de mata conservados dentro de nossa universidade e áreas ainda maiores em outras cidades como Areia, Bananeiras, Mamanguape e Rio Tinto, contribuindo para a diversidade de fauna e flora.&nbsp;</p>



<p>O Ministério do Meio Ambiente (MMA) observa que as áreas verdes correspondem a espaços com relevante cobertura vegetal, que propicia aos visitantes a agradável sensação de bem-estar, devido à presença da natureza. A mata da UFPB, no campus I, certamente se insere nesse contexto, pois possibilita aqueles que trabalham na Universidade ou a visitam estão em um contexto de imersão numa área de vegetação circundante ao “concreto” da cidade de João Pessoa  com a mata da UFPB.</p>



<figure class="wp-block-image size-large is-resized"><img loading="lazy" decoding="async" width="1024" height="728" src="https://www.ufpb.br/cga/wp-content/uploads/sites/79/sites/365/2026/04/image-32-1024x728.png" alt="" class="wp-image-2026" style="aspect-ratio:1.407077279614939;width:715px;height:auto" srcset="https://www.ufpb.br/cga/wp-content/uploads/sites/79/sites/365/2026/04/image-32-1024x728.png 1024w, https://www.ufpb.br/cga/wp-content/uploads/sites/79/sites/365/2026/04/image-32-300x213.png 300w, https://www.ufpb.br/cga/wp-content/uploads/sites/79/sites/365/2026/04/image-32-768x546.png 768w, https://www.ufpb.br/cga/wp-content/uploads/sites/79/sites/365/2026/04/image-32.png 1158w" sizes="auto, (max-width: 1024px) 100vw, 1024px" /></figure>



<p></p>



<p class="has-medium-font-size">Compete à Comissão de Arborização e Segurança Ambiental:</p>



<ul class="wp-block-list">
<li class="has-medium-font-size">monitorar o estado de saúde das árvores e intervir quando necessário para evitar riscos à comunidade acadêmica;</li>



<li class="has-medium-font-size">avaliar monitorar e tomar decisões sobre árvores com risco de queda ou outros danos à segurança da comunidade acadêmica; </li>



<li class="has-medium-font-size">diagnosticar o estado de risco das árvores e implementar medidas de proteção ou remoção conforme a gravidade.</li>
</ul>


<div class="wp-block-image">
<figure class="aligncenter size-large is-resized"><img loading="lazy" decoding="async" width="768" height="1024" src="https://www.ufpb.br/cga/wp-content/uploads/sites/79/sites/365/2025/09/WhatsApp-Image-2025-09-15-at-15.03.25-768x1024.jpeg" alt="" class="wp-image-329" style="aspect-ratio:0.7500304148586723;width:289px;height:auto" srcset="https://www.ufpb.br/cga/wp-content/uploads/sites/79/sites/365/2025/09/WhatsApp-Image-2025-09-15-at-15.03.25-768x1024.jpeg 768w, https://www.ufpb.br/cga/wp-content/uploads/sites/79/sites/365/2025/09/WhatsApp-Image-2025-09-15-at-15.03.25-225x300.jpeg 225w, https://www.ufpb.br/cga/wp-content/uploads/sites/79/sites/365/2025/09/WhatsApp-Image-2025-09-15-at-15.03.25.jpeg 960w" sizes="auto, (max-width: 768px) 100vw, 768px" /></figure>
</div>


<div class="wp-block-media-text is-stacked-on-mobile" style="grid-template-columns:41% auto"><figure class="wp-block-media-text__media"><img loading="lazy" decoding="async" width="776" height="1024" src="http://www.ufpb.br/cga/wp-content/uploads/sites/79/sites/365/2025/09/WhatsApp-Image-2025-09-11-at-13.25.43-776x1024.jpeg" alt="" class="wp-image-330 size-full" srcset="https://www.ufpb.br/cga/wp-content/uploads/sites/79/sites/365/2025/09/WhatsApp-Image-2025-09-11-at-13.25.43-776x1024.jpeg 776w, https://www.ufpb.br/cga/wp-content/uploads/sites/79/sites/365/2025/09/WhatsApp-Image-2025-09-11-at-13.25.43-227x300.jpeg 227w, https://www.ufpb.br/cga/wp-content/uploads/sites/79/sites/365/2025/09/WhatsApp-Image-2025-09-11-at-13.25.43-768x1014.jpeg 768w, https://www.ufpb.br/cga/wp-content/uploads/sites/79/sites/365/2025/09/WhatsApp-Image-2025-09-11-at-13.25.43.jpeg 1080w" sizes="auto, (max-width: 776px) 100vw, 776px" /></figure><div class="wp-block-media-text__content">
<p class="has-medium-font-size">    Nos períodos de chuvas e ventos fortes o cuidado se intensifica. Com o solo úmido, os ventos e o peso dos galhos molhados, as raizes perdem sustentação e, a depender da árvore e sua sanidade, podem ocorrer quedas de galhos e até de árvores inteiras.</p>



<p class="has-medium-font-size">Nesses períodos, principalmente, nós da CGA enfatizamos as campanhas de cuidados e conscientização, no campus e nas mídias sociais como o nosso <a href="https://www.instagram.com/p/DM8LZg1xGym/?img_index=1">instagram</a>.</p>
</div></div>



<p class="has-medium-font-size"><br>Apoiamos preojetos e ações que façam plantios de árvores nos campi, contudo, é fundamental a utilização de espécies nativas. As árvores nativas são geralmente mais adaptadas às condições locais, demandando menos cuidados e apresentando maior resistência a fatores adversos. Além disso, elas desempenham um papel importante na conservação da biodiversidade, oferecendo habitat e alimento para a fauna local. A utilização de espécies nativas da região é essencial para garantir o sucesso dos projetos de arborização urbana, uma vez que as espécies nativas locais são adaptadas às condições de clima e solo da região.</p>



<p class="has-medium-font-size"><br> Os membros que compõem a comissão de arborização e segurança ambiental da UFPB:</p>



<ul class="wp-block-list">
<li class="has-medium-font-size">Rivete Silva de Lima &#8211; <em>DSE/CCEN</em></li>



<li class="has-medium-font-size">Rubens Teixeira de Queiroz &#8211; <em>DSE/CCEN</em></li>



<li class="has-medium-font-size">Juliana Lovo &#8211; <em>DSE/CCEN</em></li>



<li class="has-medium-font-size">Fernando Ferreira de Moraes &#8211; <em>DSE/CCEN</em></li>



<li class="has-medium-font-size">Cláudia de Oliveira Cunha &#8211; <em>DQ/CCEN</em></li>



<li class="has-medium-font-size">Diogo Danilo de Souza Freitas &#8211; <em>GSG</em></li>
</ul>



<p class="has-medium-font-size">Para conhecer melhor o assunto, existem vários manuais de arborização urbana disponíveis na internet, como o &#8220;<a href="https://www.confea.org.br/midias/uploads-imce/Manual%20de%20Boas%20Praticas%20de%20Arboriza%C3%A7%C3%A3o.pdf">Manual de Boas Práticas na Arborização Urbana&#8221; do CONFEA</a>, o &#8220;<a href="https://www.infoteca.cnptia.embrapa.br/bitstream/doc/942537/1/2013SergioAManualPMARB.pdf">Manual para Elaboração do Plano Municipal de Arborização Urbana&#8221; da Embrapa</a> e manuais municipais específicos, como o <a href="http://ww3.belem.pa.gov.br/www/wp-content/uploads/Manual-de-Arboriza%C3%A7%C3%A3o-de-Bel%C3%A9m.pdf">Manual de Orientação Técnica da Arborização Urbana de Belém</a>, assim como o da&nbsp;<a href="https://planodiretor.joaopessoa.pb.gov.br/wp-content/uploads/2025/04/Manual-de-Arborizacao-Urbana-de-JP-2023.pdf">Manual de arborização da Prefeitura de João Pessoa.</a>&nbsp;Esses documentos fornecem diretrizes para o planejamento, plantio e manejo de árvores em cidades, incluindo a escolha de espécies adequadas, as distâncias de segurança de redes elétricas e construções, e cuidados como poda e manutenção.&nbsp;</p>



<hr class="wp-block-separator has-alpha-channel-opacity" />



<p></p>



<p class="has-text-align-center has-large-font-size"><strong>“O homem que planta uma árvore sabendo que nunca irá se sentar na sombra dela, começou a entender o sentido da vida..”</strong></p>


<div class="wp-block-image">
<figure class="aligncenter size-full is-resized"><img loading="lazy" decoding="async" width="82" height="103" src="http://www.ufpb.br/cga/wp-content/uploads/sites/79/sites/365/2026/04/Icone-verde.png" alt="" class="wp-image-1909" style="aspect-ratio:0.796206373292868;width:177px;height:auto" /></figure>
</div>

<p>A UFPB, com seus diversos campi, abriga uma variedade de espécies arbóreas. Em João Pessoa [&hellip;]</p>
