{"id":24,"date":"2025-09-08T18:42:16","date_gmt":"2025-09-08T21:42:16","guid":{"rendered":"https:\/\/www.ufpb.br\/cga\/?page_id=24"},"modified":"2026-03-28T21:54:37","modified_gmt":"2026-03-29T00:54:37","slug":"historia","status":"publish","type":"page","link":"https:\/\/www.ufpb.br\/cga\/historia\/","title":{"rendered":"Hist\u00f3ria"},"content":{"rendered":"\n<p class=\"has-medium-font-size\">&#8220;A Comiss\u00e3o de Gest\u00e3o Ambiental da Universidade Federal da Para\u00edba (CGA \u2013 UFPB) foi criada em fevereiro de 2013, atrav\u00e9s da Portaria n\u00ba 427\/R\/GR, assinada pela ent\u00e3o reitora, professora Margareth de F\u00e1tima Formiga Melo Diniz.&#8221;<\/p>\n\n\n\n<p>Veja v\u00eddeos do canal do <a href=\"https:\/\/www.youtube.com\/@tvcga-ufpb1594\" target=\"_blank\" rel=\"noreferrer noopener\">you tube<\/a> antigo<\/p>\n\n\n\n<p class=\"has-medium-font-size\">Desde novembro de 2024, a CGA tem como coordenadora da comiss\u00e3o a Professora Elis\u00e2ngela Rocha, que inicia uma fase transformadora com uma gest\u00e3o renovada e profundamente alinhada aos compromissos da nova gest\u00e3o da reitoria, as professoras Terezinha Domiciano e M\u00f4nica N\u00f3brega, empossadas em novembro de 2024 para o mandato 2024-2028.<\/p>\n\n\n<div class=\"wp-block-image is-style-default\">\n<figure class=\"aligncenter size-large is-resized\"><img loading=\"lazy\" decoding=\"async\" width=\"768\" height=\"1024\" src=\"http:\/\/www.ufpb.br\/cga\/wp-content\/uploads\/sites\/79\/sites\/365\/2025\/09\/IMG-20250716-WA0013-768x1024.jpg\" alt=\"\" class=\"wp-image-222\" style=\"width:422px;height:auto\" srcset=\"https:\/\/www.ufpb.br\/cga\/wp-content\/uploads\/sites\/79\/sites\/365\/2025\/09\/IMG-20250716-WA0013-768x1024.jpg 768w, https:\/\/www.ufpb.br\/cga\/wp-content\/uploads\/sites\/79\/sites\/365\/2025\/09\/IMG-20250716-WA0013-225x300.jpg 225w, https:\/\/www.ufpb.br\/cga\/wp-content\/uploads\/sites\/79\/sites\/365\/2025\/09\/IMG-20250716-WA0013-1152x1536.jpg 1152w, https:\/\/www.ufpb.br\/cga\/wp-content\/uploads\/sites\/79\/sites\/365\/2025\/09\/IMG-20250716-WA0013-1536x2048.jpg 1536w, https:\/\/www.ufpb.br\/cga\/wp-content\/uploads\/sites\/79\/sites\/365\/2025\/09\/IMG-20250716-WA0013-scaled.jpg 1920w\" sizes=\"auto, (max-width: 768px) 100vw, 768px\" \/><\/figure>\n<\/div>\n\n\n<p><\/p>\n\n\n\n<p class=\"has-medium-font-size\">      A CGA tem como finalidade auxiliar a Reitoria da UFPB na promo\u00e7\u00e3o e consolida\u00e7\u00e3o de uma cultura de sustentabilidade, com base na participa\u00e7\u00e3o democr\u00e1tica, no acesso \u00e0 informa\u00e7\u00e3o ambiental e na articula\u00e7\u00e3o de pr\u00e1ticas acad\u00eamicas, administrativas e comunit\u00e1rias.<\/p>\n\n\n\n<p class=\"has-medium-font-size\"><a href=\"http:\/\/www.ufpb.br\/cga\/wp-content\/uploads\/sites\/79\/sites\/365\/2025\/11\/RELATORIO-GERAL_ACOES_CGA_2024.pdf\">Relat\u00f3rio Geral das A\u00e7\u00f5es 2024<\/a><\/p>\n\n\n\n<p class=\"has-medium-font-size\"><a href=\"https:\/\/www.ufpb.br\/cga\/wp-content\/uploads\/sites\/79\/sites\/365\/2026\/01\/2025-Relatorio-de-Trabalhos-CGA.pdf\" target=\"_blank\" rel=\"noreferrer noopener\">Relat\u00f3rio de Trabalho 2025<\/a><\/p>\n\n\n\n<p class=\"has-medium-font-size\"> As iniciativas desenvolvidas pela Comiss\u00e3o est\u00e3o organizadas em dois eixos estrat\u00e9gicos, que direcionam os esfor\u00e7os coletivos, s\u00e3o eles a \u201cGest\u00e3o de Res\u00edduos S\u00f3lidos dos Campi\u201d e o \u201cFomento e Articula\u00e7\u00e3o da Agenda Ambiental da CGA\u201d. Nesse contexto a CGA oferece \u00e0 comunidade universit\u00e1ria os seguintes servi\u00e7os e programas:<\/p>\n\n\n\n<p class=\"has-medium-font-size\"><em><strong>Programa de Coleta Seletiva<\/strong><\/em><\/p>\n\n\n\n<ul class=\"wp-block-list\">\n<li>Acompanhamento do recolhimento dos materiais recicl\u00e1veis pela cooperativa de catadores de materiais recicl\u00e1veis<\/li>\n\n\n\n<li>Monitoramento da infraestrutura para coleta seletiva (cont\u00eaineres, rotas)<\/li>\n\n\n\n<li>Campanhas de doa\u00e7\u00e3o&nbsp;<\/li>\n\n\n\n<li>Plano de a\u00e7\u00f5es peri\u00f3dicas de sensibiliza\u00e7\u00e3o ambiental&nbsp;&nbsp;<\/li>\n<\/ul>\n\n\n\n<p class=\"has-medium-font-size\"><em><strong>Programa de Compostagem<\/strong><\/em><\/p>\n\n\n\n<ul class=\"wp-block-list\">\n<li>Recolhimento e reaproveitamento de res\u00edduos org\u00e2nicos para produ\u00e7\u00e3o de adubo.<\/li>\n\n\n\n<li>Monitoramento das composteiras<\/li>\n\n\n\n<li>Doa\u00e7\u00e3o de adubo, que pode ser solicitado via formul\u00e1rio no Instagram: @cgaufpb.<\/li>\n<\/ul>\n\n\n\n<p class=\"has-medium-font-size\"><em><strong>Gest\u00e3o de \u00c1reas Verdes<\/strong><\/em><\/p>\n\n\n\n<ul class=\"wp-block-list\">\n<li>Prote\u00e7\u00e3o, recupera\u00e7\u00e3o e monitoramento dos remanescentes de Mata Atl\u00e2ntica nos campis da UFPB.<\/li>\n\n\n\n<li>A\u00e7\u00f5es educativas e de reflorestamento.<\/li>\n\n\n\n<li>Acompanhamento da Comiss\u00e3o de Arboriza\u00e7\u00e3o e Seguran\u00e7a Ambiental.<\/li>\n<\/ul>\n\n\n\n<p class=\"has-medium-font-size\"><em><strong>Gest\u00e3o de Res\u00edduos Eletroeletr\u00f4nicos<\/strong><\/em><\/p>\n\n\n\n<ul class=\"wp-block-list\">\n<li>Coleta e destina\u00e7\u00e3o ambientalmente adequadas de res\u00edduos eletroeletr\u00f4nicos, como l\u00e2mpadas fluorescentes, cartuchos e toners.<\/li>\n\n\n\n<li>Parceria com o <a href=\"https:\/\/www.cear.ufpb.br\/tree\/\">projeto TREE<\/a><\/li>\n<\/ul>\n\n\n\n<p class=\"has-medium-font-size\"><em><strong>Monitoramento do Consumo de \u00c1gua<\/strong><\/em><\/p>\n\n\n\n<ul class=\"wp-block-list\">\n<li>A\u00e7\u00f5es educativas no combate ao desperd\u00edcio de \u00e1gua.<\/li>\n\n\n\n<li>Monitoramento de vazamentos com <a href=\"https:\/\/www.ufpb.br\/cga\/gestao-de-aguas\/\">disponibiliza\u00e7\u00e3o de um QRcode<\/a>.<\/li>\n\n\n\n<li>Acompanhamento do consumo nos campi com vistas \u00e0 racionaliza\u00e7\u00e3o do uso.<\/li>\n<\/ul>\n\n\n\n<p class=\"has-medium-font-size\"><em><strong>Educa\u00e7\u00e3o Ambiental<\/strong><\/em><\/p>\n\n\n\n<ul class=\"wp-block-list\">\n<li>Produ\u00e7\u00e3o de conte\u00fados na forma de <a href=\"https:\/\/www.ufpb.br\/cga\/manuais-dos-projetos\/\">manuais<\/a>, banners e v\u00eddeos,<\/li>\n\n\n\n<li>Realiza\u00e7\u00e3o de eventos e campanhas de conscientiza\u00e7\u00e3o para disseminar as a\u00e7\u00f5es institucionais desenvolvidas e a agenda ambiental.<\/li>\n\n\n\n<li>Palestras em escolas<\/li>\n<\/ul>\n\n\n\n<p class=\"has-medium-font-size\">A composi\u00e7\u00e3o atual da CGA est\u00e1 definida na Portaria N\u00ba 293, de 24 de novembro de 2025, segundo as quais integram a Comiss\u00e3o os seguintes membros:<\/p>\n\n\n\n<ul class=\"wp-block-list\">\n<li>Elis\u00e2ngela Maria Rodrigues Rocha (Presidente)<\/li>\n\n\n\n<li>Cl\u00e1udia de Oliveira Cunha (membro Servidor Docente \u2013 Campus I)<\/li>\n\n\n\n<li>Daniel Duarte Pereira (membro Servidor Docente \u2013 Campus II)<\/li>\n\n\n\n<li>Cibelle da Silva Santiago (membro Servidor Docente \u2013 Campus IV)<\/li>\n\n\n\n<li>Fabiano Queiroga da Silva (membro Servidor t\u00e9cnico Administrativo \u2013 Campus III)<\/li>\n<\/ul>\n\n\n<div class=\"wp-block-image\">\n<figure class=\"aligncenter size-large is-resized\"><img loading=\"lazy\" decoding=\"async\" width=\"1024\" height=\"768\" src=\"http:\/\/www.ufpb.br\/cga\/wp-content\/uploads\/sites\/79\/sites\/365\/2025\/09\/WhatsApp-Image-2025-07-25-at-12.04.13-1-1024x768.jpeg\" alt=\"\" class=\"wp-image-138\" style=\"aspect-ratio:1.333346950447322;width:680px;height:auto\" srcset=\"https:\/\/www.ufpb.br\/cga\/wp-content\/uploads\/sites\/79\/sites\/365\/2025\/09\/WhatsApp-Image-2025-07-25-at-12.04.13-1-1024x768.jpeg 1024w, https:\/\/www.ufpb.br\/cga\/wp-content\/uploads\/sites\/79\/sites\/365\/2025\/09\/WhatsApp-Image-2025-07-25-at-12.04.13-1-300x225.jpeg 300w, https:\/\/www.ufpb.br\/cga\/wp-content\/uploads\/sites\/79\/sites\/365\/2025\/09\/WhatsApp-Image-2025-07-25-at-12.04.13-1-768x576.jpeg 768w, https:\/\/www.ufpb.br\/cga\/wp-content\/uploads\/sites\/79\/sites\/365\/2025\/09\/WhatsApp-Image-2025-07-25-at-12.04.13-1-1536x1152.jpeg 1536w, https:\/\/www.ufpb.br\/cga\/wp-content\/uploads\/sites\/79\/sites\/365\/2025\/09\/WhatsApp-Image-2025-07-25-at-12.04.13-1.jpeg 1600w\" sizes=\"auto, (max-width: 1024px) 100vw, 1024px\" \/><\/figure>\n<\/div>\n\n\n<p class=\"has-medium-font-size\"><\/p>\n\n\n\n<p class=\"has-medium-font-size\">A comiss\u00e3o \u00e9 composta por professores e t\u00e9cnicos da Universidade, alunos bolsistas e volunt\u00e1rios. Atualmente est\u00e1 subordinada ao Gabinete da Reitoria e suas atividades contemplam programas ou campos de atua\u00e7\u00e3o relacionados \u00e0 sustentabilidade dos nossos campus, dentre eles: Coleta Seletiva; Compostagem; Gest\u00e3o de L\u00e2mpadas e Res\u00edduos Eletroeletr\u00f4nicos; Gest\u00e3o de \u00c1guas;  Consumo Consciente; Gest\u00e3o de \u00e1reas verdes e Restaura\u00e7\u00e3o Florestal e Comunica\u00e7\u00e3o.<\/p>\n\n\n\n<p class=\"has-medium-font-size\">      A CGA, desde o final de 2024, vem buscando contribuir com os princ\u00edpios de uma universidade p\u00fablica de qualidade e mais sustent\u00e1vel. Sendo assim, o objetivo central deste projeto extensionista \u00e9 diagnosticar, planejar e fortalecer as a\u00e7\u00f5es de sustentabilidade que est\u00e3o sendo executadas nas unidades acad\u00eamicas da UFPB, visando a sensibiliza\u00e7\u00e3o ambiental da comunidade acad\u00eamica e uma amplitude das a\u00e7\u00f5es da CGA por meio do fomento de parcerias e de uma comunica\u00e7\u00e3o institucional mais interativa e sustent\u00e1vel.<\/p>\n\n\n\n<p class=\"has-medium-font-size\"><br><\/p>\n\n\n<div class=\"wp-block-image\">\n<figure class=\"aligncenter size-full is-resized\"><img loading=\"lazy\" decoding=\"async\" width=\"512\" height=\"512\" src=\"http:\/\/www.ufpb.br\/cga\/wp-content\/uploads\/sites\/79\/sites\/365\/2025\/09\/cropped-Banner-para-loja-de-eletronicos-smartphone-desconto-preto-e-vermelho-1920-_20250910_063234_0000-1-scaled-1.png\" alt=\"\" class=\"wp-image-362\" style=\"width:270px;height:auto\" srcset=\"https:\/\/www.ufpb.br\/cga\/wp-content\/uploads\/sites\/79\/sites\/365\/2025\/09\/cropped-Banner-para-loja-de-eletronicos-smartphone-desconto-preto-e-vermelho-1920-_20250910_063234_0000-1-scaled-1.png 512w, https:\/\/www.ufpb.br\/cga\/wp-content\/uploads\/sites\/79\/sites\/365\/2025\/09\/cropped-Banner-para-loja-de-eletronicos-smartphone-desconto-preto-e-vermelho-1920-_20250910_063234_0000-1-scaled-1-300x300.png 300w, https:\/\/www.ufpb.br\/cga\/wp-content\/uploads\/sites\/79\/sites\/365\/2025\/09\/cropped-Banner-para-loja-de-eletronicos-smartphone-desconto-preto-e-vermelho-1920-_20250910_063234_0000-1-scaled-1-150x150.png 150w, https:\/\/www.ufpb.br\/cga\/wp-content\/uploads\/sites\/79\/sites\/365\/2025\/09\/cropped-Banner-para-loja-de-eletronicos-smartphone-desconto-preto-e-vermelho-1920-_20250910_063234_0000-1-scaled-1-270x270.png 270w, https:\/\/www.ufpb.br\/cga\/wp-content\/uploads\/sites\/79\/sites\/365\/2025\/09\/cropped-Banner-para-loja-de-eletronicos-smartphone-desconto-preto-e-vermelho-1920-_20250910_063234_0000-1-scaled-1-192x192.png 192w, https:\/\/www.ufpb.br\/cga\/wp-content\/uploads\/sites\/79\/sites\/365\/2025\/09\/cropped-Banner-para-loja-de-eletronicos-smartphone-desconto-preto-e-vermelho-1920-_20250910_063234_0000-1-scaled-1-180x180.png 180w, https:\/\/www.ufpb.br\/cga\/wp-content\/uploads\/sites\/79\/sites\/365\/2025\/09\/cropped-Banner-para-loja-de-eletronicos-smartphone-desconto-preto-e-vermelho-1920-_20250910_063234_0000-1-scaled-1-32x32.png 32w\" sizes=\"auto, (max-width: 512px) 100vw, 512px\" \/><\/figure>\n<\/div>","protected":false},"excerpt":{"rendered":"<p>&#8220;A Comiss\u00e3o de Gest\u00e3o Ambiental da Universidade Federal da Para\u00edba (CGA \u2013 UFPB) foi criada [&hellip;]<\/p>\n","protected":false},"author":47,"featured_media":0,"parent":0,"menu_order":0,"comment_status":"closed","ping_status":"closed","template":"","meta":{"footnotes":""},"class_list":["post-24","page","type-page","status-publish","hentry"],"_links":{"self":[{"href":"https:\/\/www.ufpb.br\/cga\/wp-json\/wp\/v2\/pages\/24","targetHints":{"allow":["GET"]}}],"collection":[{"href":"https:\/\/www.ufpb.br\/cga\/wp-json\/wp\/v2\/pages"}],"about":[{"href":"https:\/\/www.ufpb.br\/cga\/wp-json\/wp\/v2\/types\/page"}],"author":[{"embeddable":true,"href":"https:\/\/www.ufpb.br\/cga\/wp-json\/wp\/v2\/users\/47"}],"replies":[{"embeddable":true,"href":"https:\/\/www.ufpb.br\/cga\/wp-json\/wp\/v2\/comments?post=24"}],"version-history":[{"count":25,"href":"https:\/\/www.ufpb.br\/cga\/wp-json\/wp\/v2\/pages\/24\/revisions"}],"predecessor-version":[{"id":1769,"href":"https:\/\/www.ufpb.br\/cga\/wp-json\/wp\/v2\/pages\/24\/revisions\/1769"}],"wp:attachment":[{"href":"https:\/\/www.ufpb.br\/cga\/wp-json\/wp\/v2\/media?parent=24"}],"curies":[{"name":"wp","href":"https:\/\/api.w.org\/{rel}","templated":true}]}}