{"id":48,"date":"2025-09-08T18:49:54","date_gmt":"2025-09-08T21:49:54","guid":{"rendered":"https:\/\/www.ufpb.br\/cga\/?page_id=48"},"modified":"2025-11-07T16:03:45","modified_gmt":"2025-11-07T19:03:45","slug":"gestao-de-lampadas-fluorescentes","status":"publish","type":"page","link":"https:\/\/www.ufpb.br\/cga\/gestao-de-lampadas-fluorescentes\/","title":{"rendered":"Gest\u00e3o de L\u00e2mpadas Fluorescentes e Res\u00edduos Eletroeletr\u00f4nicos"},"content":{"rendered":"\n<p class=\"has-medium-font-size\">          As l\u00e2mpadas fluorescentes s\u00e3o consideradas Res\u00edduos Perigosos de Classe I e, embora amplamente utilizadas em todo o mundo, apresentam algumas caracter\u00edsticas de toxidade e patogenicidade devido a sua composi\u00e7\u00e3o que cont\u00e9m alguns componentes qu\u00edmicos perigosos, como o merc\u00fario, que se exposto de forma indevida pode ocasionar diversos riscos ambientais e de sa\u00fade humana.<\/p>\n\n\n\n<figure class=\"wp-block-image size-large is-resized\"><img loading=\"lazy\" decoding=\"async\" width=\"1024\" height=\"768\" src=\"http:\/\/www.ufpb.br\/cga\/wp-content\/uploads\/sites\/79\/sites\/365\/2025\/09\/WhatsApp-Image-2025-09-09-at-16.48.16-1024x768.jpeg\" alt=\"\" class=\"wp-image-176\" style=\"width:717px;height:auto\" srcset=\"https:\/\/www.ufpb.br\/cga\/wp-content\/uploads\/sites\/79\/sites\/365\/2025\/09\/WhatsApp-Image-2025-09-09-at-16.48.16-1024x768.jpeg 1024w, https:\/\/www.ufpb.br\/cga\/wp-content\/uploads\/sites\/79\/sites\/365\/2025\/09\/WhatsApp-Image-2025-09-09-at-16.48.16-300x225.jpeg 300w, https:\/\/www.ufpb.br\/cga\/wp-content\/uploads\/sites\/79\/sites\/365\/2025\/09\/WhatsApp-Image-2025-09-09-at-16.48.16-768x576.jpeg 768w, https:\/\/www.ufpb.br\/cga\/wp-content\/uploads\/sites\/79\/sites\/365\/2025\/09\/WhatsApp-Image-2025-09-09-at-16.48.16-1536x1152.jpeg 1536w, https:\/\/www.ufpb.br\/cga\/wp-content\/uploads\/sites\/79\/sites\/365\/2025\/09\/WhatsApp-Image-2025-09-09-at-16.48.16.jpeg 1600w\" sizes=\"auto, (max-width: 1024px) 100vw, 1024px\" \/><\/figure>\n\n\n\n<h2 class=\"wp-block-heading\"><div class=\"linha-header\">Objetivo<\/div><\/h2>\n\n\n\n<p class=\"has-medium-font-size\">Pensando nisso, a Comiss\u00e3o de Gest\u00e3o Ambiental \u2013 CGA, no ano de 2013, desenvolveu o programa de Gest\u00e3o de L\u00e2mpadas Fluorescentes, com o objetivo de coletar, armazenar, tratar e destinar de forma ambientalmente correta os res\u00edduos gerados pelas l\u00e2mpadas fluorescentes consumidas dentro do Campus I da UFPB. Ainda esse ano, em setembro de 2025 fizemos a entrega de aproximadamente 3000 l\u00e2mpadas para a <a href=\"https:\/\/www.ufpb.br\/cga\/logistica-reversa-de-lampadas-fluorescentes\/\">Qualitec<\/a>, um parceiro que realiza o descarte apropriado.<\/p>\n\n\n<div class=\"wp-block-image\">\n<figure class=\"aligncenter size-large is-resized\"><img loading=\"lazy\" decoding=\"async\" width=\"1024\" height=\"768\" src=\"http:\/\/www.ufpb.br\/cga\/wp-content\/uploads\/sites\/79\/sites\/365\/2025\/09\/WhatsApp-Image-2025-09-09-at-16.48.14-1024x768.jpeg\" alt=\"\" class=\"wp-image-177\" style=\"width:540px;height:auto\" srcset=\"https:\/\/www.ufpb.br\/cga\/wp-content\/uploads\/sites\/79\/sites\/365\/2025\/09\/WhatsApp-Image-2025-09-09-at-16.48.14-1024x768.jpeg 1024w, https:\/\/www.ufpb.br\/cga\/wp-content\/uploads\/sites\/79\/sites\/365\/2025\/09\/WhatsApp-Image-2025-09-09-at-16.48.14-300x225.jpeg 300w, https:\/\/www.ufpb.br\/cga\/wp-content\/uploads\/sites\/79\/sites\/365\/2025\/09\/WhatsApp-Image-2025-09-09-at-16.48.14-768x576.jpeg 768w, https:\/\/www.ufpb.br\/cga\/wp-content\/uploads\/sites\/79\/sites\/365\/2025\/09\/WhatsApp-Image-2025-09-09-at-16.48.14-1536x1152.jpeg 1536w, https:\/\/www.ufpb.br\/cga\/wp-content\/uploads\/sites\/79\/sites\/365\/2025\/09\/WhatsApp-Image-2025-09-09-at-16.48.14.jpeg 1600w\" sizes=\"auto, (max-width: 1024px) 100vw, 1024px\" \/><\/figure>\n<\/div>\n\n\n<h2 class=\"wp-block-heading\"><div class=\"linha-header\">A\u00e7\u00f5es<\/div><\/h2>\n\n\n\n<p class=\"has-medium-font-size\">O programa \u00e9 respons\u00e1vel por manter de forma efetiva o monitoramento da coleta e a fiscaliza\u00e7\u00e3o desse res\u00edduo disposto nos coletores da UFPB, encaminhando o passivo de maneira adequada para o seu local de armazenamento para que sejam tratados logo ap\u00f3s, minimizando assim todos os riscos que seriam ocasionados pelo descarte inadequado. Al\u00e9m disso, o programa tamb\u00e9m \u00e9 respons\u00e1vel por realizar atividades e campanha de educa\u00e7\u00e3o ambiental para a comunidade acad\u00eamica, alertando sobre a import\u00e2ncia de se aplicar o descarte correto deste res\u00edduo.<\/p>\n\n\n\n<p class=\"has-medium-font-size\"><strong>Res\u00edduos Eletroeletr\u00f4nicos<\/strong><\/p>\n\n\n\n<figure class=\"wp-block-image size-large\"><img loading=\"lazy\" decoding=\"async\" width=\"1024\" height=\"482\" src=\"http:\/\/www.ufpb.br\/cga\/wp-content\/uploads\/sites\/79\/sites\/365\/2025\/10\/ELETROELETRONICOS-1024x482.png\" alt=\"\" class=\"wp-image-604\" srcset=\"https:\/\/www.ufpb.br\/cga\/wp-content\/uploads\/sites\/79\/sites\/365\/2025\/10\/ELETROELETRONICOS-1024x482.png 1024w, https:\/\/www.ufpb.br\/cga\/wp-content\/uploads\/sites\/79\/sites\/365\/2025\/10\/ELETROELETRONICOS-300x141.png 300w, https:\/\/www.ufpb.br\/cga\/wp-content\/uploads\/sites\/79\/sites\/365\/2025\/10\/ELETROELETRONICOS-768x361.png 768w, https:\/\/www.ufpb.br\/cga\/wp-content\/uploads\/sites\/79\/sites\/365\/2025\/10\/ELETROELETRONICOS.png 1193w\" sizes=\"auto, (max-width: 1024px) 100vw, 1024px\" \/><\/figure>\n\n\n\n<p>Imagem: Freepik<\/p>\n\n\n\n<p class=\"has-medium-font-size\">Muito se busca formas de gerenciar e reduzir os danos causados pela gera\u00e7\u00e3o de res\u00edduos eletroeletr\u00f4nicos na Universidade Federal da Para\u00edba. Diante do cen\u00e1rio atual, \u00e9 necess\u00e1rio que n\u00e3o apenas os funcion\u00e1rios, mas tamb\u00e9m todos os alunos se comprometam ainda mais com o uso sustent\u00e1vel desses res\u00edduos, desde a sua aquisi\u00e7\u00e3o at\u00e9 o descarte apropriado, para assegurar a continuidade das atividades produtivas sem causar impactos ao meio ambiente. Por isso, \u00e9 indispens\u00e1vel a exist\u00eancia do gerenciamento desses res\u00edduos, a fim de minimizar esses impactos, associados \u00e0 educa\u00e7\u00e3o ambiental, reciclagem e destino final adequado. A CGA (Comiss\u00e3o de Gest\u00e3o Ambiental), em parceria com a equipe do TREE tem se esfor\u00e7ado para tornar isso uma realidade dentro e fora da UFPB.<\/p>\n\n\n\n<p><strong>O <a href=\"https:\/\/www.cear.ufpb.br\/tree\/\">Projeto TREE<\/a> (Tratamento de Res\u00edduos Eletroeletr\u00f4nicos)<\/strong>&nbsp;\u00e9 um projeto de extens\u00e3o da Universidade Federal da Para\u00edba (UFPB), que surgiu com o objetivo de levar a conscientiza\u00e7\u00e3o em rela\u00e7\u00e3o aos Res\u00edduos Eletroeletr\u00f4nicos (REEs) no Brasil.<\/p>\n\n\n<div class=\"wp-block-image\">\n<figure class=\"aligncenter size-full is-resized\"><img loading=\"lazy\" decoding=\"async\" width=\"125\" height=\"121\" src=\"http:\/\/www.ufpb.br\/cga\/wp-content\/uploads\/sites\/79\/sites\/365\/2024\/11\/tree.png\" alt=\"\" class=\"wp-image-234\" style=\"width:296px;height:auto\" \/><\/figure>\n<\/div>\n\n\n<p class=\" \">&nbsp;Fundamentos<\/p>\n\n\n\n<p class=\"has-medium-font-size\">A Lei Federal N\u00ba 12305\/2010 estabeleceu a Pol\u00edtica Nacional de Res\u00edduos S\u00f3lidos (PNRS), destacando a gest\u00e3o respons\u00e1vel de res\u00edduos eletroeletr\u00f4nicos como um imperativo.&nbsp;Conforme essa pol\u00edtica, a coleta seletiva e o correto descarte de equipamentos eletr\u00f4nicos desempenham um papel crucial na mitiga\u00e7\u00e3o dos impactos ambientais. A r\u00e1pida evolu\u00e7\u00e3o da tecnologia contribui para o aumento na gera\u00e7\u00e3o desses res\u00edduos, contendo subst\u00e2ncias potencialmente nocivas. A Universidade Federal da Para\u00edba (UFPB) reconhece o desafio e a oportunidade de lidar com essa quest\u00e3o, considerando a sua relev\u00e2ncia para um ambiente acad\u00eamico altamente tecnol\u00f3gico. Estrat\u00e9gias como a implementa\u00e7\u00e3o de pontos de coleta espec\u00edficos para res\u00edduos eletroeletr\u00f4nicos e parcerias com empresas de reciclagem s\u00e3o essenciais para garantir que a UFPB contribua para a gest\u00e3o respons\u00e1vel de res\u00edduos eletroeletr\u00f4nicos, reduzindo o impacto ambiental e promovendo a conscientiza\u00e7\u00e3o da comunidade acad\u00eamica sobre essa quest\u00e3o.<\/p>\n\n\n\n<h2 class=\"wp-block-heading\"><div class=\"linha-header\">A\u00e7\u00f5es<\/div><\/h2>\n\n\n\n<p class=\"has-medium-font-size\">O projeto de Res\u00edduos Eletroeletr\u00f4nicos consiste na log\u00edstica de descarte adequado dos cartuchos e toners sem utiliza\u00e7\u00e3o pelo campus. Com a implanta\u00e7\u00e3o de pontos de coleta em locais estrat\u00e9gicos, os materiais s\u00e3o centralizados, sendo poss\u00edvel realizar a sua contagem e classifica\u00e7\u00e3o por fabricante. Posteriormente, com o acompanhamento do projeto, os respons\u00e1veis agendam no site das respectivas fabricantes a coleta no local para a reciclagem. <\/p>\n\n\n\n<p class=\"has-medium-font-size\">Os principais pontos de coleta, oficialmente implantados s\u00e3o no Centro de Tecnologia (CT) e na Biblioteca Central, por\u00e9m, a CGA tem estabelecido di\u00e1logo com representantes e respons\u00e1veis de outros centros para a implanta\u00e7\u00e3o de novos pontos. Ainda que n\u00e3o houvesse locais de deposi\u00e7\u00e3o de cartuchos e toners pr\u00e9-estabelecidos, atendemos ao longo da vig\u00eancia de 2022\/2023 o CCS, CCEN, CCJ, CCSA, CCHLA e a Reitoria.<\/p>\n\n\n\n<p class=\" \"><\/p>\n\n\n\n<h2 class=\"wp-block-heading\"><div class=\"linha-header\">Equipe<\/div><\/h2>\n\n\n\n<p><strong>Coordenador:<\/strong>\u00a0Professora Elis\u00e2ngela Rocha<\/p>\n\n\n\n<p class=\" \"><strong>Bolsista:<\/strong>&nbsp;Diego Falc\u00e3o (Engenharia Ambiental)<\/p>\n\n\n\n<p class=\" \"><strong>Volunt\u00e1rio:<\/strong>\u00a0Helo\u00edsa (Engenharia Ambiental )<\/p>\n","protected":false},"excerpt":{"rendered":"<p>As l\u00e2mpadas fluorescentes s\u00e3o consideradas Res\u00edduos Perigosos de Classe I e, embora amplamente utilizadas em [&hellip;]<\/p>\n","protected":false},"author":47,"featured_media":0,"parent":0,"menu_order":0,"comment_status":"closed","ping_status":"closed","template":"","meta":{"footnotes":""},"class_list":["post-48","page","type-page","status-publish","hentry"],"_links":{"self":[{"href":"https:\/\/www.ufpb.br\/cga\/wp-json\/wp\/v2\/pages\/48","targetHints":{"allow":["GET"]}}],"collection":[{"href":"https:\/\/www.ufpb.br\/cga\/wp-json\/wp\/v2\/pages"}],"about":[{"href":"https:\/\/www.ufpb.br\/cga\/wp-json\/wp\/v2\/types\/page"}],"author":[{"embeddable":true,"href":"https:\/\/www.ufpb.br\/cga\/wp-json\/wp\/v2\/users\/47"}],"replies":[{"embeddable":true,"href":"https:\/\/www.ufpb.br\/cga\/wp-json\/wp\/v2\/comments?post=48"}],"version-history":[{"count":8,"href":"https:\/\/www.ufpb.br\/cga\/wp-json\/wp\/v2\/pages\/48\/revisions"}],"predecessor-version":[{"id":765,"href":"https:\/\/www.ufpb.br\/cga\/wp-json\/wp\/v2\/pages\/48\/revisions\/765"}],"wp:attachment":[{"href":"https:\/\/www.ufpb.br\/cga\/wp-json\/wp\/v2\/media?parent=48"}],"curies":[{"name":"wp","href":"https:\/\/api.w.org\/{rel}","templated":true}]}}