{"id":31,"date":"2024-11-25T19:57:03","date_gmt":"2024-11-25T22:57:03","guid":{"rendered":"https:\/\/www.ufpb.br\/cia2\/?page_id=31"},"modified":"2026-04-29T09:27:06","modified_gmt":"2026-04-29T12:27:06","slug":"quem-somos","status":"publish","type":"page","link":"https:\/\/www.ufpb.br\/cia\/quem-somos\/","title":{"rendered":"Quem somos?"},"content":{"rendered":"\n<p><br><strong>Coordena\u00e7\u00e3o Geral:<\/strong><br>Rafael Paulo de Ata\u00edde Monteiro Melo<br><br><strong>E-mails:<br><\/strong>Sede do CIA (Jo\u00e3o Pessoa) <br>cia@reitoria.ufpb.br<\/p>\n\n\n\n<p>Subsede Campus II (Areia) <br>cia.areia@reitoria.ufpb.br<br><br>Subsede Campus III (Bananeiras) <br>cia.bananeiras@reitoria.ufpb.br<br><br>Subsede Campus IV (Rio Tinto)<br>cia.riotinto@reitoria.ufpb.br<br><br>Subsede\/Campus IV (Mamanguape) <br>cia.mamanguape@reitoria.ufpb.br<br><\/p>\n\n\n\n<p><strong>Equipe<\/strong>:<br>Fernando Dal Bianco Garcia&nbsp; <br>Assistente em administra\u00e7\u00e3o<br>cia.fernando@reitoria.ufpb.br<\/p>\n\n\n\n<p>Thiago Silva Martins <br>Assistente em administra\u00e7\u00e3o<br>cia.thiago@reitoria.ufpb.br<\/p>\n\n\n\n<p>K\u00e1tia Emanuelle B. Cavalcanti <br>Psic\u00f3loga<\/p>\n\n\n\n<p><\/p>\n\n\n\n<p><strong>Equipe Multidisciplinar:<\/strong><\/p>\n\n\n\n<p>Geiziane Cotrim &#8211; Assistente Social<\/p>\n\n\n\n<p>Suzana Souza<br>T\u00e9cnica em Assuntos Educacionais<\/p>\n\n\n\n<p>Jamile Mour\u00e3o<br>Pedagoga<\/p>\n\n\n\n<p><strong>Docentes:<\/strong><br>Silv\u00e2nia L\u00facio de Ara\u00fajo Silva<br>Representante do Campus III (Bananeiras)<\/p>\n\n\n\n<p>Eul\u00e1lia Lima Pereira&nbsp;<br>Suplente Representante do Campus III (Bananeiras)<br>eulalialimap@gmail.com<\/p>\n\n\n\n<p>Angelina Dias<br>Representante do Laborat\u00f3rio de Acessibilidade (Lacesse)&nbsp;<br>angelinadlcosta@yahoo.com.br<\/p>\n\n\n\n<p>Bruna Ramalho Sarmento<br>Coord. GT de Acessibilidade Arquitet\u00f4nica<br>brunarsarmento@hotmail.com<\/p>\n\n\n\n<p>Claudia Regina Cabral Galv\u00e3o<br>Representante do Laborat\u00f3rio de Vida Independente e Tecnologia Assistiva (Lavita)<br>Coord. do GT de Acessibilidade Atitudinal<br>galvaoclaudia@yahoo.com.br<\/p>\n\n\n\n<p>Renato Fonseca<br>Coordenador do CIA Campus IV (Rio Tinto)<br>GT de Acessibilidade Arquitet\u00f4nica<br>renato.fonseca.livramento.silva@academico.ufpb.br<\/p>\n\n\n\n<p>Adenize Queiroz<br>Coord. GT de Acessibilidade Pedag\u00f3gica<br>adenize.queiroz@gmail.com<\/p>\n\n\n\n<p><\/p>\n\n\n\n<p class=\"has-text-align-left\"><strong>Int\u00e9rpretes e tradutores de Libras:<\/strong><br>Ant\u00f4nio Galdino dos Santos J\u00fanior<br>ajuniorjr77@gmail.com<\/p>\n\n\n\n<p>Renata Patr\u00edcia Fraz\u00e3o Dutra<br>tatafdutra@gmail.com<\/p>\n\n\n\n<p>Nielson Firmino de Oliveira<br>Suplente representante do Campus II ( Areia)<br>nielson.f.oliveira@gmail.com<\/p>\n\n\n\n<p>Pollyana Stephanie de Oliveira Alves E Batista Kaipper<br>polly_stephanie@hotmail.com<\/p>\n\n\n\n<p><\/p>\n\n\n\n<p><strong>Transcritores Braille:<\/strong><br>Rafaella Meira&nbsp;<br>Transcritora Braille&nbsp;da Biblioteca Central<br>rafaellaprado@gmail.com<\/p>\n\n\n\n<p>Dina Melo<br>Coordenadora do N\u00facleo de Educa\u00e7\u00e3o Especial (Nedesp)<br>dinapereirademelo@gmail.com<\/p>\n\n\n\n<p>Samuel Veras <br>samuel.amaral@academico.ufpb.br<\/p>\n\n\n\n<p><\/p>\n\n\n\n<p class=\"has-text-align-left\"><strong>Membros consultores:<\/strong><br>Lisi\u00ea Martins <br>Depto. Fundamenta\u00e7\u00e3o da Educa\u00e7\u00e3o &#8211; CE<br>Vice-coordenadora do Nedesp<br>lisiemel@yahoo.com.br<\/p>\n\n\n\n<p>Cl\u00e1udia Regina Galv\u00e3o <br>Laborat\u00f3rio de Vida Independente e Tecnologia Assistiva &#8211; Lavita<br>galvaoclaudia@yahoo.com.br<\/p>\n\n\n\n<p>C\u00e9lia Cruz <br>Depto. Psicopedagogia &#8211; CE<br>cpsico@ce.ufpb.br<\/p>\n\n\n\n<p>Edneia Alves <br>Depto. Letras Libras &#8211; CCHLA<br>edneiaalvesufpb@gmail.com<\/p>\n\n\n\n<p>Luciana Pimentel<br>Depto. Fonoaudiologia \u2013 CCS<\/p>\n\n\n\n<p>Carolina Couto Mata <br>Depto. Terapia Ocupacional &#8211; CCS<br>carolina.couto.mata@academico.ufpb.br<\/p>\n\n\n\n<p>Nielson Firmino de Oliveira<br>CCA- Campus II &#8211; Areia<br><\/p>\n\n\n\n<p><\/p>\n","protected":false},"excerpt":{"rendered":"<p>Coordena\u00e7\u00e3o Geral:Rafael Paulo de Ata\u00edde Monteiro Melo E-mails:Sede do CIA (Jo\u00e3o Pessoa) cia@reitoria.ufpb.br Subsede Campus [&hellip;]<\/p>\n","protected":false},"author":47,"featured_media":0,"parent":0,"menu_order":0,"comment_status":"closed","ping_status":"closed","template":"","meta":{"footnotes":""},"class_list":["post-31","page","type-page","status-publish","hentry"],"_links":{"self":[{"href":"https:\/\/www.ufpb.br\/cia\/wp-json\/wp\/v2\/pages\/31","targetHints":{"allow":["GET"]}}],"collection":[{"href":"https:\/\/www.ufpb.br\/cia\/wp-json\/wp\/v2\/pages"}],"about":[{"href":"https:\/\/www.ufpb.br\/cia\/wp-json\/wp\/v2\/types\/page"}],"author":[{"embeddable":true,"href":"https:\/\/www.ufpb.br\/cia\/wp-json\/wp\/v2\/users\/47"}],"replies":[{"embeddable":true,"href":"https:\/\/www.ufpb.br\/cia\/wp-json\/wp\/v2\/comments?post=31"}],"version-history":[{"count":15,"href":"https:\/\/www.ufpb.br\/cia\/wp-json\/wp\/v2\/pages\/31\/revisions"}],"predecessor-version":[{"id":931,"href":"https:\/\/www.ufpb.br\/cia\/wp-json\/wp\/v2\/pages\/31\/revisions\/931"}],"wp:attachment":[{"href":"https:\/\/www.ufpb.br\/cia\/wp-json\/wp\/v2\/media?parent=31"}],"curies":[{"name":"wp","href":"https:\/\/api.w.org\/{rel}","templated":true}]}}

<p><br><strong>Coordenação Geral:</strong><br>Rafael Paulo de Ataíde Monteiro Melo<br><br><strong>E-mails:<br></strong>Sede do CIA (João Pessoa) <br>cia@reitoria.ufpb.br</p>



<p>Subsede Campus II (Areia) <br>cia.areia@reitoria.ufpb.br<br><br>Subsede Campus III (Bananeiras) <br>cia.bananeiras@reitoria.ufpb.br<br><br>Subsede Campus IV (Rio Tinto)<br>cia.riotinto@reitoria.ufpb.br<br><br>Subsede/Campus IV (Mamanguape) <br>cia.mamanguape@reitoria.ufpb.br<br></p>



<p><strong>Equipe</strong>:<br>Fernando Dal Bianco Garcia&nbsp; <br>Assistente em administração<br>cia.fernando@reitoria.ufpb.br</p>



<p>Thiago Silva Martins <br>Assistente em administração<br>cia.thiago@reitoria.ufpb.br</p>



<p>Kátia Emanuelle B. Cavalcanti <br>Psicóloga</p>



<p></p>



<p><strong>Equipe Multidisciplinar:</strong></p>



<p>Geiziane Cotrim &#8211; Assistente Social</p>



<p>Suzana Souza<br>Técnica em Assuntos Educacionais</p>



<p>Jamile Mourão<br>Pedagoga</p>



<p><strong>Docentes:</strong><br>Silvânia Lúcio de Araújo Silva<br>Representante do Campus III (Bananeiras)</p>



<p>Eulália Lima Pereira&nbsp;<br>Suplente Representante do Campus III (Bananeiras)<br>eulalialimap@gmail.com</p>



<p>Angelina Dias<br>Representante do Laboratório de Acessibilidade (Lacesse)&nbsp;<br>angelinadlcosta@yahoo.com.br</p>



<p>Bruna Ramalho Sarmento<br>Coord. GT de Acessibilidade Arquitetônica<br>brunarsarmento@hotmail.com</p>



<p>Claudia Regina Cabral Galvão<br>Representante do Laboratório de Vida Independente e Tecnologia Assistiva (Lavita)<br>Coord. do GT de Acessibilidade Atitudinal<br>galvaoclaudia@yahoo.com.br</p>



<p>Renato Fonseca<br>Coordenador do CIA Campus IV (Rio Tinto)<br>GT de Acessibilidade Arquitetônica<br>renato.fonseca.livramento.silva@academico.ufpb.br</p>



<p>Adenize Queiroz<br>Coord. GT de Acessibilidade Pedagógica<br>adenize.queiroz@gmail.com</p>



<p></p>



<p class="has-text-align-left"><strong>Intérpretes e tradutores de Libras:</strong><br>Antônio Galdino dos Santos Júnior<br>ajuniorjr77@gmail.com</p>



<p>Renata Patrícia Frazão Dutra<br>tatafdutra@gmail.com</p>



<p>Nielson Firmino de Oliveira<br>Suplente representante do Campus II ( Areia)<br>nielson.f.oliveira@gmail.com</p>



<p>Pollyana Stephanie de Oliveira Alves E Batista Kaipper<br>polly_stephanie@hotmail.com</p>



<p></p>



<p><strong>Transcritores Braille:</strong><br>Rafaella Meira&nbsp;<br>Transcritora Braille&nbsp;da Biblioteca Central<br>rafaellaprado@gmail.com</p>



<p>Dina Melo<br>Coordenadora do Núcleo de Educação Especial (Nedesp)<br>dinapereirademelo@gmail.com</p>



<p>Samuel Veras <br>samuel.amaral@academico.ufpb.br</p>



<p></p>



<p class="has-text-align-left"><strong>Membros consultores:</strong><br>Lisiê Martins <br>Depto. Fundamentação da Educação &#8211; CE<br>Vice-coordenadora do Nedesp<br>lisiemel@yahoo.com.br</p>



<p>Cláudia Regina Galvão <br>Laboratório de Vida Independente e Tecnologia Assistiva &#8211; Lavita<br>galvaoclaudia@yahoo.com.br</p>



<p>Célia Cruz <br>Depto. Psicopedagogia &#8211; CE<br>cpsico@ce.ufpb.br</p>



<p>Edneia Alves <br>Depto. Letras Libras &#8211; CCHLA<br>edneiaalvesufpb@gmail.com</p>



<p>Luciana Pimentel<br>Depto. Fonoaudiologia – CCS</p>



<p>Carolina Couto Mata <br>Depto. Terapia Ocupacional &#8211; CCS<br>carolina.couto.mata@academico.ufpb.br</p>



<p>Nielson Firmino de Oliveira<br>CCA- Campus II &#8211; Areia<br></p>



<p></p>

<p>Coordenação Geral:Rafael Paulo de Ataíde Monteiro Melo E-mails:Sede do CIA (João Pessoa) cia@reitoria.ufpb.br Subsede Campus [&hellip;]</p>
