{"id":41,"date":"2024-11-25T20:02:12","date_gmt":"2024-11-25T23:02:12","guid":{"rendered":"https:\/\/www.ufpb.br\/cia2\/?page_id=41"},"modified":"2025-01-27T15:43:10","modified_gmt":"2025-01-27T18:43:10","slug":"cursos-de-formacao","status":"publish","type":"page","link":"https:\/\/www.ufpb.br\/cia\/cursos-de-formacao\/","title":{"rendered":"Cursos de Forma\u00e7\u00e3o"},"content":{"rendered":"\n<p><\/p>\n\n\n\n<p><strong>Comunica Libras<\/strong>: curso de extens\u00e3o em Libras b\u00e1sico ministrado para turma de 50 alunos adultos de dentro e fora da comunidade acad\u00eamica \u00e0s quintas-feiras, das 17h \u00e0s 19h, no Centro de Educa\u00e7\u00e3o. As aulas, que come\u00e7aram em setembro de 2024 e se encerram em maio de 2025, contemplando 60 horas, apresentam os fundamentos da l\u00edngua, a datilologia, a aplica\u00e7\u00e3o da Libras em diferentes contextos, os classificadores e demais elementos da gram\u00e1tica visual. Contato: nedesp@ce.ufpb.br<\/p>\n\n\n\n<p><strong>Inicia\u00e7\u00e3o ao Sistema Braille<\/strong>: aprender o Braille \u00e9 mais f\u00e1cil do que se imagina! O c\u00f3digo, composto por pontinhos em relevo, segue uma ordena\u00e7\u00e3o l\u00f3gica que foi pensada desde a sua origem pelo seu fundador, o matem\u00e1tico e musicista Louis Braille. Em uma oficina pr\u00e1tica de duas horas, os transcritores Braille do N\u00facleo de Educa\u00e7\u00e3o Especial (Nedesp) desvendam o alfabeto com uma aula din\u00e2mica, leve e divertida. Contato: nedesp@ce.ufpb.br<\/p>\n\n\n\n<p><strong>Princ\u00edpios da Audiodescri\u00e7\u00e3o<\/strong>: voc\u00ea consegue descrever em palavras o que enxerga? O exerc\u00edcio, que parece bastante \u00f3bvio, pega muita gente de surpresa na pr\u00e1tica. A audiodescri\u00e7\u00e3o \u00e9 uma ci\u00eancia intersemi\u00f3tica que traduz a imagem em palavras. Portanto, \u00e9 um recurso de acessibilidade essencial na vida das pessoas com defici\u00eancia visual, autistas, disl\u00e9xicos, pessoas idosas e at\u00e9 quem acha que enxerga perfeitamente. O N\u00facleo de Educa\u00e7\u00e3o Especial (Nedesp) ministra oficinas em que exercita t\u00e9cnicas basilares deste tipo de tradu\u00e7\u00e3o. Contato: nedesp@ce.ufpb.br<\/p>\n\n\n\n<p><strong>Soroban<\/strong>: esta esp\u00e9cie de \u00e1baco realiza contas t\u00e3o precisas quanto uma calculadora, de opera\u00e7\u00f5es b\u00e1sicas da matem\u00e1tica \u00e0 exponencia\u00e7\u00e3o. A oficina se prop\u00f5e a ensinar uma forma l\u00fadica e divertida de trabalhar a matem\u00e1tica com crian\u00e7as por meio do manejo concreto dos n\u00fameros. Especialmente interessante para estudantes da gradua\u00e7\u00e3o e p\u00f3s de Pedagogia e Psicopedagogia. Contato: nedesp@ce.ufpb.br<\/p>\n\n\n\n<p><strong>Orienta\u00e7\u00e3o e Mobilidade<\/strong>: s\u00f3 \u00e9 poss\u00edvel mover-se com seguran\u00e7a e destreza se soubermos onde estamos. Por sermos seres visuais, \u00e9 f\u00e1cil localizarmo-nos pela vis\u00e3o; mas e quando n\u00e3o contamos mais com este sentido? A oficina de Orienta\u00e7\u00e3o e Mobilidade busca estimular a combina\u00e7\u00e3o de elementos sensoriais outros para aprendermos a circular por cal\u00e7adas, corredores, escadas e passagens estreitas, com e sem guia-vidente. Para tanto, a pr\u00e1tica, \u00e9 realizada com bengalas e vendas. Contato: nedesp@ce.ufpb.br<\/p>\n","protected":false},"excerpt":{"rendered":"<p>Comunica Libras: curso de extens\u00e3o em Libras b\u00e1sico ministrado para turma de 50 alunos adultos [&hellip;]<\/p>\n","protected":false},"author":47,"featured_media":0,"parent":0,"menu_order":0,"comment_status":"closed","ping_status":"closed","template":"","meta":{"footnotes":""},"class_list":["post-41","page","type-page","status-publish","hentry"],"_links":{"self":[{"href":"https:\/\/www.ufpb.br\/cia\/wp-json\/wp\/v2\/pages\/41","targetHints":{"allow":["GET"]}}],"collection":[{"href":"https:\/\/www.ufpb.br\/cia\/wp-json\/wp\/v2\/pages"}],"about":[{"href":"https:\/\/www.ufpb.br\/cia\/wp-json\/wp\/v2\/types\/page"}],"author":[{"embeddable":true,"href":"https:\/\/www.ufpb.br\/cia\/wp-json\/wp\/v2\/users\/47"}],"replies":[{"embeddable":true,"href":"https:\/\/www.ufpb.br\/cia\/wp-json\/wp\/v2\/comments?post=41"}],"version-history":[{"count":4,"href":"https:\/\/www.ufpb.br\/cia\/wp-json\/wp\/v2\/pages\/41\/revisions"}],"predecessor-version":[{"id":227,"href":"https:\/\/www.ufpb.br\/cia\/wp-json\/wp\/v2\/pages\/41\/revisions\/227"}],"wp:attachment":[{"href":"https:\/\/www.ufpb.br\/cia\/wp-json\/wp\/v2\/media?parent=41"}],"curies":[{"name":"wp","href":"https:\/\/api.w.org\/{rel}","templated":true}]}}