{"id":98,"date":"2024-11-25T20:47:23","date_gmt":"2024-11-25T23:47:23","guid":{"rendered":"https:\/\/www.ufpb.br\/cia2\/?page_id=98"},"modified":"2025-06-03T17:19:11","modified_gmt":"2025-06-03T20:19:11","slug":"manuais","status":"publish","type":"page","link":"https:\/\/www.ufpb.br\/cia\/manuais\/","title":{"rendered":"Manuais"},"content":{"rendered":"\n<div class=\"wp-block-file\"><a id=\"wp-block-file--media-19a461a9-8fca-4c2c-b5c1-afc98fe5961b\" href=\"http:\/\/www.ufpb.br\/cia\/wp-content\/uploads\/sites\/79\/sites\/236\/2025\/01\/Orientacao-aos-Alunos-Apoiadores.pdf\">Orienta\u00e7\u00e3o aos Alunos Apoiadores<\/a><a href=\"http:\/\/www.ufpb.br\/cia\/wp-content\/uploads\/sites\/79\/sites\/236\/2025\/01\/Orientacao-aos-Alunos-Apoiadores.pdf\" class=\"wp-block-file__button wp-element-button\" download aria-describedby=\"wp-block-file--media-19a461a9-8fca-4c2c-b5c1-afc98fe5961b\">Baixar<\/a><\/div>\n\n\n\n<div class=\"wp-block-file\"><a id=\"wp-block-file--media-a1cca5ba-3560-4e04-a1a9-712b53fdd004\" href=\"https:\/\/www.ufpb.br\/cia\/wp-content\/uploads\/sites\/79\/sites\/236\/2025\/01\/Como-solicitar-apoio-ao-CIA.pdf\">Como solicitar apoio ao CIA<\/a><a href=\"https:\/\/www.ufpb.br\/cia\/wp-content\/uploads\/sites\/79\/sites\/236\/2025\/01\/Como-solicitar-apoio-ao-CIA.pdf\" class=\"wp-block-file__button wp-element-button\" download aria-describedby=\"wp-block-file--media-a1cca5ba-3560-4e04-a1a9-712b53fdd004\">Baixar<\/a><\/div>\n\n\n\n<div class=\"wp-block-file\"><a id=\"wp-block-file--media-317650a5-72eb-4bdb-980d-501251f0222e\" href=\"http:\/\/www.ufpb.br\/cia\/wp-content\/uploads\/sites\/79\/sites\/236\/2025\/01\/Manual-do-CIA.pdf\">Manual do CIA<\/a><a href=\"http:\/\/www.ufpb.br\/cia\/wp-content\/uploads\/sites\/79\/sites\/236\/2025\/01\/Manual-do-CIA.pdf\" class=\"wp-block-file__button wp-element-button\" download aria-describedby=\"wp-block-file--media-317650a5-72eb-4bdb-980d-501251f0222e\">Baixar<\/a><\/div>\n\n\n\n<div class=\"wp-block-file\"><a id=\"wp-block-file--media-33949658-1b6d-45dd-bf00-41ffce1313c1\" href=\"https:\/\/www.ufpb.br\/cia\/wp-content\/uploads\/sites\/79\/sites\/236\/2025\/01\/Orientacoes-aos-chefes-de-departamento-e-coordenacoes-1.pdf\">Orienta\u00e7\u00f5es aos chefes de departamento e coordena\u00e7\u00f5es<\/a><a href=\"https:\/\/www.ufpb.br\/cia\/wp-content\/uploads\/sites\/79\/sites\/236\/2025\/01\/Orientacoes-aos-chefes-de-departamento-e-coordenacoes-1.pdf\" class=\"wp-block-file__button wp-element-button\" download aria-describedby=\"wp-block-file--media-33949658-1b6d-45dd-bf00-41ffce1313c1\">Baixar<\/a><\/div>\n\n\n\n<div class=\"wp-block-file\"><a id=\"wp-block-file--media-f22dd124-a91f-43e0-9103-6d090d24453d\" href=\"http:\/\/www.ufpb.br\/cia\/wp-content\/uploads\/sites\/79\/sites\/236\/2025\/01\/Identificacao-pelo-SIgaA-aos-alunos-com-NEE-1.pdf\">Identifica\u00e7\u00e3o pelo SIgaA aos alunos com NEE<\/a><a href=\"http:\/\/www.ufpb.br\/cia\/wp-content\/uploads\/sites\/79\/sites\/236\/2025\/01\/Identificacao-pelo-SIgaA-aos-alunos-com-NEE-1.pdf\" class=\"wp-block-file__button wp-element-button\" download aria-describedby=\"wp-block-file--media-f22dd124-a91f-43e0-9103-6d090d24453d\">Baixar<\/a><\/div>\n\n\n\n<div class=\"wp-block-file\"><a id=\"wp-block-file--media-b50f3bc7-f58c-473d-b577-b889dfb6f929\" href=\"https:\/\/www.ufpb.br\/cia\/wp-content\/uploads\/sites\/79\/sites\/236\/2025\/01\/As-Rotas-Acessiveis-da-UFPB.pdf\">As Rotas Acess\u00edveis da UFPB<\/a><a href=\"https:\/\/www.ufpb.br\/cia\/wp-content\/uploads\/sites\/79\/sites\/236\/2025\/01\/As-Rotas-Acessiveis-da-UFPB.pdf\" class=\"wp-block-file__button wp-element-button\" download aria-describedby=\"wp-block-file--media-b50f3bc7-f58c-473d-b577-b889dfb6f929\">Baixar<\/a><\/div>\n\n\n\n<div class=\"wp-block-file\"><a id=\"wp-block-file--media-503b884b-7a7c-4f27-99ed-1a6c9d4e4324\" href=\"http:\/\/www.ufpb.br\/cia\/wp-content\/uploads\/sites\/79\/sites\/236\/2025\/01\/ABORDAGEM-INCLUSIVA-PARA-ALUNOS-COM-DEFICIeNCIA.pdf\">Professor, como abordar o aluno com defici\u00eancia ou NEE?<\/a><a href=\"http:\/\/www.ufpb.br\/cia\/wp-content\/uploads\/sites\/79\/sites\/236\/2025\/01\/ABORDAGEM-INCLUSIVA-PARA-ALUNOS-COM-DEFICIeNCIA.pdf\" class=\"wp-block-file__button wp-element-button\" download aria-describedby=\"wp-block-file--media-503b884b-7a7c-4f27-99ed-1a6c9d4e4324\">Baixar<\/a><\/div>\n\n\n\n<p><a href=\"https:\/\/drive.google.com\/drive\/u\/0\/folders\/14TVxCtc4rxrX--f3awk84aT1sDTnLjxX\">Logotipos do CIA e manual de uso da marca<\/a><\/p>\n\n\n\n<div class=\"wp-block-file\"><a id=\"wp-block-file--media-d9cc060d-ea62-400d-bcc1-13c378e80a52\" href=\"https:\/\/www.ufpb.br\/cia\/wp-content\/uploads\/sites\/79\/sites\/236\/2025\/02\/MANUAL-DO-ALUNO-ASSISTIDO-PELO-CIA.pdf\">Manual do aluno assistido pelo CIA<\/a><a href=\"https:\/\/www.ufpb.br\/cia\/wp-content\/uploads\/sites\/79\/sites\/236\/2025\/02\/MANUAL-DO-ALUNO-ASSISTIDO-PELO-CIA.pdf\" class=\"wp-block-file__button wp-element-button\" download aria-describedby=\"wp-block-file--media-d9cc060d-ea62-400d-bcc1-13c378e80a52\">Baixar<\/a><\/div>\n\n\n\n<p><a href=\"https:\/\/drive.google.com\/file\/d\/1chfYIeN_WNZ4oiHELY_vYouM98C0aEks\/view?usp=sharing\" data-type=\"link\" data-id=\"https:\/\/drive.google.com\/file\/d\/1chfYIeN_WNZ4oiHELY_vYouM98C0aEks\/view?usp=sharing\">Manual anticapacitista<\/a><\/p>\n\n\n\n<div class=\"wp-block-file\"><a id=\"wp-block-file--media-412c839f-b530-48f0-8280-2acbeed57e06\" href=\"http:\/\/www.ufpb.br\/cia\/wp-content\/uploads\/sites\/79\/sites\/236\/2025\/06\/MANUAL-DO-ALUNO-ASSISTIDO-PELO-CIA.pdf\">Conhe\u00e7a a rede de apoio do CIA<\/a><a href=\"http:\/\/www.ufpb.br\/cia\/wp-content\/uploads\/sites\/79\/sites\/236\/2025\/06\/MANUAL-DO-ALUNO-ASSISTIDO-PELO-CIA.pdf\" class=\"wp-block-file__button wp-element-button\" download aria-describedby=\"wp-block-file--media-412c839f-b530-48f0-8280-2acbeed57e06\">Baixar<\/a><\/div>\n\n\n\n<div class=\"wp-block-file\"><a id=\"wp-block-file--media-7c3b9ccf-614f-4b8f-b0bc-c5e57aebf0aa\" href=\"https:\/\/www.ufpb.br\/cia\/wp-content\/uploads\/sites\/79\/sites\/236\/2025\/06\/Servidor-bem-vindo-a-UFPB.pdf\">Servidor, bem-vindo \u00e0 UFPB<\/a><a href=\"https:\/\/www.ufpb.br\/cia\/wp-content\/uploads\/sites\/79\/sites\/236\/2025\/06\/Servidor-bem-vindo-a-UFPB.pdf\" class=\"wp-block-file__button wp-element-button\" download aria-describedby=\"wp-block-file--media-7c3b9ccf-614f-4b8f-b0bc-c5e57aebf0aa\">Baixar<\/a><\/div>\n","protected":false},"excerpt":{"rendered":"<p>Logotipos do CIA e manual de uso da marca Manual anticapacitista<\/p>\n","protected":false},"author":47,"featured_media":0,"parent":0,"menu_order":0,"comment_status":"closed","ping_status":"closed","template":"","meta":{"footnotes":""},"class_list":["post-98","page","type-page","status-publish","hentry"],"_links":{"self":[{"href":"https:\/\/www.ufpb.br\/cia\/wp-json\/wp\/v2\/pages\/98","targetHints":{"allow":["GET"]}}],"collection":[{"href":"https:\/\/www.ufpb.br\/cia\/wp-json\/wp\/v2\/pages"}],"about":[{"href":"https:\/\/www.ufpb.br\/cia\/wp-json\/wp\/v2\/types\/page"}],"author":[{"embeddable":true,"href":"https:\/\/www.ufpb.br\/cia\/wp-json\/wp\/v2\/users\/47"}],"replies":[{"embeddable":true,"href":"https:\/\/www.ufpb.br\/cia\/wp-json\/wp\/v2\/comments?post=98"}],"version-history":[{"count":13,"href":"https:\/\/www.ufpb.br\/cia\/wp-json\/wp\/v2\/pages\/98\/revisions"}],"predecessor-version":[{"id":504,"href":"https:\/\/www.ufpb.br\/cia\/wp-json\/wp\/v2\/pages\/98\/revisions\/504"}],"wp:attachment":[{"href":"https:\/\/www.ufpb.br\/cia\/wp-json\/wp\/v2\/media?parent=98"}],"curies":[{"name":"wp","href":"https:\/\/api.w.org\/{rel}","templated":true}]}}