{"id":47,"date":"2024-10-14T16:19:58","date_gmt":"2024-10-14T19:19:58","guid":{"rendered":"https:\/\/www.ufpb.br\/cis2\/?page_id=47"},"modified":"2024-10-30T07:57:36","modified_gmt":"2024-10-30T10:57:36","slug":"noticias","status":"publish","type":"page","link":"https:\/\/www.ufpb.br\/cis\/noticias\/","title":{"rendered":"Not\u00edcias"},"content":{"rendered":"\n<p>Jo\u00e3o Azev\u00eado recebe visita da reitora nomeada da UFPB e discute parcerias entre o Governo do Estado e a institui\u00e7\u00e3o<\/p>\n\n\n","protected":false},"excerpt":{"rendered":"<p>Jo\u00e3o Azev\u00eado recebe visita da reitora nomeada da UFPB e discute parcerias entre o Governo do Estado e a institui\u00e7\u00e3o<\/p>\n","protected":false},"author":47,"featured_media":0,"parent":0,"menu_order":0,"comment_status":"closed","ping_status":"closed","template":"","meta":{"footnotes":""},"class_list":["post-47","page","type-page","status-publish","hentry"],"_links":{"self":[{"href":"https:\/\/www.ufpb.br\/cis\/wp-json\/wp\/v2\/pages\/47","targetHints":{"allow":["GET"]}}],"collection":[{"href":"https:\/\/www.ufpb.br\/cis\/wp-json\/wp\/v2\/pages"}],"about":[{"href":"https:\/\/www.ufpb.br\/cis\/wp-json\/wp\/v2\/types\/page"}],"author":[{"embeddable":true,"href":"https:\/\/www.ufpb.br\/cis\/wp-json\/wp\/v2\/users\/47"}],"replies":[{"embeddable":true,"href":"https:\/\/www.ufpb.br\/cis\/wp-json\/wp\/v2\/comments?post=47"}],"version-history":[{"count":11,"href":"https:\/\/www.ufpb.br\/cis\/wp-json\/wp\/v2\/pages\/47\/revisions"}],"predecessor-version":[{"id":205,"href":"https:\/\/www.ufpb.br\/cis\/wp-json\/wp\/v2\/pages\/47\/revisions\/205"}],"wp:attachment":[{"href":"https:\/\/www.ufpb.br\/cis\/wp-json\/wp\/v2\/media?parent=47"}],"curies":[{"name":"wp","href":"https:\/\/api.w.org\/{rel}","templated":true}]}}