{"id":14,"date":"2024-09-18T17:00:13","date_gmt":"2024-09-18T20:00:13","guid":{"rendered":"https:\/\/www.ufpb.br\/comconf2\/?page_id=14"},"modified":"2026-03-19T09:27:57","modified_gmt":"2026-03-19T12:27:57","slug":"equipe","status":"publish","type":"page","link":"https:\/\/www.ufpb.br\/comconf\/comissao-de-conformidade\/equipe\/","title":{"rendered":"Equipe"},"content":{"rendered":"\n<figure class=\"wp-block-image size-large\"><img loading=\"lazy\" decoding=\"async\" width=\"1024\" height=\"780\" src=\"http:\/\/www.ufpb.br\/comconf\/wp-content\/uploads\/sites\/79\/sites\/212\/2025\/03\/Organograma-Comissao-de-Conformidade-1024x780.jpg\" alt=\"\" class=\"wp-image-159\" srcset=\"https:\/\/www.ufpb.br\/comconf\/wp-content\/uploads\/sites\/79\/sites\/212\/2025\/03\/Organograma-Comissao-de-Conformidade-1024x780.jpg 1024w, https:\/\/www.ufpb.br\/comconf\/wp-content\/uploads\/sites\/79\/sites\/212\/2025\/03\/Organograma-Comissao-de-Conformidade-300x228.jpg 300w, https:\/\/www.ufpb.br\/comconf\/wp-content\/uploads\/sites\/79\/sites\/212\/2025\/03\/Organograma-Comissao-de-Conformidade-768x585.jpg 768w, https:\/\/www.ufpb.br\/comconf\/wp-content\/uploads\/sites\/79\/sites\/212\/2025\/03\/Organograma-Comissao-de-Conformidade-1536x1170.jpg 1536w, https:\/\/www.ufpb.br\/comconf\/wp-content\/uploads\/sites\/79\/sites\/212\/2025\/03\/Organograma-Comissao-de-Conformidade-2048x1560.jpg 2048w\" sizes=\"auto, (max-width: 1024px) 100vw, 1024px\" \/><\/figure>\n\n\n\n<p><\/p>\n\n\n\n<p><\/p>\n\n\n\n<h2 class=\"wp-block-heading\">Germana Cavalcanti de Almeida<\/h2>\n\n\n\n<h3 class=\"wp-block-heading\">Coordenadora<\/h3>\n\n\n\n<p>Designa\u00e7\u00e3o: <strong><a href=\"https:\/\/boletim.sigepe.gov.br\/publicacao\/detalhar\/314522\">Portaria SCRF\/UFPB n\u00ba 876, de 4 de dezembro de 2024<\/a><\/strong><\/p>\n\n\n\n<p class=\" \">Gradua\u00e7\u00e3o em Licenciatura Plena em Letras Vern\u00e1culas e em Direito.<\/p>\n\n\n\n<p class=\" \">Email: conformidade@reitoria.ufpb.br &nbsp; &nbsp; &nbsp; &nbsp; &nbsp; &nbsp; &nbsp; &nbsp; &nbsp; &nbsp; &nbsp; &nbsp; &nbsp; &nbsp; &nbsp; &nbsp; &nbsp; &nbsp; &nbsp; &nbsp;<\/p>\n\n\n\n<p class=\" \"><strong>Compet\u00eancias<\/strong> (resolu\u00e7\u00e3o 36\/2018 UFPB CONSUNI, art. 6\u00ba)<\/p>\n\n\n\n<p class=\" \">Compete ao Coordenador(a) exercer atividades de planejamento, supervis\u00e3o,&nbsp;coordena\u00e7\u00e3o, orienta\u00e7\u00e3o, monitoramento, assessoramento especializado e execu\u00e7\u00e3o de trabalhos,&nbsp;estudos, pesquisas e an\u00e1lise, tais como:<\/p>\n\n\n\n<p class=\" \">I \u2013 zelar pelos princ\u00edpios estabelecidos nas Pol\u00edticas Institucionais, sobretudo do Sistema de&nbsp;Conformidade;<br>II \u2013 estabelecer novas diretrizes, quando necess\u00e1rio;<br>III \u2013 dirigir os trabalhos;<br>IV \u2013 manter a ordem e disciplina dos demais membros;<br>V \u2013 determinar o encaminhamento das comunica\u00e7\u00f5es, delibera\u00e7\u00f5es instru\u00e7\u00f5es e solicita\u00e7\u00f5es,&nbsp;assinando-as;<br>VI \u2013 estabelecer o calend\u00e1rio anual das reuni\u00f5es, e convocar os demais membros;<br>VII \u2013 resolver as quest\u00f5es de ordem;<br>VIII \u2013 votar sempre por \u00faltimo, sendo que em caso de empate, ter\u00e1 ainda o voto de&nbsp;qualidade;<br>IX \u2013 autorizar o fornecimento de c\u00f3pias das atas e processos;<br>X \u2013 informar os dados no Sistema Integrado de Gest\u00e3o \u2013 SIG (SIPAC, SIGRH, SIGPP).<\/p>\n\n\n\n<p class=\" \">&nbsp;<\/p>\n\n\n\n<p class=\" \"><\/p>\n\n\n\n<h2 class=\"wp-block-heading\">Rodrigo Mackssuel Silva de Melo<\/h2>\n\n\n\n<p class=\" \"><strong>Agente de Conformidade<\/strong> e <strong>Coordenador Adjunto<\/strong><\/p>\n\n\n\n<p>Designa\u00e7\u00e3o: <strong><a href=\"https:\/\/boletim.sigepe.gov.br\/publicacao\/detalhar\/356068\">Portaria SCRF\/UFPB n\u00ba 616, de 10 de junho de 2025<\/a><\/strong><\/p>\n\n\n\n<p class=\" \">Bacharel em Administra\u00e7\u00e3o P\u00fablica. Gradua\u00e7\u00e3o em Com\u00e9rcio Exterior e Especializa\u00e7\u00e3o em Gest\u00e3o P\u00fablica<\/p>\n\n\n\n<p>E-mail: conformidade@reitoria.ufpb.br<\/p>\n\n\n\n<p class=\" \"><strong>Compet\u00eancias<\/strong>&nbsp;(resolu\u00e7\u00e3o 36\/2018 UFPB CONSUNI, art. 8\u00ba):<\/p>\n\n\n\n<p>Compete ao Agente de Conformidade \u2013 AGECON:<br>I \u2013 assessorar o Coordenador (a) nos assuntos espec\u00edficos de conformidade;<br>II \u2013 apresentar propostas para o estabelecimento de novas diretrizes, quando necess\u00e1rio;<br>III \u2013 colaborar com o Coordenador (a) no exerc\u00edcio de suas fun\u00e7\u00f5es, quando solicitado;<br>IV \u2013 exercer as atribui\u00e7\u00f5es que lhe forem delegadas;<br>V \u2013 representar a Comiss\u00e3o de Conformidade sempre que necess\u00e1rio;<br>VI \u2013 analisar e revisar todas as normas, procedimentos, manuais ou quaisquer documentos resultantes do trabalho da Comiss\u00e3o de Conformidade;<br>VII \u2013 emitir parecer pr\u00e9vio das delibera\u00e7\u00f5es e instru\u00e7\u00f5es, a serem assinadas pelo Coordenador (a);<br>VIII \u2013 assessorar o Coordenador (a) nos aspectos t\u00e9cnico-jur\u00eddicos;<br>IX \u2013 orientar e apoiar o Coordenador (a), bem como responder \u00e0s consultas por este formulada;<br>X \u2013 realizar a\u00e7\u00f5es de monitoramento interno e demais atos de assessoramento no \u00e2mbito da conformidade da UFPB;<br>XI \u2013 promover estudos de simplifica\u00e7\u00e3o e padroniza\u00e7\u00e3o de rotinas de trabalho;<br>XII \u2013 propor modelos estruturais, visando alcan\u00e7ar rendimento sist\u00eamico, com aplica\u00e7\u00e3o de princ\u00edpios e t\u00e9cnicas gerenciais;<br>XIII \u2013 subsidiar o Coordenador (a) nos processos de tomada de decis\u00f5es atrav\u00e9s de an\u00e1lises dos problemas submetidos \u00e0 sua considera\u00e7\u00e3o, com o oferecimento de informa\u00e7\u00f5es e propostas alternativas, objetivas e suas prov\u00e1veis consequ\u00eancias;<br>XIV \u2013 avaliar continuamente os trabalhos de Conformidade;<br>XV \u2013 colocar em pr\u00e1tica as decis\u00f5es da Comiss\u00e3o de Conformidade;<br>XVI \u2013 comparecer \u00e0s reuni\u00f5es quando convocado;<br>XVIII \u2013 informar os dados no Sistema Integrado de Gest\u00e3o \u2013 SIG (SIPAC, SIGRH, SIGPP).<\/p>\n\n\n\n<p><\/p>\n\n\n\n<p><\/p>\n\n\n\n<p><\/p>\n","protected":false},"excerpt":{"rendered":"<p>Germana Cavalcanti de Almeida Coordenadora Designa\u00e7\u00e3o: Portaria SCRF\/UFPB n\u00ba 876, de 4 de dezembro de 2024 Gradua\u00e7\u00e3o em Licenciatura Plena em Letras Vern\u00e1culas e em Direito. Email: conformidade@reitoria.ufpb.br &nbsp; &nbsp; &nbsp; &nbsp; &nbsp; &nbsp; &nbsp; &nbsp; &nbsp; &nbsp; &nbsp; &nbsp; &nbsp; &nbsp; &nbsp; &nbsp; &nbsp; &nbsp; &nbsp; &nbsp; Compet\u00eancias (resolu\u00e7\u00e3o 36\/2018 UFPB CONSUNI, art. 6\u00ba) [&hellip;]<\/p>\n","protected":false},"author":63,"featured_media":0,"parent":425,"menu_order":0,"comment_status":"closed","ping_status":"closed","template":"","meta":{"footnotes":""},"class_list":["post-14","page","type-page","status-publish","hentry"],"_links":{"self":[{"href":"https:\/\/www.ufpb.br\/comconf\/wp-json\/wp\/v2\/pages\/14","targetHints":{"allow":["GET"]}}],"collection":[{"href":"https:\/\/www.ufpb.br\/comconf\/wp-json\/wp\/v2\/pages"}],"about":[{"href":"https:\/\/www.ufpb.br\/comconf\/wp-json\/wp\/v2\/types\/page"}],"author":[{"embeddable":true,"href":"https:\/\/www.ufpb.br\/comconf\/wp-json\/wp\/v2\/users\/63"}],"replies":[{"embeddable":true,"href":"https:\/\/www.ufpb.br\/comconf\/wp-json\/wp\/v2\/comments?post=14"}],"version-history":[{"count":14,"href":"https:\/\/www.ufpb.br\/comconf\/wp-json\/wp\/v2\/pages\/14\/revisions"}],"predecessor-version":[{"id":848,"href":"https:\/\/www.ufpb.br\/comconf\/wp-json\/wp\/v2\/pages\/14\/revisions\/848"}],"up":[{"embeddable":true,"href":"https:\/\/www.ufpb.br\/comconf\/wp-json\/wp\/v2\/pages\/425"}],"wp:attachment":[{"href":"https:\/\/www.ufpb.br\/comconf\/wp-json\/wp\/v2\/media?parent=14"}],"curies":[{"name":"wp","href":"https:\/\/api.w.org\/{rel}","templated":true}]}}