{"id":164,"date":"2025-03-21T08:24:05","date_gmt":"2025-03-21T11:24:05","guid":{"rendered":"https:\/\/www.ufpb.br\/comconf\/?page_id=164"},"modified":"2025-03-25T10:57:04","modified_gmt":"2025-03-25T13:57:04","slug":"funcionamento","status":"publish","type":"page","link":"https:\/\/www.ufpb.br\/comconf\/comissao-de-conformidade\/funcionamento\/","title":{"rendered":"Funcionamento"},"content":{"rendered":"\n<h3 class=\"wp-block-heading\"><img loading=\"lazy\" decoding=\"async\" alt=\"calendar-black-24px.png\" height=\"24\" src=\"https:\/\/lh6.googleusercontent.com\/8itOC0UwnDqVDI4QNFp1TbQ0RSyVzGIgwbG3um1ZEH-4aNk-Gday9NhqyCVwVrleJtSwSPLqKZevspzwmUsCh4x-iBCscxUshoZI9nLCq5-QnfXwoLHjw1gC00NEqKE3bBISS7xDb0vr6Qt-AvSGGyo\" width=\"24\">&nbsp; <strong>Presencial<\/strong><\/h3>\n\n\n\n<p><strong>07h30-12h30 \/ 13h30-19h00<\/strong> (dias \u00fateis)<\/p>\n\n\n\n<h3 class=\"wp-block-heading\"><img loading=\"lazy\" decoding=\"async\" alt=\"suporte-online-blk-24px.png\" height=\"24\" src=\"https:\/\/lh5.googleusercontent.com\/pqwh5W1qfekPpofTqUd-Fq04jK57vwXoRFDdbrGHiuGgUZ-Sa5fwGZpLkbZjlaJ5BdDwXMlZtoqjPg6kaEKkRxYJiOU1gvT6v9SzQY8DooFBTDMoREAAVaaBVvzpUlOZ0rZFG_vU8dHwWEfxTluMItY\" width=\"24\"><strong>&nbsp; Remoto<\/strong><\/h3>\n\n\n\n<p><strong>07h30-12h30 \/ 13h30-19h00\u00a0<\/strong>\u00a0(dias \u00fateis, via agendamento pr\u00e9vio por telefone ou e-mail)\u00a0<\/p>\n\n\n\n<h3 class=\"wp-block-heading\"><img loading=\"lazy\" decoding=\"async\" height=\"27\" src=\"https:\/\/lh4.googleusercontent.com\/P62Dtb9-wY3bAo8RHXEHENq_zYgyMp18Y0NX0iMafA9XtKP6A2tDK31Y-oGC9EIlTwRdEJGE8yilEVjxMNoGWh1CwpKDcQXIKw3E-J5FUQyKpNaOeRuRFLzUqtbzMpO1qhX5znkfSaWLXGrn1MCT9jo\" width=\"27\">&nbsp;<strong>Endere\u00e7o<\/strong><\/h3>\n\n\n\n<p><strong>Sala 07 &#8211; 3\u00b0 Andar &#8211; Pr\u00e9dio da Reitoria&nbsp; &#8211;&nbsp;Campus I &#8211; Cidade Universit\u00e1ria&nbsp;<\/strong><\/p>\n\n\n\n<p><strong>Jo\u00e3o Pessoa &#8211; PB &#8211; Brasil &#8211;&nbsp;CEP: 58051-900<\/strong><\/p>\n\n\n\n<h2 class=\"wp-block-heading\">Contatos:&nbsp;<\/h2>\n\n\n\n<h3 class=\"wp-block-heading\"><img loading=\"lazy\" decoding=\"async\" alt=\"call-black-24px.png\" height=\"24\" src=\"https:\/\/lh3.googleusercontent.com\/q_ProJi4Y7ScZWto2byCEg4wvPrj2NOrFbAe4rPUxJ1NN7FkXx81NHxRSKbrTZvfvlTEpwANyhWK1G0JnSt3MYakrUMQm3_PbobzhHytB4IwPdoNs7yInsxVib8lCOPeEvzxtcjmSZdzhuki7DPf9G4\" width=\"24\">&nbsp; <strong>Telefone<\/strong><\/h3>\n\n\n\n<p><strong>+55 (83) 3216-7874<\/strong><\/p>\n\n\n\n<h3 class=\"wp-block-heading\"><img loading=\"lazy\" decoding=\"async\" alt=\"email-black-24px.png\" height=\"24\" src=\"https:\/\/lh5.googleusercontent.com\/q7ZvtyQHpHAQZH3BNIN-8r25aiNp9hVd9nFbdgJVdjH8vzqtntmmG4V-ri7cr0j6Hicg_fweeoO28lvA1-v3UxkHEDRi4_dFDgpenr-GiWXHwPq_-IMmtVrOlLXnWGZWBZbirBA4AEP-54LX3llXbIo\" width=\"24\">&nbsp; <strong>E-mail<\/strong><\/h3>\n\n\n\n<p><strong><a href=\"mailto:conformidade@reitoria.ufpb.br\">conformidade@reitoria.ufpb.br<\/a>&nbsp;<\/strong><\/p>\n\n\n\n<h3 class=\"wp-block-heading\"><img loading=\"lazy\" decoding=\"async\" height=\"35\" src=\"https:\/\/lh4.googleusercontent.com\/WssKBcEl897RvuV_2ml8H3l1d97UWvStvJhpEUBsCrOFjgyggcD2JKHlzNI5477FTcTZi-AFDpjR-qTrnLLZHmWHTqMDMClaGo7E7VELC5LcoAdbPYTn9naHa6JBLT9XO0phlw0bcGFbe7L3pI6IF6Q\" width=\"35\"> Facebook&nbsp;<\/h3>\n\n\n\n<p class=\" \"><strong><a href=\"https:\/\/www.facebook.com\/profile.php?id=100068609619682\" target=\"_blank\" rel=\"noreferrer noopener\">Comiss\u00e3o De Conformidade<\/a>&nbsp;<\/strong><\/p>\n\n\n\n<h3 class=\"wp-block-heading\"><img loading=\"lazy\" decoding=\"async\" height=\"40\" src=\"https:\/\/lh5.googleusercontent.com\/BvyqxxW-sSeiVNieaet89UdSoc_Hq8JauHa_hm7A2r2COKpwe3A53TKpFAs0hyBQlkl1FFygFfQmrC8VTrhvUGhYyEq4OoKp_zY1vGCbFf0Znf27_0jgKF4HdJYqQoqPuKvmBcPIxMZD_xKB9HZdnBo\" width=\"40\"> Instagram<\/h3>\n\n\n\n<p><strong><a href=\"https:\/\/www.instagram.com\/conformidadeufpb\/\" target=\"_blank\" rel=\"noreferrer noopener\">@conformidadeufpb<\/a><\/strong><\/p>\n\n\n\n<p>X<\/p>\n\n\n\n<p><strong><a href=\"https:\/\/twitter.com\/ConformidadeU\" target=\"_blank\" rel=\"noreferrer noopener\">@conformidadeu<\/a><\/strong><\/p>\n","protected":false},"excerpt":{"rendered":"<p>&nbsp; Presencial 07h30-12h30 \/ 13h30-19h00 (dias \u00fateis) &nbsp; Remoto 07h30-12h30 \/ 13h30-19h00\u00a0\u00a0(dias \u00fateis, via agendamento pr\u00e9vio por telefone ou e-mail)\u00a0 &nbsp;Endere\u00e7o Sala 07 &#8211; 3\u00b0 Andar &#8211; Pr\u00e9dio da Reitoria&nbsp; &#8211;&nbsp;Campus I &#8211; Cidade Universit\u00e1ria&nbsp; Jo\u00e3o Pessoa &#8211; PB &#8211; Brasil &#8211;&nbsp;CEP: 58051-900 Contatos:&nbsp; &nbsp; Telefone +55 (83) 3216-7874 &nbsp; E-mail conformidade@reitoria.ufpb.br&nbsp; Facebook&nbsp; Comiss\u00e3o De [&hellip;]<\/p>\n","protected":false},"author":240,"featured_media":0,"parent":425,"menu_order":0,"comment_status":"closed","ping_status":"closed","template":"","meta":{"footnotes":""},"class_list":["post-164","page","type-page","status-publish","hentry"],"_links":{"self":[{"href":"https:\/\/www.ufpb.br\/comconf\/wp-json\/wp\/v2\/pages\/164","targetHints":{"allow":["GET"]}}],"collection":[{"href":"https:\/\/www.ufpb.br\/comconf\/wp-json\/wp\/v2\/pages"}],"about":[{"href":"https:\/\/www.ufpb.br\/comconf\/wp-json\/wp\/v2\/types\/page"}],"author":[{"embeddable":true,"href":"https:\/\/www.ufpb.br\/comconf\/wp-json\/wp\/v2\/users\/240"}],"replies":[{"embeddable":true,"href":"https:\/\/www.ufpb.br\/comconf\/wp-json\/wp\/v2\/comments?post=164"}],"version-history":[{"count":1,"href":"https:\/\/www.ufpb.br\/comconf\/wp-json\/wp\/v2\/pages\/164\/revisions"}],"predecessor-version":[{"id":165,"href":"https:\/\/www.ufpb.br\/comconf\/wp-json\/wp\/v2\/pages\/164\/revisions\/165"}],"up":[{"embeddable":true,"href":"https:\/\/www.ufpb.br\/comconf\/wp-json\/wp\/v2\/pages\/425"}],"wp:attachment":[{"href":"https:\/\/www.ufpb.br\/comconf\/wp-json\/wp\/v2\/media?parent=164"}],"curies":[{"name":"wp","href":"https:\/\/api.w.org\/{rel}","templated":true}]}}