{"id":18,"date":"2024-09-18T17:00:13","date_gmt":"2024-09-18T20:00:13","guid":{"rendered":"https:\/\/www.ufpb.br\/comconf2\/?page_id=18"},"modified":"2026-01-09T12:25:47","modified_gmt":"2026-01-09T15:25:47","slug":"fluxogramas-e-organogramas","status":"publish","type":"page","link":"https:\/\/www.ufpb.br\/comconf\/comissao-de-conformidade\/fluxogramas-e-organogramas\/","title":{"rendered":"Fluxogramas e Organogramas"},"content":{"rendered":"\n<ul class=\"wp-block-list\">\n<li><a href=\"http:\/\/www.ufpb.br\/comconf\/wp-content\/uploads\/sites\/79\/sites\/212\/2026\/01\/Fluxograma-TCU-2026-1.pdf\" data-type=\"link\" data-id=\"http:\/\/www.ufpb.br\/comconf\/wp-content\/uploads\/sites\/79\/sites\/212\/2026\/01\/Fluxograma-TCU-2026.pdf\">Fluxograma de tratamento das determina\u00e7\u00f5es\/recomenda\u00e7\u00f5es do\u00a0TCU, via CONECTA TCU, pela UFPB<\/a><\/li>\n\n\n\n<li><a href=\"http:\/\/www.ufpb.br\/comconf\/wp-content\/uploads\/sites\/79\/sites\/212\/2026\/01\/Fluxograma-CGU-2026.pdf\" target=\"_blank\" rel=\"noreferrer noopener\">Fluxograma de tratamento das DEMANDAS da CGU, via&nbsp;E-CGU, pela UFPB<\/a><\/li>\n<\/ul>\n\n\n\n<ul class=\"wp-block-list\">\n<li><strong><a href=\"http:\/\/www.ufpb.br\/comconf\/wp-content\/uploads\/sites\/79\/sites\/212\/2025\/05\/Fluxograma-Tratamento-de-Conflito-de-Interesses.pdf\" target=\"_blank\" rel=\"noreferrer noopener\">Fluxograma de tratamento de Conflito de Interesses<\/a>&nbsp;<\/strong><\/li>\n\n\n\n<li><strong><a href=\"http:\/\/www.ufpb.br\/comconf\/wp-content\/uploads\/sites\/79\/sites\/212\/2025\/05\/Fluxograma-Tratamento-de-Nepotismo.pdf\" target=\"_blank\" rel=\"noreferrer noopener\">Fluxograma de tratamento de Nepotismo<\/a><\/strong><\/li>\n<\/ul>\n\n\n\n<h3 class=\"wp-block-heading\"><strong>ORGANOGRAMAS:<\/strong>&nbsp;<\/h3>\n\n\n\n<ul class=\"wp-block-list\">\n<li><strong><a href=\"http:\/\/www.ufpb.br\/comconf\/wp-content\/uploads\/sites\/79\/sites\/212\/2025\/03\/Organograma-Comissao-de-Conformidade-scaled.jpg\" target=\"_blank\" rel=\"noreferrer noopener\">Comiss\u00e3o de Conformidade UFPB\/ComConf &#8211; UFPB<\/a><a href=\"https:\/\/www.ufpb.br\/comconf\/contents\/imagens\/organograma_comconf.jpg\" target=\"_blank\" rel=\"noreferrer noopener\">&nbsp;<\/a>(Resolu\u00e7\u00e3o n\u00ba. 36\/2018 CONSUNI)<\/strong><\/li>\n\n\n\n<li><strong><a href=\"http:\/\/www.ufpb.br\/comconf\/wp-content\/uploads\/sites\/79\/sites\/212\/2025\/03\/Organograma-Comite-de-Gestao-da-Integridade-scaled.jpg\" target=\"_blank\" rel=\"noreferrer noopener\">Comit\u00ea de Gest\u00e3o da Integridade&nbsp;CGI &#8211; UFPB<\/a>&nbsp;(Resolu\u00e7\u00e3o n\u00ba. 37\/2018 CONSUNI)<\/strong><\/li>\n\n\n\n<li><strong><a href=\"http:\/\/www.ufpb.br\/comconf\/wp-content\/uploads\/sites\/79\/sites\/212\/2025\/03\/Organograma-Comite-de-Governanca-Controle-Interno-e-Gestao-de-Riscos-ComGov-scaled.jpg\" target=\"_blank\" rel=\"noreferrer noopener\">Comit\u00ea de Governan\u00e7a, Controle Interno e Gest\u00e3o de Riscos\/ComGov &#8211; UFPB<\/a>&nbsp;(Resolu\u00e7\u00e3o n\u00ba. 38\/2018 CONSUNI)<\/strong><\/li>\n<\/ul>\n\n\n\n<p><\/p>\n","protected":false},"excerpt":{"rendered":"<p>ORGANOGRAMAS:&nbsp;<\/p>\n","protected":false},"author":63,"featured_media":0,"parent":425,"menu_order":0,"comment_status":"closed","ping_status":"closed","template":"","meta":{"footnotes":""},"class_list":["post-18","page","type-page","status-publish","hentry"],"_links":{"self":[{"href":"https:\/\/www.ufpb.br\/comconf\/wp-json\/wp\/v2\/pages\/18","targetHints":{"allow":["GET"]}}],"collection":[{"href":"https:\/\/www.ufpb.br\/comconf\/wp-json\/wp\/v2\/pages"}],"about":[{"href":"https:\/\/www.ufpb.br\/comconf\/wp-json\/wp\/v2\/types\/page"}],"author":[{"embeddable":true,"href":"https:\/\/www.ufpb.br\/comconf\/wp-json\/wp\/v2\/users\/63"}],"replies":[{"embeddable":true,"href":"https:\/\/www.ufpb.br\/comconf\/wp-json\/wp\/v2\/comments?post=18"}],"version-history":[{"count":7,"href":"https:\/\/www.ufpb.br\/comconf\/wp-json\/wp\/v2\/pages\/18\/revisions"}],"predecessor-version":[{"id":762,"href":"https:\/\/www.ufpb.br\/comconf\/wp-json\/wp\/v2\/pages\/18\/revisions\/762"}],"up":[{"embeddable":true,"href":"https:\/\/www.ufpb.br\/comconf\/wp-json\/wp\/v2\/pages\/425"}],"wp:attachment":[{"href":"https:\/\/www.ufpb.br\/comconf\/wp-json\/wp\/v2\/media?parent=18"}],"curies":[{"name":"wp","href":"https:\/\/api.w.org\/{rel}","templated":true}]}}