{"id":220,"date":"2025-03-24T10:32:44","date_gmt":"2025-03-24T13:32:44","guid":{"rendered":"https:\/\/www.ufpb.br\/comconf\/?page_id=220"},"modified":"2025-03-24T12:40:52","modified_gmt":"2025-03-24T15:40:52","slug":"conflito-de-interesses","status":"publish","type":"page","link":"https:\/\/www.ufpb.br\/comconf\/integridade\/campanhas-de-integridade\/conflito-de-interesses\/","title":{"rendered":"Conflito de Interesses"},"content":{"rendered":"<div class=\"wp-block-image\">\n<figure class=\"aligncenter size-full\"><img loading=\"lazy\" decoding=\"async\" width=\"336\" height=\"420\" src=\"http:\/\/www.ufpb.br\/comconf\/wp-content\/uploads\/sites\/79\/sites\/212\/2025\/03\/f3abbf2d-10f2-44f7-a285-40773bb6dd8f.jpeg\" alt=\"\" class=\"wp-image-221\" srcset=\"https:\/\/www.ufpb.br\/comconf\/wp-content\/uploads\/sites\/79\/sites\/212\/2025\/03\/f3abbf2d-10f2-44f7-a285-40773bb6dd8f.jpeg 336w, https:\/\/www.ufpb.br\/comconf\/wp-content\/uploads\/sites\/79\/sites\/212\/2025\/03\/f3abbf2d-10f2-44f7-a285-40773bb6dd8f-240x300.jpeg 240w\" sizes=\"auto, (max-width: 336px) 100vw, 336px\" \/><\/figure>\n<\/div>\n\n\n<p><\/p>\n\n\n\n<p class=\" \">A integridade p\u00fablica busca priorizar o interesse p\u00fablico sobre os interesses privados. Para o interesse p\u00fablico prevalecer, situa\u00e7\u00f5es em que haja conflito de interesses devem ser combatidas.<\/p>\n\n\n\n<p class=\" \">Agentes p\u00fablicos tamb\u00e9m podem exercer atividades remuneradas no setor privado, a exemplo de professores. A duplicidade de fun\u00e7\u00f5es, a princ\u00edpio, n\u00e3o constitui il\u00edcito. No entanto, para conciliar as atividades \u00e9 necess\u00e1rio conhecer bem os limites impostos \u00e0 atua\u00e7\u00e3o nas \u00e1reas p\u00fablica e privada.\u202f\u00c9 justamente sobre isso que trata a Lei de Conflito de Interesses (Lei n\u00ba 12.813, de 16 de maio de 2013).&nbsp;&nbsp;<\/p>\n\n\n\n<p class=\" \">A <a href=\"http:\/\/www.planalto.gov.br\/ccivil_03\/_Ato2011-2014\/2013\/Lei\/L12813.htm\" target=\"_blank\" rel=\"noreferrer noopener\">Lei de Conflito de Interesses<\/a>&nbsp;(<strong><a href=\"http:\/\/legislacao.planalto.gov.br\/legisla\/legislacao.nsf\/Viw_Identificacao\/lei%2012.813-2013?OpenDocument\" target=\"_blank\" rel=\"noreferrer noopener\">LEI N\u00ba 12.813, DE 16 DE MAIO DE 2013.<\/a><\/strong>) \u00e9 que define as situa\u00e7\u00f5es que configuram esse tipo de conflito durante e ap\u00f3s o exerc\u00edcio de cargo ou emprego no Poder Executivo Federal. A situa\u00e7\u00e3o \u00e9 caracterizada quando o confronto entre p\u00fablico e privado implica preju\u00edzo para o interesse coletivo ou para o desempenho da fun\u00e7\u00e3o p\u00fablica. E pode haver conflito mesmo que n\u00e3o haja dano ao patrim\u00f4nio p\u00fablico ou ganho financeiro decorrente da atividade privada.&nbsp;<\/p>\n\n\n\n<p class=\" \">No \u00e2mbito da UFPB, as quest\u00f5es referentes \u00e0 an\u00e1lise de conflito de interesses est\u00e3o regulamentadas na <a href=\"http:\/\/www.ufpb.br\/comconf\/wp-content\/uploads\/sites\/79\/sites\/212\/2025\/03\/portaria-no-092-reitoria.pdf\" target=\"_blank\" rel=\"noreferrer noopener\">PORTARIA N\u00ba 092, DE 16 DE AGOSTO DE 2023<\/a>, publicada do BOLETIM DE SERVI\u00c7O &#8211; N\u00ba 40. A portaria, aprovada pelo Comit\u00ea de Governan\u00e7a, Controle Interno e Gest\u00e3o de Riscos (COMGOV), estabelece que caber\u00e1 \u00e0 Comiss\u00e3o de \u00c9tica P\u00fablica (CEP\/UFPB):<\/p>\n\n\n\n<p class=\" \">I &#8211; receber as consultas sobre a exist\u00eancia de conflito de interesses e os pedidos de autoriza\u00e7\u00e3o para o exerc\u00edcio de atividade privada dos servidores, por meio do Sistema de Preven\u00e7\u00e3o de Conflitos de Interesses (SeCI) e comunicar aos interessados o resultado da an\u00e1lise;&nbsp;<\/p>\n\n\n\n<p>II &#8211; efetuar a an\u00e1lise preliminar acerca da exist\u00eancia ou n\u00e3o de potencial conflito de interesses, nas consultas a ela submetidas, e autorizar o servidor a exercer atividade privada, quando verificada a inexist\u00eancia de potencial conflito de interesses ou sua irrelev\u00e2ncia;&nbsp;<\/p>\n\n\n\n<p>III &#8211; encaminhar a consulta ou o pedido de autoriza\u00e7\u00e3o \u00e0 Controladoria-Geral da Uni\u00e3o (CGU), quando for identificada pela Comiss\u00e3o de \u00c9tica P\u00fablica da Universidade Federal da Para\u00edba, a exist\u00eancia de potencial conflito de interesses, mediante manifesta\u00e7\u00e3o fundamentada que identifique as raz\u00f5es de fato e de direito que configurem o poss\u00edvel conflito, e comunicar o servidor sobre o fato;&nbsp;<\/p>\n\n\n\n<p>IV &#8211; informar aos servidores sobre como prevenir ou impedir poss\u00edvel conflito de interesses e como resguardar informa\u00e7\u00e3o privilegiada;<\/p>\n\n\n\n<p class=\" \">A referida portaria estabelece ainda o seguinte fluxo para tratamento de conflito de interesses, no \u00e2mbito da UFPB:&nbsp;<\/p>\n\n\n\n<figure class=\"wp-block-image\"><img decoding=\"async\" src=\"https:\/\/lh6.googleusercontent.com\/t-udgOUoR4C8y2cO-VoCC_Mi503TliShXK8iw4q3L1l8zcNe_U2JJUFmK-h5dj0ENq-jLW0E83WmZfeiU0ivak26W3BeiG_Toj7powG11sVWaCgnXMUehKiecMXkcmCKhcSZZy9cbaBNLKke9kTPCOw\" alt=\"\" \/><\/figure>\n\n\n\n<p class=\" \">Link do site do Comiss\u00e3o de \u00c9tica P\u00fablica da UFPB: <strong><a href=\"http:\/\/www.ufpb.br\/eticapublica\" target=\"_blank\" rel=\"noreferrer noopener\">https:\/\/www.ufpb.br\/eticapublica<\/a><\/strong><\/p>\n\n\n\n<p><strong>1. Situa\u00e7\u00f5es que configuram conflito de interesses no exerc\u00edcio de cargo ou emprego p\u00fablico&nbsp;<\/strong><\/p>\n\n\n\n<p class=\" \">Segundo a Lei, um conflito de interesses surge quando um interesse privado do agente p\u00fablico pode influenciar de forma indevida o desempenho de sua fun\u00e7\u00e3o p\u00fablica ou comprometer o interesse coletivo (inciso I, art. 3\u00ba, Lei n\u00ba 12.813\/13). Considerando esse conceito geral, a Lei enumera situa\u00e7\u00f5es que podem configurar conflito de interesses enquanto no exerc\u00edcio de cargo ou emprego p\u00fablico (art. 5\u00ba, Lei n\u00ba 12.813\/13):&nbsp;<\/p>\n\n\n\n<p class=\" \"><strong>1.1<\/strong> Divulga\u00e7\u00e3o de informa\u00e7\u00e3o privilegiada (inciso I, art. 5\u00ba e inciso I, art. 6\u00ba). Todo agente p\u00fablico deve resguardar informa\u00e7\u00e3o privilegiada. E o que \u00e9 informa\u00e7\u00e3o privilegiada? N\u00e3o \u00e9 qualquer informa\u00e7\u00e3o. S\u00e3o informa\u00e7\u00f5es sigilosas ou informa\u00e7\u00f5es que tenham repercuss\u00e3o econ\u00f4mica ou financeira e que n\u00e3o sejam de amplo conhecimento. Essas informa\u00e7\u00f5es devem ser resguardadas a qualquer tempo (inciso I, art. 6\u00ba) e em qualquer circunst\u00e2ncia!&nbsp;<\/p>\n\n\n\n<p class=\" \">Ent\u00e3o, se o agente p\u00fablico \u00e9 professor, por exemplo, ele deve se abster de repassar em sala de aula ou em materiais did\u00e1ticos informa\u00e7\u00f5es privilegiadas.&nbsp;<\/p>\n\n\n\n<p class=\" \"><strong>1.2<\/strong> Presta\u00e7\u00e3o de servi\u00e7o ou rela\u00e7\u00e3o de neg\u00f3cio com quem tem interesse em decis\u00e3o do agente p\u00fablico (inciso II, art. 5\u00ba). O agente p\u00fablico n\u00e3o deve, por exemplo, prestar servi\u00e7o ou estabelecer rela\u00e7\u00e3o de neg\u00f3cio com institui\u00e7\u00e3o contratada pela sua unidade organizacional, sendo ele pr\u00f3prio o respons\u00e1vel pela contrata\u00e7\u00e3o.&nbsp;<\/p>\n\n\n\n<p class=\" \"><strong>1.3<\/strong> Exerc\u00edcio de atividade incompat\u00edvel com as atribui\u00e7\u00f5es do cargo ou emprego (inciso III, art. 5\u00ba). A incompatibilidade decorre da impossibilidade de exerc\u00edcio concomitante e pleno do cargo ou emprego p\u00fablico e de determinada atividade privada, pois uma das atividades n\u00e3o pode ser exercida em sua plenitude sem que o exerc\u00edcio da outra seja prejudicado. Como exemplo, podemos citar o agente p\u00fablico que trabalha com informa\u00e7\u00f5es relevantes para o mercado financeiro e tem a inten\u00e7\u00e3o de trabalhar com gerenciamento de carteiras no mesmo mercado. Ainda que este agente p\u00fablico se comprometa a n\u00e3o repassar informa\u00e7\u00f5es privilegiadas para seus colegas, ele n\u00e3o tem como se abster de usar essas informa\u00e7\u00f5es ao executar suas atividades no gerenciamento de carteiras de seus clientes.&nbsp;<\/p>\n\n\n\n<p class=\" \"><strong>1.4<\/strong> Representa\u00e7\u00e3o de interesses privados na Administra\u00e7\u00e3o P\u00fablica federal (inciso IV, art. 5\u00ba). O agente p\u00fablico n\u00e3o deve representar interesses privados em \u00f3rg\u00e3os e entidades nos quais ele possa ter tratamento diferenciado em raz\u00e3o de prest\u00edgio, respeito ou especial relacionamento com colegas de trabalho. O objetivo \u00e9 resguardar a impessoalidade e a moralidade em toda a Administra\u00e7\u00e3o P\u00fablica.<\/p>\n\n\n\n<p class=\" \"><strong>1.5<\/strong> Benef\u00edcio indevido a pessoa jur\u00eddica de que participe o agente p\u00fablico ou familiar pr\u00f3ximo (inciso V, art. 5\u00ba). O agente p\u00fablico n\u00e3o pode interferir deliberadamente em ato de gest\u00e3o de forma a beneficiar determinada pessoa jur\u00eddica de que ele mesmo ou algum parente pr\u00f3ximo seu participe. E se membros da sua fam\u00edlia atuam em atividades privadas que possam gerar conflito com as atividades do agente p\u00fablico, como, por exemplo, atuem em atividades que sejam fiscalizadas pelo agente p\u00fablico? O agente p\u00fablico deve comunicar \u00e0 chefia e abster-se de participar de decis\u00f5es relacionadas especificamente aos neg\u00f3cios da fam\u00edlia.<\/p>\n\n\n\n<p class=\" \"><strong>1.6<\/strong> Presta\u00e7\u00e3o de servi\u00e7os a empresa cuja atividade seja controlada, fiscalizada ou regulada pelo ente ao qual o agente p\u00fablico est\u00e1 vinculado (inciso VII, art. 5\u00ba). O agente p\u00fablico n\u00e3o pode prestar servi\u00e7o a empresa cuja atividade final\u00edstica submeta-se \u00e0 fiscaliza\u00e7\u00e3o, controle ou regula\u00e7\u00e3o do ente p\u00fablico ao qual o agente p\u00fablico \u00e9 vinculado.&nbsp;<\/p>\n\n\n\n<p class=\" \">&nbsp;<\/p>\n\n\n\n<p class=\" \"><strong>2. Poss\u00edveis consequ\u00eancias da configura\u00e7\u00e3o de conflito de interesses&nbsp;<\/strong><\/p>\n\n\n\n<p class=\" \">As consequ\u00eancias legais da configura\u00e7\u00e3o de conflito de interesses s\u00e3o gravosas. De acordo com a Lei de Conflito de Interesses, o agente p\u00fablico que se encontrar em situa\u00e7\u00e3o de conflito de interesses fica sujeito \u00e0 demiss\u00e3o (par\u00e1grafo \u00fanico, art. 12, Lei n\u00ba 12.813\/13) e a outras penalidades como pagamento de multa, ressarcimento do dano, se houver, e perda de direitos pol\u00edticos (par\u00e1grafo \u00fanico, art. 12, Lei n\u00ba 12.813\/13 e inciso III, art. 12, Lei n\u00ba 8.429\/92).&nbsp;<\/p>\n\n\n\n<p class=\" \"><\/p>\n\n\n\n<p class=\" \"><strong>3. Prevenindo situa\u00e7\u00f5es que possam gerar conflito de interesses&nbsp;<\/strong><\/p>\n\n\n\n<p class=\" \">Caso o agente p\u00fablico tenha interesse em exercer atividade privada ou tenha d\u00favidas em raz\u00e3o de poss\u00edvel conflito entre atividades desenvolvidas por seus familiares e suas fun\u00e7\u00f5es p\u00fablicas, o agente p\u00fablico deve, primeiramente, informar-se sobre as normas vigentes.&nbsp;&nbsp;<\/p>\n\n\n\n<p class=\" \"><strong><a href=\"https:\/\/www.gov.br\/cgu\/pt-br\/assuntos\/etica-e-integridade\/conflito-de-interesses\/conflito-de-interesses\" target=\"_blank\" rel=\"noreferrer noopener\">Saiba mais sobre Conflito de Interesses aqui&nbsp;<\/a><\/strong><\/p>\n\n\n\n<p class=\" \">As situa\u00e7\u00f5es que configuram conflito de interesses estipuladas pela Lei, contudo, n\u00e3o s\u00e3o de simples interpreta\u00e7\u00e3o frente aos casos concretos. \u00c9 necess\u00e1rio avaliar a relev\u00e2ncia do conflito de interesses identificado (inciso V, art. 8\u00ba). Na maioria dos casos, para se chegar a uma conclus\u00e3o satisfat\u00f3ria sobre os riscos de conflito de interesses que determinada situa\u00e7\u00e3o acarreta, \u00e9 preciso uma an\u00e1lise detalhada da situa\u00e7\u00e3o, levando-se em conta uma s\u00e9rie de quesitos, o que exige conhecimento sobre tema.<\/p>\n\n\n\n<p class=\" \">Ent\u00e3o, se mesmo ap\u00f3s a leitura dos normativos e orienta\u00e7\u00f5es as d\u00favidas persistirem, prefira consultar as inst\u00e2ncias respons\u00e1veis a correr riscos.&nbsp;<\/p>\n\n\n\n<p class=\" \">Se o agente p\u00fablico ocupa cargo DAS de n\u00edvel 5 ou superior, ou equivalentes, deve procurar a Comiss\u00e3o de \u00c9tica P\u00fablica da Presid\u00eancia da Rep\u00fablica (par\u00e1grafo \u00fanico, art. 8\u00ba, Lei n\u00ba 12813\/13).<\/p>\n\n\n\n<p class=\" \">Se n\u00e3o ocupar esses cargos, pode acessar o Sistema Eletr\u00f4nico de Preven\u00e7\u00e3o ao Conflito de Interesses (SeCI), dispon\u00edvel na internet, cadastrar-se e enviar sua d\u00favida. A consulta ser\u00e1 respondida pelo \u00f3rg\u00e3o ou entidade de exerc\u00edcio do agente p\u00fablico e, conforme o caso, contar\u00e1 com manifesta\u00e7\u00e3o final da Controladoria-Geral da Uni\u00e3o (par\u00e1grafo \u00fanico, art. 8\u00ba, Lei n\u00ba 12.813\/13).<\/p>\n\n\n\n<p class=\" \">A consulta sobre os riscos de conflito de interesses que uma situa\u00e7\u00e3o em concreto pode gerar \u00e9 uma boa pr\u00e1tica de gest\u00e3o de riscos pessoais. Mas \u00e9 tamb\u00e9m uma importante ferramenta para exercer a obriga\u00e7\u00e3o legal de prevenir situa\u00e7\u00f5es de conflito de interesses (art. 4\u00ba, Lei n\u00ba 12813\/13).&nbsp;<\/p>\n\n\n\n<p class=\" \">Observe, no entanto, que o exerc\u00edcio de determinadas atividades privadas pode ser vedado por normativos relacionados \u00e0 incompatibilidade de hor\u00e1rios, \u00e0 acumula\u00e7\u00e3o de cargos e empregos, ou ao regime jur\u00eddico ou \u00e0 carreira do agente p\u00fablico. Caso o agente p\u00fablico identifique que a atividade privada que pretende exercer se enquadra em algum impedimento legal, n\u00e3o relacionado \u00e0s normas de conflito de interesses, \u00e9 desnecess\u00e1rio submeter consulta sobre&nbsp; conflito de interesses no SeCI, visto que ao agente p\u00fablico estar\u00e1 vedado o exerc\u00edcio da atividade privada independentemente dos riscos de conflito de interesses relacionados \u00e0 atividade pretendida.<\/p>\n\n\n\n<p class=\" \">&nbsp;O que \u00e9 o <a href=\"https:\/\/www.gov.br\/cgu\/pt-br\/assuntos\/prevencao-da-corrupcao\/conflito-de-interesses\/seci-sistema\" target=\"_blank\" rel=\"noreferrer noopener\">SeCI<\/a>?<\/p>\n\n\n<div class=\"wp-block-image\">\n<figure class=\"aligncenter size-full\"><img loading=\"lazy\" decoding=\"async\" width=\"336\" height=\"420\" src=\"http:\/\/www.ufpb.br\/comconf\/wp-content\/uploads\/sites\/79\/sites\/212\/2025\/03\/f27338c7-972d-42b0-a856-20b04a3431bb.jpeg\" alt=\"\" class=\"wp-image-226\" srcset=\"https:\/\/www.ufpb.br\/comconf\/wp-content\/uploads\/sites\/79\/sites\/212\/2025\/03\/f27338c7-972d-42b0-a856-20b04a3431bb.jpeg 336w, https:\/\/www.ufpb.br\/comconf\/wp-content\/uploads\/sites\/79\/sites\/212\/2025\/03\/f27338c7-972d-42b0-a856-20b04a3431bb-240x300.jpeg 240w\" sizes=\"auto, (max-width: 336px) 100vw, 336px\" \/><\/figure>\n<\/div>\n\n\n<p><\/p>\n\n\n\n<p class=\" \">O <a href=\"https:\/\/seci.cgu.gov.br\/seci\/Login\/Externo.aspx?ReturnUrl=%2fseci\" target=\"_blank\" rel=\"noreferrer noopener\">SeCI<\/a> \u00e9 uma ferramenta eletr\u00f4nica que permite ao servidor ou ao empregado p\u00fablico federal n\u00e3o ocupante de cargo DAS 5 ou superior, ou equivalente, consultar seu \u00f3rg\u00e3o ou entidade quando tiver d\u00favida sobre como prevenir riscos de conflito de interesses. O sistema permite ao interessado submeter consulta, acompanhar seu andamento e interpor recurso, quando for o caso. Tudo de forma simples e r\u00e1pida, por meio da internet.&nbsp;<\/p>\n\n\n\n<p class=\" \">&nbsp;<strong>4. Exemplo pr\u00e1tico: Magist\u00e9rio&nbsp;<\/strong><\/p>\n\n\n<div class=\"wp-block-image\">\n<figure class=\"aligncenter size-full\"><img loading=\"lazy\" decoding=\"async\" width=\"336\" height=\"420\" src=\"http:\/\/www.ufpb.br\/comconf\/wp-content\/uploads\/sites\/79\/sites\/212\/2025\/03\/26917177-7a9a-45e4-b5dd-432345ee755e.jpeg\" alt=\"\" class=\"wp-image-227\" srcset=\"https:\/\/www.ufpb.br\/comconf\/wp-content\/uploads\/sites\/79\/sites\/212\/2025\/03\/26917177-7a9a-45e4-b5dd-432345ee755e.jpeg 336w, https:\/\/www.ufpb.br\/comconf\/wp-content\/uploads\/sites\/79\/sites\/212\/2025\/03\/26917177-7a9a-45e4-b5dd-432345ee755e-240x300.jpeg 240w\" sizes=\"auto, (max-width: 336px) 100vw, 336px\" \/><\/figure>\n<\/div>\n\n\n<p><\/p>\n\n\n\n<p class=\" \">Uma das atividades privadas mais comuns desempenhadas por agentes p\u00fablicos \u00e9 o magist\u00e9rio. Por isso, vamos examinar com mais detalhe alguns aspectos dessa quest\u00e3o.<\/p>\n\n\n\n<p class=\" \">Quais tipos de atividades s\u00e3o considerados exerc\u00edcio de magist\u00e9rio?&nbsp;<\/p>\n\n\n\n<p class=\" \">De acordo com a Orienta\u00e7\u00e3o Normativa CGU n\u00b0 2, de 9 de setembro de 2014, por atividade de magist\u00e9rio entende-se:&nbsp;<\/p>\n\n\n\n<blockquote class=\"wp-block-quote is-layout-flow wp-block-quote-is-layout-flow\">\n<ul class=\"wp-block-list\">\n<li>doc\u00eancia em institui\u00e7\u00e3o de ensino, de pesquisa ou de ci\u00eancia e tecnologia, p\u00fablica ou privada;&nbsp;<\/li>\n\n\n\n<li>ministra\u00e7\u00e3o de capacita\u00e7\u00e3o ou treinamento, mediante curso, palestra ou confer\u00eancia; e&nbsp;<\/li>\n\n\n\n<li>atividades de suporte \u00e0s anteriores, como de coordenador, monitor, preceptor, avaliador, integrante de banca examinadora de discente, presidente de mesa, moderador e debatedor.&nbsp;<\/li>\n<\/ul>\n<\/blockquote>\n\n\n\n<p>&nbsp;Regra geral: magist\u00e9rio \u00e9 permitido!&nbsp;<\/p>\n\n\n\n<p class=\" \">Como regra geral, o exerc\u00edcio de atividades de magist\u00e9rio \u00e9 permitido ao agente p\u00fablico federal, desde que respeitadas:&nbsp;<\/p>\n\n\n\n<p class=\" \">normas sobre compatibilidade de hor\u00e1rios, sobre acumula\u00e7\u00e3o de cargos e empregos, e sobre o regime jur\u00eddico e a carreira do agente p\u00fablico;&nbsp;<\/p>\n\n\n\n<p>&nbsp;a obriga\u00e7\u00e3o de declarar-se impedido de atuar em processo de interesse da entidade em que exer\u00e7a atividade de magist\u00e9rio como, por exemplo, a\u00e7\u00f5es de controle, correi\u00e7\u00e3o, avalia\u00e7\u00e3o, orienta\u00e7\u00e3o, fiscaliza\u00e7\u00e3o e regula\u00e7\u00e3o das atividades da institui\u00e7\u00e3o de ensino ou que afetem os interesses desta;&nbsp;<\/p>\n\n\n\n<p>&nbsp;a obriga\u00e7\u00e3o de resguardar informa\u00e7\u00e3o privilegiada.&nbsp;<\/p>\n\n\n\n<p>&nbsp;Aten\u00e7\u00e3o! Magist\u00e9rio em curso preparat\u00f3rio para concurso p\u00fablico ou processo seletivo&nbsp;<\/p>\n\n\n\n<p class=\" \">Se o agente p\u00fablico pretende exercer o magist\u00e9rio em curso preparat\u00f3rio para concurso p\u00fablico ou processo seletivo, no exerc\u00edcio de suas fun\u00e7\u00f5es p\u00fablicas, ele n\u00e3o poder\u00e1 atuar em atividades relacionadas \u00e0 defini\u00e7\u00e3o do cronograma ou do conte\u00fado program\u00e1tico do certame em quest\u00e3o, ou relacionada \u00e0 elabora\u00e7\u00e3o, aplica\u00e7\u00e3o e corre\u00e7\u00e3o de provas de qualquer fase, incluindo-se o curso de forma\u00e7\u00e3o, o teste psicot\u00e9cnico ou psicol\u00f3gico e a prova de aptid\u00e3o.&nbsp;<\/p>\n\n\n\n<p class=\" \">Aten\u00e7\u00e3o! Necess\u00e1rio diferenciar magist\u00e9rio de consultoria&nbsp;<\/p>\n\n\n\n<p class=\" \">As atividades de magist\u00e9rio, por vezes, podem ser confundidas com atividades de consultoria, as quais podem envolver riscos espec\u00edficos de conflito de interesses. Por isso, \u00e9 necess\u00e1rio diferenciar as atividades com clareza.&nbsp;<\/p>\n\n\n\n<p class=\" \">Enquanto nas atividades de magist\u00e9rio o conte\u00fado repassado pelo professor tem car\u00e1ter principalmente te\u00f3rico, ainda que sejam utilizados exemplos pr\u00e1ticos, a presta\u00e7\u00e3o de consultoria envolve an\u00e1lise de problemas enfrentados por um cliente espec\u00edfico e\/ou a proposi\u00e7\u00e3o de solu\u00e7\u00f5es individualizadas para esses problemas, levando-se em considera\u00e7\u00e3o as necessidades do cliente e a expertise profissional do prestador.<\/p>\n\n\n\n<p class=\" \">Observe que a diferen\u00e7a est\u00e1 nas caracter\u00edsticas do servi\u00e7o prestado \u2013 de conte\u00fado geral ou espec\u00edfico \u2013 e n\u00e3o na forma de entrega do servi\u00e7o. Ou seja, a presta\u00e7\u00e3o de consultoria pode ocorrer tamb\u00e9m por meio de capacita\u00e7\u00e3o, palestras e treinamentos, din\u00e2micas geralmente aplicadas em atividades de magist\u00e9rio.&nbsp;<\/p>\n\n\n\n<p class=\" \">Situa\u00e7\u00f5es de conflito de interesses?&nbsp;<\/p>\n\n\n\n<p class=\" \">Se o agente p\u00fablico tiver d\u00favidas sobre a aplica\u00e7\u00e3o da regra geral ao seu caso espec\u00edfico, em raz\u00e3o de:&nbsp;<\/p>\n\n\n\n<p class=\" \">1. a aplica\u00e7\u00e3o da regra geral pode prejudicar o exerc\u00edcio da fun\u00e7\u00e3o p\u00fablica;&nbsp;<\/p>\n\n\n\n<p class=\" \">2. inseguran\u00e7a quanto ao enquadramento das atividades que pretende desempenhar como magist\u00e9rio;&nbsp;<\/p>\n\n\n\n<p class=\" \">3. caracter\u00edsticas espec\u00edficas de sua atua\u00e7\u00e3o funcional ou da institui\u00e7\u00e3o de ensino contratante.&nbsp;<\/p>\n\n\n\n<p class=\" \">Consulte as inst\u00e2ncias respons\u00e1veis. N\u00e3o corra riscos!&nbsp;<\/p>\n\n\n\n<p class=\" \">Fonte:&nbsp;<strong><a href=\"https:\/\/www.gov.br\/cgu\/pt-br\/centrais-de-conteudo\/campanhas\/integridade-publica\/conflito-de-interesses\" target=\"_blank\" rel=\"noreferrer noopener\">https:\/\/www.gov.br\/cgu\/pt-br\/centrais-de-conteudo\/campanhas\/integridade-publica\/conflito-de-interesses&nbsp;<\/a><\/strong><\/p>\n\n\n\n<p class=\" \">&nbsp;<\/p>\n\n\n\n<p class=\" \"><strong>Comiss\u00e3o de Conformidade UFPB<\/strong><\/p>\n\n\n\n<p class=\" \">&nbsp;<\/p>\n\n\n\n<p class=\" \"><strong>Instagram:&nbsp;<a href=\"https:\/\/www.instagram.com\/conformidadeufpb\/\" target=\"_blank\" rel=\"noreferrer noopener\">@conformidadeufpb&nbsp;<\/a>&nbsp; &nbsp; &nbsp; &nbsp; &nbsp; &nbsp; &nbsp; &nbsp; &nbsp; &nbsp; &nbsp; &nbsp; &nbsp; &nbsp; &nbsp; &nbsp; &nbsp; &nbsp; &nbsp; &nbsp; &nbsp; &nbsp; &nbsp; &nbsp; &nbsp; &nbsp; Twitter: <a href=\"http:\/\/twitter.com\/ConformidadeU\" target=\"_blank\" rel=\"noreferrer noopener\">@conformidadeu<\/a><\/strong><\/p>\n\n\n\n<p class=\" \"><strong>Facebook: <a href=\"http:\/\/www.facebook.com\/profile.php?id=100068609619682\" target=\"_blank\" rel=\"noreferrer noopener\">Comiss\u00e3odeconformidade&nbsp;<\/a> &nbsp; &nbsp; &nbsp; &nbsp; &nbsp; &nbsp; &nbsp; &nbsp; &nbsp; &nbsp; &nbsp; &nbsp; &nbsp; &nbsp; &nbsp; &nbsp; &nbsp; &nbsp; &nbsp; &nbsp; &nbsp; &nbsp;Telefone: (83) 3216-7874<\/strong><\/p>\n","protected":false},"excerpt":{"rendered":"<p>A integridade p\u00fablica busca priorizar o interesse p\u00fablico sobre os interesses privados. Para o interesse p\u00fablico prevalecer, situa\u00e7\u00f5es em que haja conflito de interesses devem ser combatidas. Agentes p\u00fablicos tamb\u00e9m podem exercer atividades remuneradas no setor privado, a exemplo de professores. A duplicidade de fun\u00e7\u00f5es, a princ\u00edpio, n\u00e3o constitui il\u00edcito. No entanto, para conciliar as [&hellip;]<\/p>\n","protected":false},"author":240,"featured_media":0,"parent":204,"menu_order":0,"comment_status":"closed","ping_status":"closed","template":"","meta":{"footnotes":""},"class_list":["post-220","page","type-page","status-publish","hentry"],"_links":{"self":[{"href":"https:\/\/www.ufpb.br\/comconf\/wp-json\/wp\/v2\/pages\/220","targetHints":{"allow":["GET"]}}],"collection":[{"href":"https:\/\/www.ufpb.br\/comconf\/wp-json\/wp\/v2\/pages"}],"about":[{"href":"https:\/\/www.ufpb.br\/comconf\/wp-json\/wp\/v2\/types\/page"}],"author":[{"embeddable":true,"href":"https:\/\/www.ufpb.br\/comconf\/wp-json\/wp\/v2\/users\/240"}],"replies":[{"embeddable":true,"href":"https:\/\/www.ufpb.br\/comconf\/wp-json\/wp\/v2\/comments?post=220"}],"version-history":[{"count":4,"href":"https:\/\/www.ufpb.br\/comconf\/wp-json\/wp\/v2\/pages\/220\/revisions"}],"predecessor-version":[{"id":263,"href":"https:\/\/www.ufpb.br\/comconf\/wp-json\/wp\/v2\/pages\/220\/revisions\/263"}],"up":[{"embeddable":true,"href":"https:\/\/www.ufpb.br\/comconf\/wp-json\/wp\/v2\/pages\/204"}],"wp:attachment":[{"href":"https:\/\/www.ufpb.br\/comconf\/wp-json\/wp\/v2\/media?parent=220"}],"curies":[{"name":"wp","href":"https:\/\/api.w.org\/{rel}","templated":true}]}}