{"id":285,"date":"2025-03-24T14:18:38","date_gmt":"2025-03-24T17:18:38","guid":{"rendered":"https:\/\/www.ufpb.br\/comconf\/?page_id=285"},"modified":"2026-03-04T10:25:27","modified_gmt":"2026-03-04T13:25:27","slug":"comite-de-gestao-da-integridade","status":"publish","type":"page","link":"https:\/\/www.ufpb.br\/comconf\/integridade\/programa-de-integridade\/comite-de-gestao-da-integridade\/","title":{"rendered":"Comit\u00ea de Gest\u00e3o da Integridade"},"content":{"rendered":"\n<p><\/p>\n\n\n\n<p>O Comit\u00ea de Gest\u00e3o da Integridade (CGI)&nbsp; foi criado pela <a href=\"https:\/\/sig-arq.ufpb.br\/arquivos\/20180881554a2d1155720d4d2d0b2e385\/Runi37_2018.pdf\" target=\"_blank\" rel=\"noreferrer noopener\">RESOLU\u00c7\u00c3O N\u00ba 37\/2018<\/a>&nbsp;e&nbsp; tem por finalidade coordenar a estrutura\u00e7\u00e3o, execu\u00e7\u00e3o e monitoramento do Programa de Integridade no \u00e2mbito da Universidade Federal da Para\u00edba \u2013 UFPB.<\/p>\n\n\n\n<p>&nbsp;<strong>COMPOSI\u00c7\u00c3O:<\/strong><\/p>\n\n\n\n<p>I \u2013 Coordenador da Comiss\u00e3o de Conformidade da UFPB, como coordenador do Comit\u00ea de Gest\u00e3o da Integridade \u2013 CGI, na forma do \u00a72\u00ba do Art. 4\u00ba da Portaria CGU n\u00ba 1.089 de 25 de abril de 2018;<br>II \u2013 Ouvidor Geral;<br>III \u2013 Presidente da Comiss\u00e3o de \u00c9tica;<br>IV \u2013 Representante da PROGEP para an\u00e1lise de conflito de interesse no \u00e2mbito da Gest\u00e3o de Pessoas;<br>V \u2013 Corregedor Geral;<br>VI &#8211; Representante da Pr\u00f3 reitoria de Planejamento e Desenvolvimento (Proplan) para assegurar o alinhamento do Programa de Integridade ao Plano de Desenvolvimento Institucional (PDI) e de a\u00e7\u00f5es e iniciativas de integridade no \u00e2mbito do planejamento institucional.<\/p>\n\n\n\n<p><\/p>\n\n\n\n<p><strong>Compete ao Comit\u00ea de Gest\u00e3o da Integridade \u2013 CGI da UFPB:<\/strong><\/p>\n\n\n\n<p>I \u2013 Coordenar a elabora\u00e7\u00e3o e revis\u00e3o de Plano de Integridade da UFPB, com vistas \u00e0 preven\u00e7\u00e3o e \u00e0 mitiga\u00e7\u00e3o de vulnerabilidades eventualmente identificadas;<br>II \u2013 Coordenar a implementa\u00e7\u00e3o do Programa de Integridade da UFPB e exercer o seu monitoramento cont\u00ednuo, visando seu aperfei\u00e7oamento na preven\u00e7\u00e3o, detec\u00e7\u00e3o e combate \u00e0 ocorr\u00eancia de atos lesivos;<br>III \u2013 Atuar na orienta\u00e7\u00e3o e treinamento dos servidores da UFPB com rela\u00e7\u00e3o aos temas atinentes ao Programa de Integridade;<br>IV \u2013 Promover outras a\u00e7\u00f5es relacionadas \u00e0 gest\u00e3o da integridade, em conjunto com as demais \u00e1reas da UFPB.<\/p>\n\n\n\n<p><strong>PORTARIAS:<a href=\"http:\/\/plone.ufpb.br\/comconf\/contents\/documentos\/portarias-e-resolucoes\/portaria-no-321-bs_56-2022.pdf\" target=\"_blank\" rel=\"noreferrer noopener\"><\/a><\/strong><\/p>\n\n\n\n<p><strong><a href=\"http:\/\/www.ufpb.br\/comconf\/wp-content\/uploads\/sites\/79\/sites\/212\/2025\/03\/portaria-no-321-bs_56-2022.pdf\" target=\"_blank\" rel=\"noreferrer noopener\">PORTARIAS N\u00ba 321, DE 9 DE SETEMBRO DE 2022<\/a>&nbsp;&#8211;&nbsp;<\/strong>Revoga a Portaria n\u00ba 280, de 24\/09\/2019, e altera&nbsp;a composi\u00e7\u00e3o do Comit\u00ea de Gest\u00e3o da Integridade. (<a href=\"https:\/\/sig-arq.ufpb.br\/arquivos\/20221821537d924605983d6747f1fdebb\/BS_56-2022.pdf\" target=\"_blank\" rel=\"noreferrer noopener\">Boletim de Servi\u00e7os N\u00b0 56 de 2022<\/a>)<\/p>\n\n\n\n<p><a href=\"http:\/\/www.ufpb.br\/comconf\/wp-content\/uploads\/sites\/79\/sites\/212\/2026\/02\/PORTARIA_292_BS-Atualizacao-da-composicao-do-CGI-1.pdf\" data-type=\"link\" data-id=\"http:\/\/www.ufpb.br\/comconf\/wp-content\/uploads\/sites\/79\/sites\/212\/2026\/02\/PORTARIA_292_BS-Atualizacao-da-composicao-do-CGI-1.pdf\">PORTARIA N\u00b0 292, DE 24 DE NOVEMBRO DE 2025 &#8211;<\/a> Atualiza a composi\u00e7\u00e3o do Comit\u00ea de<br>Gest\u00e3o da Integridade (CGI) da UFPB (Boletim de Servi\u00e7os N\u00ba 59 de 2025) <\/p>\n\n\n\n<p><\/p>\n\n\n\n<p><strong>ATAS:&nbsp;<\/strong><\/p>\n\n\n\n<p class=\" \"><strong>2022<\/strong><\/p>\n\n\n\n<p class=\" \">\u00a0<strong><a href=\"http:\/\/www.ufpb.br\/comconf\/wp-content\/uploads\/sites\/79\/sites\/212\/2025\/03\/ata_1_2022_comconf5748781633910060216.pdf\" target=\"_blank\" rel=\"noreferrer noopener\">Ata da 1\u00b0 Reuni\u00e3o de 2022 &#8211;\u00a022 de Agosto de 2022<\/a><\/strong><\/p>\n\n\n\n<p class=\" \">&nbsp;<strong><a href=\"http:\/\/www.ufpb.br\/comconf\/wp-content\/uploads\/sites\/79\/sites\/212\/2025\/03\/ATA_2_2022_COMCONF.pdf\" target=\"_blank\" rel=\"noreferrer noopener\">Ata da 2\u00b0 Reuni\u00e3o de 2022 &#8211;&nbsp;04 de Outubro de 2022<\/a><\/strong><\/p>\n\n\n\n<p class=\" \"><strong><a href=\"http:\/\/www.ufpb.br\/comconf\/wp-content\/uploads\/sites\/79\/sites\/212\/2025\/03\/ata-no-3-2022-cgi.pdf\" target=\"_blank\" rel=\"noreferrer noopener\">Ata da 3\u00b0 Reuni\u00e3o de 2022 &#8211;&nbsp;06 de Dezembro de 2022<\/a><\/strong><\/p>\n\n\n\n<p><strong>2025<\/strong><\/p>\n\n\n\n<p><a href=\"http:\/\/www.ufpb.br\/comconf\/wp-content\/uploads\/sites\/79\/sites\/212\/2026\/02\/CGI-04-06-25.pdf\" data-type=\"link\" data-id=\"http:\/\/www.ufpb.br\/comconf\/wp-content\/uploads\/sites\/79\/sites\/212\/2026\/02\/CGI-04-06-25.pdf\">Ata da 1\u00ba Reuni\u00e3o de 2025 &#8211; 04 de Junho de 2025<\/a><\/p>\n\n\n\n<p><a href=\"http:\/\/www.ufpb.br\/comconf\/wp-content\/uploads\/sites\/79\/sites\/212\/2026\/02\/CGI-07-08-25.pdf\" data-type=\"link\" data-id=\"http:\/\/www.ufpb.br\/comconf\/wp-content\/uploads\/sites\/79\/sites\/212\/2026\/02\/CGI-07-08-25.pdf\">Ata da 2\u00ba Reuni\u00e3o de 2025 &#8211; 07 de Agosto de 2025<\/a><\/p>\n\n\n\n<p><strong>2026<\/strong><\/p>\n\n\n\n<p><a href=\"http:\/\/www.ufpb.br\/comconf\/wp-content\/uploads\/sites\/79\/sites\/212\/2026\/03\/Ata-CGI-19.02.2026.pdf\">Ata da 1\u00aa Reuni\u00e3o de 2026 &#8211; 19 de Fevereiro de 2026<\/a><\/p>\n\n\n\n<p><\/p>\n","protected":false},"excerpt":{"rendered":"<p>O Comit\u00ea de Gest\u00e3o da Integridade (CGI)&nbsp; foi criado pela RESOLU\u00c7\u00c3O N\u00ba 37\/2018&nbsp;e&nbsp; tem por finalidade coordenar a estrutura\u00e7\u00e3o, execu\u00e7\u00e3o e monitoramento do Programa de Integridade no \u00e2mbito da Universidade Federal da Para\u00edba \u2013 UFPB. &nbsp;COMPOSI\u00c7\u00c3O: I \u2013 Coordenador da Comiss\u00e3o de Conformidade da UFPB, como coordenador do Comit\u00ea de Gest\u00e3o da Integridade \u2013 CGI, [&hellip;]<\/p>\n","protected":false},"author":240,"featured_media":0,"parent":296,"menu_order":0,"comment_status":"closed","ping_status":"closed","template":"","meta":{"footnotes":""},"class_list":["post-285","page","type-page","status-publish","hentry"],"_links":{"self":[{"href":"https:\/\/www.ufpb.br\/comconf\/wp-json\/wp\/v2\/pages\/285","targetHints":{"allow":["GET"]}}],"collection":[{"href":"https:\/\/www.ufpb.br\/comconf\/wp-json\/wp\/v2\/pages"}],"about":[{"href":"https:\/\/www.ufpb.br\/comconf\/wp-json\/wp\/v2\/types\/page"}],"author":[{"embeddable":true,"href":"https:\/\/www.ufpb.br\/comconf\/wp-json\/wp\/v2\/users\/240"}],"replies":[{"embeddable":true,"href":"https:\/\/www.ufpb.br\/comconf\/wp-json\/wp\/v2\/comments?post=285"}],"version-history":[{"count":4,"href":"https:\/\/www.ufpb.br\/comconf\/wp-json\/wp\/v2\/pages\/285\/revisions"}],"predecessor-version":[{"id":800,"href":"https:\/\/www.ufpb.br\/comconf\/wp-json\/wp\/v2\/pages\/285\/revisions\/800"}],"up":[{"embeddable":true,"href":"https:\/\/www.ufpb.br\/comconf\/wp-json\/wp\/v2\/pages\/296"}],"wp:attachment":[{"href":"https:\/\/www.ufpb.br\/comconf\/wp-json\/wp\/v2\/media?parent=285"}],"curies":[{"name":"wp","href":"https:\/\/api.w.org\/{rel}","templated":true}]}}