{"id":332,"date":"2025-03-24T14:52:49","date_gmt":"2025-03-24T17:52:49","guid":{"rendered":"https:\/\/www.ufpb.br\/comconf\/?page_id=332"},"modified":"2025-04-03T10:42:06","modified_gmt":"2025-04-03T13:42:06","slug":"comgov","status":"publish","type":"page","link":"https:\/\/www.ufpb.br\/comconf\/comgov\/","title":{"rendered":"ComGov"},"content":{"rendered":"\n<p><a href=\"https:\/\/www.ufpb.br\/comconf\/comgov\/comite-de-governanca-controle-interno-e-gestao-de-riscos\/\">Comit\u00ea de Governan\u00e7a, Controle Interno e Gest\u00e3o de Riscos<\/a><\/p>\n\n\n\n<p><a href=\"https:\/\/www.ufpb.br\/comconf\/comgov\/calendario-de-reuniao-do-comgov\/\">Calend\u00e1rio de Reuni\u00e3o do Comgov<\/a><\/p>\n\n\n\n<p><a href=\"https:\/\/www.ufpb.br\/comconf\/comgov\/atas-do-comgov\/\">Atas<\/a><\/p>\n\n\n\n<p><a href=\"https:\/\/www.ufpb.br\/comconf\/comgov\/portarias-do-comgov\/\">Portarias<\/a><\/p>\n","protected":false},"excerpt":{"rendered":"<p>Comit\u00ea de Governan\u00e7a, Controle Interno e Gest\u00e3o de Riscos Calend\u00e1rio de Reuni\u00e3o do Comgov Atas Portarias<\/p>\n","protected":false},"author":240,"featured_media":0,"parent":0,"menu_order":0,"comment_status":"closed","ping_status":"closed","template":"","meta":{"footnotes":""},"class_list":["post-332","page","type-page","status-publish","hentry"],"_links":{"self":[{"href":"https:\/\/www.ufpb.br\/comconf\/wp-json\/wp\/v2\/pages\/332","targetHints":{"allow":["GET"]}}],"collection":[{"href":"https:\/\/www.ufpb.br\/comconf\/wp-json\/wp\/v2\/pages"}],"about":[{"href":"https:\/\/www.ufpb.br\/comconf\/wp-json\/wp\/v2\/types\/page"}],"author":[{"embeddable":true,"href":"https:\/\/www.ufpb.br\/comconf\/wp-json\/wp\/v2\/users\/240"}],"replies":[{"embeddable":true,"href":"https:\/\/www.ufpb.br\/comconf\/wp-json\/wp\/v2\/comments?post=332"}],"version-history":[{"count":5,"href":"https:\/\/www.ufpb.br\/comconf\/wp-json\/wp\/v2\/pages\/332\/revisions"}],"predecessor-version":[{"id":563,"href":"https:\/\/www.ufpb.br\/comconf\/wp-json\/wp\/v2\/pages\/332\/revisions\/563"}],"wp:attachment":[{"href":"https:\/\/www.ufpb.br\/comconf\/wp-json\/wp\/v2\/media?parent=332"}],"curies":[{"name":"wp","href":"https:\/\/api.w.org\/{rel}","templated":true}]}}