{"id":492,"date":"2025-03-26T08:47:59","date_gmt":"2025-03-26T11:47:59","guid":{"rendered":"https:\/\/www.ufpb.br\/comconf\/?page_id=492"},"modified":"2025-03-26T08:59:24","modified_gmt":"2025-03-26T11:59:24","slug":"pdi","status":"publish","type":"page","link":"https:\/\/www.ufpb.br\/comconf\/pdi\/","title":{"rendered":"Plano de Desenvolvimento Institucional (PDI)"},"content":{"rendered":"\n<p>O Plano de Desenvolvimento Institucional (PDI) da\u00a0Universidade Federal da Para\u00edba (UFPB)\u00a0\u00e9 um importante instrumento norteador do planejamento estrat\u00e9gico e\u00a0uma ferramenta de gest\u00e3o voltada \u00e0 melhoria do desempenho institucional.\u00a0Constitui um instrumento de alcance de objetivos estrat\u00e9gicos, por meio de a\u00e7\u00f5es e iniciativas voltadas \u00e0 qualidade da educa\u00e7\u00e3o e \u00e0 gest\u00e3o eficiente, eficaz, efetiva, econ\u00f4mica e transparente.<\/p>\n\n\n\n<p>Acesse o PDI atual e os anteriores atrav\u00e9s do link abaixo:<\/p>\n\n\n\n<p><a href=\"https:\/\/www.ufpb.br\/proplan\/contents\/paginas\/acoes\/codeplan\/planos\/pdi\">https:\/\/www.ufpb.br\/proplan\/contents\/paginas\/acoes\/codeplan\/planos\/pdi<\/a><\/p>\n\n\n\n<p><\/p>\n","protected":false},"excerpt":{"rendered":"<p>O Plano de Desenvolvimento Institucional (PDI) da\u00a0Universidade Federal da Para\u00edba (UFPB)\u00a0\u00e9 um importante instrumento norteador do planejamento estrat\u00e9gico e\u00a0uma ferramenta de gest\u00e3o voltada \u00e0 melhoria do desempenho institucional.\u00a0Constitui um instrumento de alcance de objetivos estrat\u00e9gicos, por meio de a\u00e7\u00f5es e iniciativas voltadas \u00e0 qualidade da educa\u00e7\u00e3o e \u00e0 gest\u00e3o eficiente, eficaz, efetiva, econ\u00f4mica e transparente. [&hellip;]<\/p>\n","protected":false},"author":240,"featured_media":495,"parent":0,"menu_order":0,"comment_status":"closed","ping_status":"closed","template":"","meta":{"footnotes":""},"class_list":["post-492","page","type-page","status-publish","has-post-thumbnail","hentry"],"_links":{"self":[{"href":"https:\/\/www.ufpb.br\/comconf\/wp-json\/wp\/v2\/pages\/492","targetHints":{"allow":["GET"]}}],"collection":[{"href":"https:\/\/www.ufpb.br\/comconf\/wp-json\/wp\/v2\/pages"}],"about":[{"href":"https:\/\/www.ufpb.br\/comconf\/wp-json\/wp\/v2\/types\/page"}],"author":[{"embeddable":true,"href":"https:\/\/www.ufpb.br\/comconf\/wp-json\/wp\/v2\/users\/240"}],"replies":[{"embeddable":true,"href":"https:\/\/www.ufpb.br\/comconf\/wp-json\/wp\/v2\/comments?post=492"}],"version-history":[{"count":2,"href":"https:\/\/www.ufpb.br\/comconf\/wp-json\/wp\/v2\/pages\/492\/revisions"}],"predecessor-version":[{"id":496,"href":"https:\/\/www.ufpb.br\/comconf\/wp-json\/wp\/v2\/pages\/492\/revisions\/496"}],"wp:featuredmedia":[{"embeddable":true,"href":"https:\/\/www.ufpb.br\/comconf\/wp-json\/wp\/v2\/media\/495"}],"wp:attachment":[{"href":"https:\/\/www.ufpb.br\/comconf\/wp-json\/wp\/v2\/media?parent=492"}],"curies":[{"name":"wp","href":"https:\/\/api.w.org\/{rel}","templated":true}]}}