{"id":151,"date":"2025-08-13T16:17:45","date_gmt":"2025-08-13T19:17:45","guid":{"rendered":"https:\/\/www.ufpb.br\/comu\/?page_id=151"},"modified":"2026-04-17T16:20:21","modified_gmt":"2026-04-17T19:20:21","slug":"relatorios-de-gestao","status":"publish","type":"page","link":"https:\/\/www.ufpb.br\/comu\/relatorios-de-gestao\/","title":{"rendered":"Relat\u00f3rios de Gest\u00e3o"},"content":{"rendered":"\n<p><a href=\"http:\/\/www.ufpb.br\/comu\/wp-content\/uploads\/sites\/79\/sites\/269\/2026\/04\/CoMu-UFPB_RELATORIO-DE-ATIVIDADES-2025-1.pdf\" data-type=\"link\" data-id=\"http:\/\/www.ufpb.br\/comu\/wp-content\/uploads\/sites\/79\/sites\/269\/2026\/04\/CoMu-UFPB_RELATORIO-DE-ATIVIDADES-2025-1.pdf\" target=\"_blank\" rel=\"noreferrer noopener\">Relat\u00f3rio de Atividades 2025<\/a><\/p>\n\n\n\n<p><a href=\"https:\/\/www.ufpb.br\/comu\/wp-content\/uploads\/sites\/79\/sites\/269\/2025\/03\/relatorio-final-1-2024.pdf\" target=\"_blank\" rel=\"noreferrer noopener\">Relat\u00f3rio de Gest\u00e3o \u2013 2024<\/a><\/p>\n\n\n\n<p><a href=\"https:\/\/www.ufpb.br\/comu\/wp-content\/uploads\/sites\/79\/sites\/269\/2025\/03\/relatorio-anual-2023.pdf\" target=\"_blank\" rel=\"noreferrer noopener\">Relat\u00f3rio de Gest\u00e3o \u2013 2023<\/a><\/p>\n\n\n\n<p><a href=\"https:\/\/www.ufpb.br\/comu\/wp-content\/uploads\/sites\/79\/sites\/269\/2025\/03\/copy_of_20212022_RelatrioGestoCoMu.docx.pdf\" target=\"_blank\" rel=\"noreferrer noopener\">Relat\u00f3rio de Gest\u00e3o \u2013 2021-2023<\/a><\/p>\n\n\n\n<p><a href=\"https:\/\/www.ufpb.br\/comu\/wp-content\/uploads\/sites\/79\/sites\/269\/2025\/03\/RelatriodegestodaCoMu20182020_aprovadoPlenria.pdf\" target=\"_blank\" rel=\"noreferrer noopener\">Relat\u00f3rio de Gest\u00e3o \u2013 2018-2020<\/a><\/p>\n\n\n\n<p><\/p>\n","protected":false},"excerpt":{"rendered":"<p>Relat\u00f3rio de Atividades 2025 Relat\u00f3rio de Gest\u00e3o \u2013 2024 Relat\u00f3rio de Gest\u00e3o \u2013 2023 Relat\u00f3rio [&hellip;]<\/p>\n","protected":false},"author":236,"featured_media":0,"parent":0,"menu_order":0,"comment_status":"closed","ping_status":"closed","template":"","meta":{"footnotes":""},"class_list":["post-151","page","type-page","status-publish","hentry"],"_links":{"self":[{"href":"https:\/\/www.ufpb.br\/comu\/wp-json\/wp\/v2\/pages\/151","targetHints":{"allow":["GET"]}}],"collection":[{"href":"https:\/\/www.ufpb.br\/comu\/wp-json\/wp\/v2\/pages"}],"about":[{"href":"https:\/\/www.ufpb.br\/comu\/wp-json\/wp\/v2\/types\/page"}],"author":[{"embeddable":true,"href":"https:\/\/www.ufpb.br\/comu\/wp-json\/wp\/v2\/users\/236"}],"replies":[{"embeddable":true,"href":"https:\/\/www.ufpb.br\/comu\/wp-json\/wp\/v2\/comments?post=151"}],"version-history":[{"count":6,"href":"https:\/\/www.ufpb.br\/comu\/wp-json\/wp\/v2\/pages\/151\/revisions"}],"predecessor-version":[{"id":1436,"href":"https:\/\/www.ufpb.br\/comu\/wp-json\/wp\/v2\/pages\/151\/revisions\/1436"}],"wp:attachment":[{"href":"https:\/\/www.ufpb.br\/comu\/wp-json\/wp\/v2\/media?parent=151"}],"curies":[{"name":"wp","href":"https:\/\/api.w.org\/{rel}","templated":true}]}}