{"id":155,"date":"2025-08-13T16:21:11","date_gmt":"2025-08-13T19:21:11","guid":{"rendered":"https:\/\/www.ufpb.br\/comu\/?page_id=155"},"modified":"2025-11-14T15:39:56","modified_gmt":"2025-11-14T18:39:56","slug":"editais-e-regimentos","status":"publish","type":"page","link":"https:\/\/www.ufpb.br\/comu\/editais-e-regimentos\/","title":{"rendered":"Editais e Regimentos"},"content":{"rendered":"\n<figure class=\"wp-block-table\"><table class=\"has-fixed-layout\"><tbody><tr><td><a href=\"\/\/\/Users\/user\/Downloads\/Homologacao_do_resultado_-_processo_eleitoral_CGCOMU.pdf\" data-type=\"link\" data-id=\"file:\/\/\/Users\/user\/Downloads\/Homologacao_do_resultado_-_processo_eleitoral_CGCOMU.pdf\"><span style=\"text-decoration: underline\"><strong><mark style=\"background-color:#ffffff\" class=\"has-inline-color has-vivid-cyan-blue-color\">Chapas homologadas para o Conselho Gestor<\/mark><\/strong><\/span><\/a><\/td><\/tr><tr><td><strong><mark style=\"background-color:#ffffff\" class=\"has-inline-color has-vivid-cyan-blue-color\"><span style=\"text-decoration: underline\"><a href=\"http:\/\/www.ufpb.br\/comu\/wp-content\/uploads\/sites\/79\/sites\/269\/2025\/10\/EDITAL.CG-COMU.pdf\">Elei\u00e7\u00e3o para o Conselho Gestor <\/a><\/span><\/mark><\/strong> &#8211; 2025\/2027<\/td><\/tr><tr><td><strong><a href=\"http:\/\/plone.ufpb.br\/comu\/contents\/documentos\/edital_eleicao_retificado.pdf\" target=\"_blank\" rel=\"noreferrer noopener\"><mark style=\"background-color:#ffffff\" class=\"has-inline-color has-vivid-cyan-blue-color\"><span style=\"text-decoration: underline\">Edital Retificado para elei\u00e7\u00e3o da CoMu<\/span><\/mark><\/a>&nbsp;<\/strong>\u2013 2024\/2026<\/td><\/tr><tr><td><a href=\"http:\/\/www.ufpb.br\/comu\/wp-content\/uploads\/sites\/79\/sites\/269\/2025\/03\/edital_eleicao_coordenacao_1.pdf\" target=\"_blank\" rel=\"noreferrer noopener\"><strong><mark style=\"background-color:#ffffff\" class=\"has-inline-color has-vivid-cyan-blue-color\"><span style=\"text-decoration: underline\">Elei\u00e7\u00e3o para Coordena\u00e7\u00e3o da CoMu<\/span><\/mark><\/strong><\/a>&nbsp;\u2013 2024\/2026<\/td><\/tr><tr><td><strong><a href=\"http:\/\/www.ufpb.br\/comu\/wp-content\/uploads\/sites\/79\/sites\/269\/2025\/03\/edital_eleicao_2023-conselho-gestor.pdf\"><mark style=\"background-color:#ffffff\" class=\"has-inline-color has-vivid-cyan-blue-color\"><span style=\"text-decoration: underline\">Elei\u00e7\u00e3o para o Conselho Gestor<\/span><\/mark> <\/a><\/strong>\u2013 2023\/2025<\/td><\/tr><tr><td><a href=\"http:\/\/plone.ufpb.br\/comu\/contents\/destaques\/comissao-organizadora-retifica-regimento-da-iv-plenaria-de-mulheres\/RetificaoRegimento_IVPlenariademulheres.pdf\" data-type=\"link\" data-id=\"http:\/\/plone.ufpb.br\/comu\/contents\/destaques\/comissao-organizadora-retifica-regimento-da-iv-plenaria-de-mulheres\/RetificaoRegimento_IVPlenariademulheres.pdf\"><strong><mark style=\"background-color:#ffffff\" class=\"has-inline-color has-vivid-cyan-blue-color\"><span style=\"text-decoration: underline\">Retifica\u00e7\u00e3o do Regimento da IV Plen\u00e1ria de Mulheres da UFPB<\/span><\/mark><\/strong><\/a><\/td><\/tr><tr><td><a href=\"http:\/\/plone.ufpb.br\/comu\/contents\/destaques\/comissao-organizadora-publica-regimento-para-ii-plenaria-de-mulheres\/RegimentoIIPlenariademulheresAprovado1.pdf\"><strong><mark style=\"background-color:#ffffff\" class=\"has-inline-color has-vivid-cyan-blue-color\"><span style=\"text-decoration: underline\">Regimento<\/span><\/mark><\/strong><\/a><a href=\"http:\/\/plone.ufpb.br\/comu\/contents\/destaques\/comissao-organizadora-publica-regimento-para-ii-plenaria-de-mulheres\/RegimentoIIPlenariademulheresAprovado1.pdf\" data-type=\"link\" data-id=\"http:\/\/plone.ufpb.br\/comu\/contents\/destaques\/comissao-organizadora-publica-regimento-para-ii-plenaria-de-mulheres\/RegimentoIIPlenariademulheresAprovado1.pdf\"><strong><mark style=\"background-color:#ffffff\" class=\"has-inline-color has-vivid-cyan-blue-color\"><span style=\"text-decoration: underline\">&nbsp;\u2013 IV Plen\u00e1ria de Mulheres<\/span><\/mark><\/strong><\/a><\/td><\/tr><tr><td><a href=\"http:\/\/plone.ufpb.br\/comu\/contents\/destaques\/edital-de-eleicao-das-conselheiras-do-conselho-gestor\/editaleleicao_cgcomu.pdf\"><strong><mark style=\"background-color:#ffffff\" class=\"has-inline-color has-vivid-cyan-blue-color\"><span style=\"text-decoration: underline\">Elei\u00e7\u00e3o<\/span><\/mark><\/strong><\/a><a href=\"http:\/\/plone.ufpb.br\/comu\/contents\/destaques\/comissao-organizadora-publica-regimento-para-ii-plenaria-de-mulheres\/RegimentoIIPlenariademulheresAprovado1.pdf\"><strong><mark style=\"background-color:#ffffff\" class=\"has-inline-color has-vivid-cyan-blue-color\"><span style=\"text-decoration: underline\">&nbsp;para o Conselho Gestor<\/span><\/mark> \u2013&nbsp;<\/strong><\/a>2021\/2023<\/td><\/tr><tr><td><a href=\"http:\/\/plone.ufpb.br\/comu\/contents\/destaques\/comissao-organizadora-publica-regimento-para-ii-plenaria-de-mulheres\/RegimentoIIPlenariademulheresAprovado1.pdf\"><strong><mark style=\"background-color:#ffffff\" class=\"has-inline-color has-vivid-cyan-blue-color\"><span style=\"text-decoration: underline\">Regimento<\/span><\/mark><\/strong><\/a><a href=\"http:\/\/plone.ufpb.br\/comu\/contents\/destaques\/edital-de-eleicao-das-conselheiras-do-conselho-gestor\/editaleleicao_cgcomu.pdf\"><strong><mark style=\"background-color:#ffffff\" class=\"has-inline-color has-vivid-cyan-blue-color\"><span style=\"text-decoration: underline\">&nbsp;\u2013 II Plen\u00e1ria de Mulheres<\/span><\/mark><\/strong><\/a><\/td><\/tr><tr><td><a href=\"http:\/\/plone.ufpb.br\/comu\/contents\/menu\/editais-comu\"><strong><mark style=\"background-color:#ffffff\" class=\"has-inline-color has-vivid-cyan-blue-color\"><span style=\"text-decoration: underline\">Edital<\/span><\/mark><\/strong><\/a><a href=\"http:\/\/plone.ufpb.br\/comu\/contents\/destaques\/comissao-organizadora-publica-regimento-para-ii-plenaria-de-mulheres\/RegimentoIIPlenariademulheresAprovado1.pdf\"><strong><mark style=\"background-color:#ffffff\" class=\"has-inline-color has-vivid-cyan-blue-color\"><span style=\"text-decoration: underline\">&nbsp;de Elei\u00e7\u00e3o&nbsp; para o CGCoMu<\/span><\/mark><\/strong><\/a>&nbsp;\u2013 2019\/2021<\/td><\/tr><tr><td><a href=\"http:\/\/plone.ufpb.br\/comu\/contents\/documentos\/edital-monitoria.pdf\"><strong><mark style=\"background-color:#ffffff\" class=\"has-inline-color has-vivid-cyan-blue-color\"><span style=\"text-decoration: underline\">Edital de Monitoria<\/span><\/mark><\/strong><\/a><a href=\"http:\/\/plone.ufpb.br\/comu\/contents\/menu\/editais-comu\"><strong><mark style=\"background-color:#ffffff\" class=\"has-inline-color has-vivid-cyan-blue-color\"><span style=\"text-decoration: underline\">&nbsp;\u2013 III Semin\u00e1rio Mulheres e Universidade<\/span><\/mark><\/strong><\/a><\/td><\/tr><tr><td><a href=\"http:\/\/plone.ufpb.br\/comu\/contents\/menu\/editais-comu\"><strong><mark style=\"background-color:#ffffff\" class=\"has-inline-color has-vivid-cyan-blue-color\"><span style=\"text-decoration: underline\">Edital&nbsp;<\/span><\/mark><\/strong><\/a><a href=\"http:\/\/plone.ufpb.br\/comu\/contents\/documentos\/edital-monitoria.pdf\"><strong><mark style=\"background-color:#ffffff\" class=\"has-inline-color has-vivid-cyan-blue-color\"><span style=\"text-decoration: underline\">de est\u00e1gio \u2013 PRAC\/CoMu<\/span><\/mark><\/strong><\/a><\/td><\/tr><\/tbody><\/table><\/figure>\n","protected":false},"excerpt":{"rendered":"<p>Chapas homologadas para o Conselho Gestor Elei\u00e7\u00e3o para o Conselho Gestor &#8211; 2025\/2027 Edital Retificado [&hellip;]<\/p>\n","protected":false},"author":236,"featured_media":0,"parent":0,"menu_order":0,"comment_status":"closed","ping_status":"closed","template":"","meta":{"footnotes":""},"class_list":["post-155","page","type-page","status-publish","hentry"],"_links":{"self":[{"href":"https:\/\/www.ufpb.br\/comu\/wp-json\/wp\/v2\/pages\/155","targetHints":{"allow":["GET"]}}],"collection":[{"href":"https:\/\/www.ufpb.br\/comu\/wp-json\/wp\/v2\/pages"}],"about":[{"href":"https:\/\/www.ufpb.br\/comu\/wp-json\/wp\/v2\/types\/page"}],"author":[{"embeddable":true,"href":"https:\/\/www.ufpb.br\/comu\/wp-json\/wp\/v2\/users\/236"}],"replies":[{"embeddable":true,"href":"https:\/\/www.ufpb.br\/comu\/wp-json\/wp\/v2\/comments?post=155"}],"version-history":[{"count":7,"href":"https:\/\/www.ufpb.br\/comu\/wp-json\/wp\/v2\/pages\/155\/revisions"}],"predecessor-version":[{"id":431,"href":"https:\/\/www.ufpb.br\/comu\/wp-json\/wp\/v2\/pages\/155\/revisions\/431"}],"wp:attachment":[{"href":"https:\/\/www.ufpb.br\/comu\/wp-json\/wp\/v2\/media?parent=155"}],"curies":[{"name":"wp","href":"https:\/\/api.w.org\/{rel}","templated":true}]}}