{"id":18,"date":"2025-03-12T12:37:34","date_gmt":"2025-03-12T15:37:34","guid":{"rendered":"https:\/\/www.ufpb.br\/comu\/?page_id=18"},"modified":"2025-09-05T11:41:48","modified_gmt":"2025-09-05T14:41:48","slug":"apresentacao","status":"publish","type":"page","link":"https:\/\/www.ufpb.br\/comu\/apresentacao\/","title":{"rendered":"Apresenta\u00e7\u00e3o"},"content":{"rendered":"\n<p><strong>A CoMu<\/strong> &#8211; <em>Centro de Refer\u00eancia de Pol\u00edticas de Preven\u00e7\u00e3o e Enfrentamento \u00e0s Viol\u00eancias contra as Mulheres da UFPB<\/em>-, \u00e9 um equipamento institucional de atua\u00e7\u00e3o permanente para os quatro <em>campi <\/em>da UFPB.\u00a0<\/p>\n\n\n\n<p>Criada em 2018, a trajet\u00f3ria da CoMu representa um avan\u00e7o hist\u00f3rico na defesa dos direitos das mulheres no \u00e2mbito universit\u00e1rio.&nbsp; Sendo regulamentada por:&nbsp;<\/p>\n\n\n\n<ul class=\"wp-block-list\">\n<li><a href=\"https:\/\/sig-arq.ufpb.br\/arquivos\/2018232090ca211122232d30444d5d439\/Runi26_2018.pdf\"><strong>Resolu\u00e7\u00e3o 26\/2018 CONSUNI\/UFPB<\/strong><\/a><strong> (2018-2025):<\/strong> <strong>Comit\u00ea de Pol\u00edticas de Preven\u00e7\u00e3o e Enfrentamento \u00e0 Viol\u00eancia contra as Mulheres na UFPB (CoMu)<\/strong>, sendo revogada pela<\/li>\n\n\n\n<li><a href=\"https:\/\/sig-arq.ufpb.br\/arquivos\/2025127181068579156988a1677ab84d4\/Resoluo_n._18.2025_Consuni.pdf\"><strong>Resolu\u00e7\u00e3o 18\/2025 CONSUNI\/UFPB<\/strong><\/a><strong> (agosto\/2025 &#8211; atual):<\/strong> <strong>Centro de Refer\u00eancia de Pol\u00edticas de Preven\u00e7\u00e3o e Enfrentamento \u00e0s Viol\u00eancias contra as Mulheres da UFPB (CoMu)<\/strong>. Essa nova resolu\u00e7\u00e3o da CoMu consolida as atividades j\u00e1 desenvolvidas ao longo da sua trajet\u00f3ria, e avan\u00e7a em pontos considerados desafiadores, como a organiza\u00e7\u00e3o administrativa.<\/li>\n<\/ul>\n\n\n\n<p>A hist\u00f3ria da CoMu nasce da for\u00e7a e da mobiliza\u00e7\u00e3o das mulheres da UFPB. Em abril de 2017, durante o <em>\u201cI Semin\u00e1rio: Mulheres e Universidade \u2013 por uma pol\u00edtica institucional de combate \u00e0s opress\u00f5es\u201d<\/em>, promovido pelo <strong>F\u00f3rum de Mulheres em Luta da UFPB<\/strong> \u2013 movimento auto-organizado de mulheres que trabalham, estudam e convivem na universidade \u2013, foi apresentada \u00e0 Reitoria, em audi\u00eancia p\u00fablica, a reivindica\u00e7\u00e3o de uma pol\u00edtica institucional voltada ao enfrentamento das opress\u00f5es e desigualdades vividas pelas mulheres.<\/p>\n\n\n\n<p>Fruto dessa mobiliza\u00e7\u00e3o e da constru\u00e7\u00e3o coletiva, em 2018, o Conselho Universit\u00e1rio (CONSUNI\/UFPB) aprovou a <strong>Resolu\u00e7\u00e3o 26\/2018<\/strong>, que criou o <strong>Comit\u00ea de Pol\u00edticas de Preven\u00e7\u00e3o e Enfrentamento \u00e0 Viol\u00eancia contra as Mulheres na UFPB (CoMu)<\/strong>. Esse foi o primeiro passo para institucionalizar, dentro das universidades federais, um espa\u00e7o permanente de acolhimento, preven\u00e7\u00e3o e enfrentamento \u00e0s viol\u00eancias contra as mulheres.<\/p>\n\n\n\n<p>Assim, a CoMu \u00e9 um <strong>espa\u00e7o pioneiro nas Universidades Federais Brasileiras<\/strong>, sendo o <strong>primeiro equipamento institucional do tipo criado por ato de um Conselho Superior<\/strong>. Entre as 69 universidades federais do pa\u00eds, a UFPB foi a primeira a consolidar, por meio de resolu\u00e7\u00e3o, uma estrutura permanente dedicada \u00e0 preven\u00e7\u00e3o e ao enfrentamento das viol\u00eancias contra as mulheres (<a href=\"https:\/\/www.ccta.ufpb.br\/editoraccta\/contents\/titulos\/ciencias-sociais-aplicadas\/o-enfrentamento-as-violencias-contra-as-mulheres-mapeamento-dos-equipamentos-e-politicas-institucionais-existentes-nas-universidades-federais-brasileiras\">Rufino; Leite, 2025<\/a>).<\/p>\n\n\n\n<p>Esse marco reafirma a inova\u00e7\u00e3o e a relev\u00e2ncia da CoMu, n\u00e3o apenas para a comunidade universit\u00e1ria, mas tamb\u00e9m como refer\u00eancia nacional na promo\u00e7\u00e3o de pol\u00edticas de enfrentamento a todas as formas de viol\u00eancias contra as mulheres na universidade e de equidade e defesa dos direitos das mulheres.<\/p>\n\n\n\n<p>A <strong>CoMu<\/strong> representa um <strong>lugar seguro para as mulheres da UFPB<\/strong>: um espa\u00e7o acolhedor que garante suporte \u00e0s suas demandas, com respeito \u00e0 autonomia e ao sigilo das informa\u00e7\u00f5es. Al\u00e9m disso, a CoMu tem o papel de <strong>promover a elabora\u00e7\u00e3o coletiva da Pol\u00edtica de Preven\u00e7\u00e3o e Enfrentamento \u00e0 Viol\u00eancia contra as Mulheres da UFPB<\/strong>, integrando ensino, pesquisa, extens\u00e3o e gest\u00e3o institucional.<\/p>\n\n\n\n<p>Desde sua cria\u00e7\u00e3o a CoMu segue firme nesse compromisso: <strong>ser um espa\u00e7o de acolhimento, prote\u00e7\u00e3o e fortalecimento das mulheres na universidade<\/strong>.<\/p>\n\n\n\n<p>Desde sua cria\u00e7\u00e3o, a <strong>CoMu<\/strong> tem atua\u00e7\u00e3o nos quatro <em>campi<\/em> da UFPB, estruturando seu trabalho em quatro dimens\u00f5es centrais:<strong> 1) Estrat\u00e9gica; 2) Acolhimento e Orienta\u00e7\u00e3o; 3) Preven\u00e7\u00e3o; 4) Enfrentamento<\/strong>. Essas dimens\u00f5es t\u00eam como principais objetivos:&nbsp;<\/p>\n\n\n\n<ul class=\"wp-block-list\">\n<li>Construir, implementar e promover a Pol\u00edtica de Preven\u00e7\u00e3o e Enfrentamento \u00e0s viol\u00eancias contra as mulheres, atuando na proposi\u00e7\u00e3o e acompanhamento de protocolos e pol\u00edticas institucionais que garantam a igualdade de direitos e o enfrentamento das diversas formas de viol\u00eancia\u00a0 contra as mulheres em todos os campi da UFPB;<\/li>\n\n\n\n<li>Realizar Acolhimento, Orienta\u00e7\u00e3o e encaminhamento especializado para mulheres da comunidade universit\u00e1ria (estudantes, docentes, t\u00e9cnico-administrativas, terceirizadas e que convivem na UFPB) em situa\u00e7\u00e3o de viol\u00eancia.<\/li>\n\n\n\n<li>Atuar na Preven\u00e7\u00e3o e Enfrentamento das situa\u00e7\u00f5es de viol\u00eancia contra as mulheres (cisg\u00eanero, transg\u00eanero e travestis) nos quatro campi da UFPB;<\/li>\n\n\n\n<li>Desenvolver atividades de ensino, pesquisa e extens\u00e3o sobre o tema da viol\u00eancia contra as mulheres\u00a0 na universidade.<\/li>\n<\/ul>\n\n\n\n<p>A <strong>CoMu<\/strong> atua na preven\u00e7\u00e3o e enfrentamento das diversas formas de viol\u00eancia na UFPB em raz\u00e3o da condi\u00e7\u00e3o de ser mulher. Isso inclui viol\u00eancias <strong>f\u00edsica, psicol\u00f3gica, sexual, moral, patrimonial, institucional e simb\u00f3lica<\/strong>, al\u00e9m da viol\u00eancia <strong>pol\u00edtica, cibern\u00e9tica, stalking, ass\u00e9dio moral, ass\u00e9dio sexual e desqualifica\u00e7\u00e3o intelectual<\/strong>. A atua\u00e7\u00e3o tamb\u00e9m reconhece como viol\u00eancia situa\u00e7\u00f5es de <strong>racismo, lesbofobia, bifobia, transfobia<\/strong>, bem como a falta de seguran\u00e7a no cotidiano universit\u00e1rio e os <strong>d\u00e9ficits na garantia de estudo e trabalho<\/strong> para mulheres \u2013 em especial gestantes, m\u00e3es e mulheres com defici\u00eancia.<\/p>\n\n\n\n<p>Essas viol\u00eancias tamb\u00e9m se expressam em um cotidiano de racismo, lesbofobia, bifobia e transfobia e se refletem ainda na <strong>baixa participa\u00e7\u00e3o das mulheres nos espa\u00e7os de decis\u00e3o e representa\u00e7\u00e3o<\/strong>, afetando de forma mais intensa mulheres <strong>negras, trans, LGBTs e ind\u00edgenas<\/strong>.<\/p>\n\n\n\n<p>Para enfrentar essa realidade e garantir um atendimento integrado, sem revitimiza\u00e7\u00e3o das mulheres, a CoMu se articula com diversas unidades administrativas da UFPB, como as pr\u00f3-reitorias e a Ouvidoria Geral, e tamb\u00e9m com a rede externa de prote\u00e7\u00e3o: <strong>Delegacias Especializadas de Atendimento \u00e0 Mulher (DEAMs), Patrulha Maria da Penha do Governo do Estado e o Centro de Refer\u00eancia da Mulher Ednalva Bezerra (Jo\u00e3o Pessoa)<\/strong>, entre outros.<\/p>\n\n\n\n<p>Desde 2018, a CoMu tamb\u00e9m integra a <strong>Rede de Aten\u00e7\u00e3o \u00e0s Mulheres em Situa\u00e7\u00e3o de Viol\u00eancia Dom\u00e9stica e Sexual (Reamcav)<\/strong>, rede estadual organizada pela Secretaria de Estado das Mulheres e da Diversidade Humana e por \u00f3rg\u00e3os como a rede de sa\u00fade, a Coordena\u00e7\u00e3o das Delegacias Especializadas da Mulher da Pol\u00edcia Civil da PB, o Programa Integrado Patrulha Maria da Penha, a Defensoria P\u00fablica e o Tribunal de Justi\u00e7a, entre outros servi\u00e7os e entidades.<\/p>\n\n\n\n<p>Na UFPB, a <strong>CoMu<\/strong> \u00e9, desde sua cria\u00e7\u00e3o (\u00a7 2\u00ba\/Art. 13 da Resolu\u00e7\u00e3o n\u00ba 26\/2018 CONSUNI\/UFPB), a <strong>porta de entrada para todas as den\u00fancias de viol\u00eancia contra a mulher<\/strong>. Essa fun\u00e7\u00e3o \u00e9 exercida em <strong>parceria com a Ouvidoria Geral da UFPB<\/strong>, consolidada no seu Regulamento (Resolu\u00e7\u00e3o 06\/2020 CONSUNI\/UFPB). A CoMu est\u00e1 cadastrada nos sistemas da Ouvidoria para receber e acompanhar manifesta\u00e7\u00f5es relacionadas \u00e0 viol\u00eancia contra a mulher, garantindo que cada den\u00fancia seja tratada de forma <strong>especializada, segura e humanizada<\/strong>. Assim, toda mulher que decide denunciar a viol\u00eancia sofrida encontra na CoMu um espa\u00e7o de apoio qualificado e acompanhamento cont\u00ednuo, desde o acolhimento inicial at\u00e9 a finaliza\u00e7\u00e3o do processo.<\/p>\n\n\n\n<p>A CoMu conta ainda com o <strong>Conselho Gestor (CG-CoMu)<\/strong>, inst\u00e2ncia m\u00e1xima deliberativa, formada por representantes dos tr\u00eas segmentos (estudantil, docente e t\u00e9cnico-administrativo) de todos os campi da UFPB, al\u00e9m da PRAPE, PROGEP e Corregedoria Geral.<\/p>\n\n\n\n<p><strong>Conhe\u00e7a e acompanhe a CoMu<\/strong><\/p>\n\n\n\n<p>Acompanhe nossos materiais no site: resolu\u00e7\u00f5es, relat\u00f3rios de gest\u00e3o, perguntas frequentes e muito mais.<\/p>\n\n\n\n<p>Siga tamb\u00e9m nosso Instagram<a href=\"https:\/\/instagram.com\/comuufpb?utm_source=chatgpt.com\"> @comuufpb<\/a> para ficar por dentro de a\u00e7\u00f5es, campanhas, conquistas e eventos.<\/p>\n\n\n\n<p><strong>A CoMu \u00e9 de todas as mulheres da UFPB.&nbsp;<\/strong><\/p>\n\n\n\n<p><strong>Participe, acompanhe e fortale\u00e7a esse espa\u00e7o de enfrentamento e prote\u00e7\u00e3o!<\/strong><\/p>\n\n\n\n<p><\/p>\n","protected":false},"excerpt":{"rendered":"<p>O Comit\u00ea de Pol\u00edticas de Preven\u00e7\u00e3o e Enfrentamento \u00e0 Viol\u00eancia contra as Mulheres na UFPB (CoMu) atua no acolhimento e orienta\u00e7\u00e3o \u00e0s mulheres em situa\u00e7\u00e3o de viol\u00eancia na universidade. Aprovado no dia 28 de setembro de 2018 pelo Conselho Universit\u00e1rio \u2013 Consuni (Resolu\u00e7\u00e3o n\u00ba 26\/2018), \u00e9 um espa\u00e7o institucional criado a partir das demandas das mulheres da UFPB que, desde 2017, v\u00eam reivindicando uma pol\u00edtica institucional de combate \u00e0s opress\u00f5es na universidade.<\/p>\n","protected":false},"author":47,"featured_media":256,"parent":0,"menu_order":0,"comment_status":"closed","ping_status":"closed","template":"","meta":{"footnotes":""},"class_list":["post-18","page","type-page","status-publish","has-post-thumbnail","hentry"],"_links":{"self":[{"href":"https:\/\/www.ufpb.br\/comu\/wp-json\/wp\/v2\/pages\/18","targetHints":{"allow":["GET"]}}],"collection":[{"href":"https:\/\/www.ufpb.br\/comu\/wp-json\/wp\/v2\/pages"}],"about":[{"href":"https:\/\/www.ufpb.br\/comu\/wp-json\/wp\/v2\/types\/page"}],"author":[{"embeddable":true,"href":"https:\/\/www.ufpb.br\/comu\/wp-json\/wp\/v2\/users\/47"}],"replies":[{"embeddable":true,"href":"https:\/\/www.ufpb.br\/comu\/wp-json\/wp\/v2\/comments?post=18"}],"version-history":[{"count":2,"href":"https:\/\/www.ufpb.br\/comu\/wp-json\/wp\/v2\/pages\/18\/revisions"}],"predecessor-version":[{"id":257,"href":"https:\/\/www.ufpb.br\/comu\/wp-json\/wp\/v2\/pages\/18\/revisions\/257"}],"wp:featuredmedia":[{"embeddable":true,"href":"https:\/\/www.ufpb.br\/comu\/wp-json\/wp\/v2\/media\/256"}],"wp:attachment":[{"href":"https:\/\/www.ufpb.br\/comu\/wp-json\/wp\/v2\/media?parent=18"}],"curies":[{"name":"wp","href":"https:\/\/api.w.org\/{rel}","templated":true}]}}

Apresentação

<p><strong>A CoMu</strong> &#8211; <em>Centro de Referência de Políticas de Prevenção e Enfrentamento às Violências contra as Mulheres da UFPB</em>-, é um equipamento institucional de atuação permanente para os quatro <em>campi </em>da UFPB. </p>



<p>Criada em 2018, a trajetória da CoMu representa um avanço histórico na defesa dos direitos das mulheres no âmbito universitário.&nbsp; Sendo regulamentada por:&nbsp;</p>



<ul class="wp-block-list">
<li><a href="https://sig-arq.ufpb.br/arquivos/2018232090ca211122232d30444d5d439/Runi26_2018.pdf"><strong>Resolução 26/2018 CONSUNI/UFPB</strong></a><strong> (2018-2025):</strong> <strong>Comitê de Políticas de Prevenção e Enfrentamento à Violência contra as Mulheres na UFPB (CoMu)</strong>, sendo revogada pela</li>



<li><a href="https://sig-arq.ufpb.br/arquivos/2025127181068579156988a1677ab84d4/Resoluo_n._18.2025_Consuni.pdf"><strong>Resolução 18/2025 CONSUNI/UFPB</strong></a><strong> (agosto/2025 &#8211; atual):</strong> <strong>Centro de Referência de Políticas de Prevenção e Enfrentamento às Violências contra as Mulheres da UFPB (CoMu)</strong>. Essa nova resolução da CoMu consolida as atividades já desenvolvidas ao longo da sua trajetória, e avança em pontos considerados desafiadores, como a organização administrativa.</li>
</ul>



<p>A história da CoMu nasce da força e da mobilização das mulheres da UFPB. Em abril de 2017, durante o <em>“I Seminário: Mulheres e Universidade – por uma política institucional de combate às opressões”</em>, promovido pelo <strong>Fórum de Mulheres em Luta da UFPB</strong> – movimento auto-organizado de mulheres que trabalham, estudam e convivem na universidade –, foi apresentada à Reitoria, em audiência pública, a reivindicação de uma política institucional voltada ao enfrentamento das opressões e desigualdades vividas pelas mulheres.</p>



<p>Fruto dessa mobilização e da construção coletiva, em 2018, o Conselho Universitário (CONSUNI/UFPB) aprovou a <strong>Resolução 26/2018</strong>, que criou o <strong>Comitê de Políticas de Prevenção e Enfrentamento à Violência contra as Mulheres na UFPB (CoMu)</strong>. Esse foi o primeiro passo para institucionalizar, dentro das universidades federais, um espaço permanente de acolhimento, prevenção e enfrentamento às violências contra as mulheres.</p>



<p>Assim, a CoMu é um <strong>espaço pioneiro nas Universidades Federais Brasileiras</strong>, sendo o <strong>primeiro equipamento institucional do tipo criado por ato de um Conselho Superior</strong>. Entre as 69 universidades federais do país, a UFPB foi a primeira a consolidar, por meio de resolução, uma estrutura permanente dedicada à prevenção e ao enfrentamento das violências contra as mulheres (<a href="https://www.ccta.ufpb.br/editoraccta/contents/titulos/ciencias-sociais-aplicadas/o-enfrentamento-as-violencias-contra-as-mulheres-mapeamento-dos-equipamentos-e-politicas-institucionais-existentes-nas-universidades-federais-brasileiras">Rufino; Leite, 2025</a>).</p>



<p>Esse marco reafirma a inovação e a relevância da CoMu, não apenas para a comunidade universitária, mas também como referência nacional na promoção de políticas de enfrentamento a todas as formas de violências contra as mulheres na universidade e de equidade e defesa dos direitos das mulheres.</p>



<p>A <strong>CoMu</strong> representa um <strong>lugar seguro para as mulheres da UFPB</strong>: um espaço acolhedor que garante suporte às suas demandas, com respeito à autonomia e ao sigilo das informações. Além disso, a CoMu tem o papel de <strong>promover a elaboração coletiva da Política de Prevenção e Enfrentamento à Violência contra as Mulheres da UFPB</strong>, integrando ensino, pesquisa, extensão e gestão institucional.</p>



<p>Desde sua criação a CoMu segue firme nesse compromisso: <strong>ser um espaço de acolhimento, proteção e fortalecimento das mulheres na universidade</strong>.</p>



<p>Desde sua criação, a <strong>CoMu</strong> tem atuação nos quatro <em>campi</em> da UFPB, estruturando seu trabalho em quatro dimensões centrais:<strong> 1) Estratégica; 2) Acolhimento e Orientação; 3) Prevenção; 4) Enfrentamento</strong>. Essas dimensões têm como principais objetivos:&nbsp;</p>



<ul class="wp-block-list">
<li>Construir, implementar e promover a Política de Prevenção e Enfrentamento às violências contra as mulheres, atuando na proposição e acompanhamento de protocolos e políticas institucionais que garantam a igualdade de direitos e o enfrentamento das diversas formas de violência  contra as mulheres em todos os campi da UFPB;</li>



<li>Realizar Acolhimento, Orientação e encaminhamento especializado para mulheres da comunidade universitária (estudantes, docentes, técnico-administrativas, terceirizadas e que convivem na UFPB) em situação de violência.</li>



<li>Atuar na Prevenção e Enfrentamento das situações de violência contra as mulheres (cisgênero, transgênero e travestis) nos quatro campi da UFPB;</li>



<li>Desenvolver atividades de ensino, pesquisa e extensão sobre o tema da violência contra as mulheres  na universidade.</li>
</ul>



<p>A <strong>CoMu</strong> atua na prevenção e enfrentamento das diversas formas de violência na UFPB em razão da condição de ser mulher. Isso inclui violências <strong>física, psicológica, sexual, moral, patrimonial, institucional e simbólica</strong>, além da violência <strong>política, cibernética, stalking, assédio moral, assédio sexual e desqualificação intelectual</strong>. A atuação também reconhece como violência situações de <strong>racismo, lesbofobia, bifobia, transfobia</strong>, bem como a falta de segurança no cotidiano universitário e os <strong>déficits na garantia de estudo e trabalho</strong> para mulheres – em especial gestantes, mães e mulheres com deficiência.</p>



<p>Essas violências também se expressam em um cotidiano de racismo, lesbofobia, bifobia e transfobia e se refletem ainda na <strong>baixa participação das mulheres nos espaços de decisão e representação</strong>, afetando de forma mais intensa mulheres <strong>negras, trans, LGBTs e indígenas</strong>.</p>



<p>Para enfrentar essa realidade e garantir um atendimento integrado, sem revitimização das mulheres, a CoMu se articula com diversas unidades administrativas da UFPB, como as pró-reitorias e a Ouvidoria Geral, e também com a rede externa de proteção: <strong>Delegacias Especializadas de Atendimento à Mulher (DEAMs), Patrulha Maria da Penha do Governo do Estado e o Centro de Referência da Mulher Ednalva Bezerra (João Pessoa)</strong>, entre outros.</p>



<p>Desde 2018, a CoMu também integra a <strong>Rede de Atenção às Mulheres em Situação de Violência Doméstica e Sexual (Reamcav)</strong>, rede estadual organizada pela Secretaria de Estado das Mulheres e da Diversidade Humana e por órgãos como a rede de saúde, a Coordenação das Delegacias Especializadas da Mulher da Polícia Civil da PB, o Programa Integrado Patrulha Maria da Penha, a Defensoria Pública e o Tribunal de Justiça, entre outros serviços e entidades.</p>



<p>Na UFPB, a <strong>CoMu</strong> é, desde sua criação (§ 2º/Art. 13 da Resolução nº 26/2018 CONSUNI/UFPB), a <strong>porta de entrada para todas as denúncias de violência contra a mulher</strong>. Essa função é exercida em <strong>parceria com a Ouvidoria Geral da UFPB</strong>, consolidada no seu Regulamento (Resolução 06/2020 CONSUNI/UFPB). A CoMu está cadastrada nos sistemas da Ouvidoria para receber e acompanhar manifestações relacionadas à violência contra a mulher, garantindo que cada denúncia seja tratada de forma <strong>especializada, segura e humanizada</strong>. Assim, toda mulher que decide denunciar a violência sofrida encontra na CoMu um espaço de apoio qualificado e acompanhamento contínuo, desde o acolhimento inicial até a finalização do processo.</p>



<p>A CoMu conta ainda com o <strong>Conselho Gestor (CG-CoMu)</strong>, instância máxima deliberativa, formada por representantes dos três segmentos (estudantil, docente e técnico-administrativo) de todos os campi da UFPB, além da PRAPE, PROGEP e Corregedoria Geral.</p>



<p><strong>Conheça e acompanhe a CoMu</strong></p>



<p>Acompanhe nossos materiais no site: resoluções, relatórios de gestão, perguntas frequentes e muito mais.</p>



<p>Siga também nosso Instagram<a href="https://instagram.com/comuufpb?utm_source=chatgpt.com"> @comuufpb</a> para ficar por dentro de ações, campanhas, conquistas e eventos.</p>



<p><strong>A CoMu é de todas as mulheres da UFPB.&nbsp;</strong></p>



<p><strong>Participe, acompanhe e fortaleça esse espaço de enfrentamento e proteção!</strong></p>



<p></p>

<p>O Comitê de Políticas de Prevenção e Enfrentamento à Violência contra as Mulheres na UFPB (CoMu) atua no acolhimento e orientação às mulheres em situação de violência na universidade. Aprovado no dia 28 de setembro de 2018 pelo Conselho Universitário – Consuni (Resolução nº 26/2018), é um espaço institucional criado a partir das demandas das mulheres da UFPB que, desde 2017, vêm reivindicando uma política institucional de combate às opressões na universidade.</p>
