{"id":218,"date":"2025-08-18T16:09:35","date_gmt":"2025-08-18T19:09:35","guid":{"rendered":"https:\/\/www.ufpb.br\/comu\/?page_id=218"},"modified":"2025-08-18T16:09:35","modified_gmt":"2025-08-18T19:09:35","slug":"parcerias-com-projetos","status":"publish","type":"page","link":"https:\/\/www.ufpb.br\/comu\/parcerias-com-projetos\/","title":{"rendered":"Parcerias com Projetos"},"content":{"rendered":"\n<p class=\"has-medium-font-size\"><\/p>\n\n\n\n<figure class=\"wp-block-table\"><table class=\"has-fixed-layout\"><tbody><tr><td><strong>T\u00edtulo&nbsp;<\/strong><\/td><td><strong>Centro&nbsp;<\/strong><\/td><td><strong>Per\u00edodo<\/strong><\/td><\/tr><tr><td>Cinema, universidade e sociedade: Soy Loco por Ti America Cineclube&nbsp;<\/td><td>CCSA\/DRI<\/td><td>2023\/2024<\/td><\/tr><tr><td>Observat\u00f3rio MulheresUFPB<\/td><td>CCHLA\/DSS<\/td><td>2023\/2024<\/td><\/tr><tr><td>Cinema, universidade e sociedade: Soy Loco por Ti America Cineclube&nbsp;<\/td><td>CCSA\/DRI<\/td><td>2022\/2023<\/td><\/tr><tr><td>UFPB no combate \u00e0 COVID-19: Terapia Comunit\u00e1ria na Universidade &#8211; Tecendo Espa\u00e7os de Cuidado&nbsp;<\/td><td>CCS\/Dire\u00e7\u00e3o de Centro<\/td><td>2022\/2023<\/td><\/tr><tr><td>INFORMAR PARA PREVENIR: a\u00e7\u00f5es informacionais de enfrentamento \u00e0 viol\u00eancia de g\u00eanero&nbsp;<\/td><td>CCSA\/DCI<\/td><td>2021\/2022<\/td><\/tr><tr><td>UFPB no combate \u00e0 COVID-19 &#8211; Terapia Comunit\u00e1ria na Universidade: Tecendo Espa\u00e7os de Cuidado&nbsp;<\/td><td>CCS &#8211; Departamento de enfermagem em sa\u00fade coletiva<\/td><td>2021\/2022<\/td><\/tr><tr><td>Extens\u00e3o nas redes: a\u00e7\u00e3o estrat\u00e9gica para produ\u00e7\u00e3o de&nbsp;conte\u00fado sobre a extens\u00e3o universit\u00e1ria da UFPB&nbsp;<\/td><td>PROEX<\/td><td>2021\/2022<\/td><\/tr><\/tbody><\/table><\/figure>\n","protected":false},"excerpt":{"rendered":"<p>T\u00edtulo&nbsp; Centro&nbsp; Per\u00edodo Cinema, universidade e sociedade: Soy Loco por Ti America Cineclube&nbsp; CCSA\/DRI 2023\/2024 [&hellip;]<\/p>\n","protected":false},"author":236,"featured_media":0,"parent":0,"menu_order":0,"comment_status":"closed","ping_status":"closed","template":"","meta":{"footnotes":""},"class_list":["post-218","page","type-page","status-publish","hentry"],"_links":{"self":[{"href":"https:\/\/www.ufpb.br\/comu\/wp-json\/wp\/v2\/pages\/218","targetHints":{"allow":["GET"]}}],"collection":[{"href":"https:\/\/www.ufpb.br\/comu\/wp-json\/wp\/v2\/pages"}],"about":[{"href":"https:\/\/www.ufpb.br\/comu\/wp-json\/wp\/v2\/types\/page"}],"author":[{"embeddable":true,"href":"https:\/\/www.ufpb.br\/comu\/wp-json\/wp\/v2\/users\/236"}],"replies":[{"embeddable":true,"href":"https:\/\/www.ufpb.br\/comu\/wp-json\/wp\/v2\/comments?post=218"}],"version-history":[{"count":1,"href":"https:\/\/www.ufpb.br\/comu\/wp-json\/wp\/v2\/pages\/218\/revisions"}],"predecessor-version":[{"id":219,"href":"https:\/\/www.ufpb.br\/comu\/wp-json\/wp\/v2\/pages\/218\/revisions\/219"}],"wp:attachment":[{"href":"https:\/\/www.ufpb.br\/comu\/wp-json\/wp\/v2\/media?parent=218"}],"curies":[{"name":"wp","href":"https:\/\/api.w.org\/{rel}","templated":true}]}}