{"id":271,"date":"2025-09-08T16:18:27","date_gmt":"2025-09-08T19:18:27","guid":{"rendered":"https:\/\/www.ufpb.br\/comu\/?page_id=271"},"modified":"2025-12-18T11:12:02","modified_gmt":"2025-12-18T14:12:02","slug":"o-que-e-a-cg-comu","status":"publish","type":"page","link":"https:\/\/www.ufpb.br\/comu\/cg-comu\/o-que-e-a-cg-comu\/","title":{"rendered":"O que \u00e9 a CG-CoMu?"},"content":{"rendered":"\n<p>Partindo da premissa de uma constru\u00e7\u00e3o coletiva das mulheres junto com a cria\u00e7\u00e3o da CoMu, tamb\u00e9m foi criada a CG-CoMu como uma inst\u00e2ncia <strong>m\u00e1xima, permanente e deliberativa<\/strong> da CoMu, garantindo que a sua gest\u00e3o esteja sempre conectada \u00e0s necessidades das mulheres que estudam, trabalham e convivem na Universidade. Tem representa\u00e7\u00f5es eleitas das discentes, docentes e t\u00e9cnico-administrativas da UFPB e representa\u00e7\u00f5es indicadas da PRAPE, PROGEP e Corregedoria Geral.<br><br>As defini\u00e7\u00f5es, atribui\u00e7\u00f5es e compet\u00eancias da CG-CoMu est\u00e3o descritas no \u201cT\u00edtulo VIII \u2013 Do Conselho Gestor da CoMu (CG-CoMu)\u201d, artigos 23 a 32, da <a href=\"https:\/\/sig-arq.ufpb.br\/arquivos\/2025127181068579156988a1677ab84d4\/Resoluo_n._18.2025_Consuni.pdf\" target=\"_blank\" rel=\"noreferrer noopener\">Resolu\u00e7\u00e3o 18\/2025 CONSUNI\/UFPB<\/a>.<\/p>\n\n\n\n<p><strong>A CG-CoMu \u00e9 importante por que:<\/strong><\/p>\n\n\n\n<ul class=\"wp-block-list\">\n<li>reafirma que a CoMu \u00e9 fruto da <strong>luta organizada das mulheres<\/strong> na UFPB.<\/li>\n\n\n\n<li>fortalece a articula\u00e7\u00e3o das atividades desenvolvidas com todos os <em>campi <\/em>da UFPB;<\/li>\n\n\n\n<li>garante uma organiza\u00e7\u00e3o pol\u00edtica das mulheres da UFPB;<\/li>\n\n\n\n<li>assegura que todas as mulheres da UFPB possam <strong>participar e acompanhar<\/strong> o trabalho desenvolvido pela CoMu.<\/li>\n<\/ul>\n\n\n\n<p><strong>Quando a CG-CoMu de re\u00fane<\/strong><strong>?<\/strong>&nbsp;<\/p>\n\n\n\n<ul class=\"wp-block-list\">\n<li>A CG-CoMu se re\u00fane de forma ordin\u00e1ria uma vez ao m\u00eas e de forma extraordin\u00e1ria sempre que houver necessidade.<\/li>\n\n\n\n<li>As reuni\u00f5es da CG-CoMu s\u00e3o <strong>abertas a todas as mulheres da Universidade<\/strong>. Esse \u00e9 o espa\u00e7o para fortalecer a voz coletiva e seguir construindo pol\u00edticas efetivas de preven\u00e7\u00e3o e enfrentamento \u00e0 viol\u00eancia contra as mulheres.<\/li>\n<\/ul>\n\n\n\n<p><\/p>\n","protected":false},"excerpt":{"rendered":"<p>Partindo da premissa de uma constru\u00e7\u00e3o coletiva das mulheres junto com a cria\u00e7\u00e3o da CoMu, [&hellip;]<\/p>\n","protected":false},"author":236,"featured_media":0,"parent":381,"menu_order":0,"comment_status":"closed","ping_status":"closed","template":"","meta":{"footnotes":""},"class_list":["post-271","page","type-page","status-publish","hentry"],"_links":{"self":[{"href":"https:\/\/www.ufpb.br\/comu\/wp-json\/wp\/v2\/pages\/271","targetHints":{"allow":["GET"]}}],"collection":[{"href":"https:\/\/www.ufpb.br\/comu\/wp-json\/wp\/v2\/pages"}],"about":[{"href":"https:\/\/www.ufpb.br\/comu\/wp-json\/wp\/v2\/types\/page"}],"author":[{"embeddable":true,"href":"https:\/\/www.ufpb.br\/comu\/wp-json\/wp\/v2\/users\/236"}],"replies":[{"embeddable":true,"href":"https:\/\/www.ufpb.br\/comu\/wp-json\/wp\/v2\/comments?post=271"}],"version-history":[{"count":4,"href":"https:\/\/www.ufpb.br\/comu\/wp-json\/wp\/v2\/pages\/271\/revisions"}],"predecessor-version":[{"id":359,"href":"https:\/\/www.ufpb.br\/comu\/wp-json\/wp\/v2\/pages\/271\/revisions\/359"}],"up":[{"embeddable":true,"href":"https:\/\/www.ufpb.br\/comu\/wp-json\/wp\/v2\/pages\/381"}],"wp:attachment":[{"href":"https:\/\/www.ufpb.br\/comu\/wp-json\/wp\/v2\/media?parent=271"}],"curies":[{"name":"wp","href":"https:\/\/api.w.org\/{rel}","templated":true}]}}