{"id":407,"date":"2025-11-11T19:45:18","date_gmt":"2025-11-11T22:45:18","guid":{"rendered":"https:\/\/www.ufpb.br\/comu\/?page_id=407"},"modified":"2025-12-17T11:13:48","modified_gmt":"2025-12-17T14:13:48","slug":"sobre-enfrentamento-as-violencia-nas-ies","status":"publish","type":"page","link":"https:\/\/www.ufpb.br\/comu\/sobre-enfrentamento-as-violencia-nas-ies\/","title":{"rendered":"Publica\u00e7\u00f5es sobre Enfrentamento \u00e0s Viol\u00eancias contra Mulheres nas IES"},"content":{"rendered":"","protected":false},"excerpt":{"rendered":"","protected":false},"author":47,"featured_media":0,"parent":0,"menu_order":0,"comment_status":"closed","ping_status":"closed","template":"","meta":{"footnotes":""},"class_list":["post-407","page","type-page","status-publish","hentry"],"_links":{"self":[{"href":"https:\/\/www.ufpb.br\/comu\/wp-json\/wp\/v2\/pages\/407","targetHints":{"allow":["GET"]}}],"collection":[{"href":"https:\/\/www.ufpb.br\/comu\/wp-json\/wp\/v2\/pages"}],"about":[{"href":"https:\/\/www.ufpb.br\/comu\/wp-json\/wp\/v2\/types\/page"}],"author":[{"embeddable":true,"href":"https:\/\/www.ufpb.br\/comu\/wp-json\/wp\/v2\/users\/47"}],"replies":[{"embeddable":true,"href":"https:\/\/www.ufpb.br\/comu\/wp-json\/wp\/v2\/comments?post=407"}],"version-history":[{"count":2,"href":"https:\/\/www.ufpb.br\/comu\/wp-json\/wp\/v2\/pages\/407\/revisions"}],"predecessor-version":[{"id":932,"href":"https:\/\/www.ufpb.br\/comu\/wp-json\/wp\/v2\/pages\/407\/revisions\/932"}],"wp:attachment":[{"href":"https:\/\/www.ufpb.br\/comu\/wp-json\/wp\/v2\/media?parent=407"}],"curies":[{"name":"wp","href":"https:\/\/api.w.org\/{rel}","templated":true}]}}

Publicações sobre Enfrentamento às Violências contra Mulheres nas IES
