{"id":684,"date":"2025-12-12T17:06:21","date_gmt":"2025-12-12T20:06:21","guid":{"rendered":"https:\/\/www.ufpb.br\/comu\/?page_id=684"},"modified":"2025-12-12T17:06:22","modified_gmt":"2025-12-12T20:06:22","slug":"comu-e-ouvidoria-geral-da-ufpb","status":"publish","type":"page","link":"https:\/\/www.ufpb.br\/comu\/comu-e-ouvidoria-geral-da-ufpb\/","title":{"rendered":"CoMu e Ouvidoria Geral da UFPB"},"content":{"rendered":"\n<p>Na UFPB, a CoMu \u00e9 a porta de entrada para den\u00fancias de viol\u00eancias contra a mulher, atuando em parceria com a Ouvidoria Geral. \ud83d\udc9c Juntas, garantem que cada manifesta\u00e7\u00e3o seja acolhida, acompanhada e encaminhada de forma segura, especializada e humanizada. Assim, toda mulher que decide denunciar a viol\u00eancia sofrida encontra na CoMu um espa\u00e7o de apoio qualificado e acompanhamento cont\u00ednuo, desde o acolhimento inicial at\u00e9 a finaliza\u00e7\u00e3o do processo.<\/p>\n","protected":false},"excerpt":{"rendered":"<p>Na UFPB, a CoMu \u00e9 a porta de entrada para den\u00fancias de viol\u00eancias contra a [&hellip;]<\/p>\n","protected":false},"author":137,"featured_media":0,"parent":0,"menu_order":0,"comment_status":"closed","ping_status":"closed","template":"","meta":{"footnotes":""},"class_list":["post-684","page","type-page","status-publish","hentry"],"_links":{"self":[{"href":"https:\/\/www.ufpb.br\/comu\/wp-json\/wp\/v2\/pages\/684","targetHints":{"allow":["GET"]}}],"collection":[{"href":"https:\/\/www.ufpb.br\/comu\/wp-json\/wp\/v2\/pages"}],"about":[{"href":"https:\/\/www.ufpb.br\/comu\/wp-json\/wp\/v2\/types\/page"}],"author":[{"embeddable":true,"href":"https:\/\/www.ufpb.br\/comu\/wp-json\/wp\/v2\/users\/137"}],"replies":[{"embeddable":true,"href":"https:\/\/www.ufpb.br\/comu\/wp-json\/wp\/v2\/comments?post=684"}],"version-history":[{"count":1,"href":"https:\/\/www.ufpb.br\/comu\/wp-json\/wp\/v2\/pages\/684\/revisions"}],"predecessor-version":[{"id":685,"href":"https:\/\/www.ufpb.br\/comu\/wp-json\/wp\/v2\/pages\/684\/revisions\/685"}],"wp:attachment":[{"href":"https:\/\/www.ufpb.br\/comu\/wp-json\/wp\/v2\/media?parent=684"}],"curies":[{"name":"wp","href":"https:\/\/api.w.org\/{rel}","templated":true}]}}