{"id":690,"date":"2025-12-12T17:25:28","date_gmt":"2025-12-12T20:25:28","guid":{"rendered":"https:\/\/www.ufpb.br\/comu\/?page_id=690"},"modified":"2026-02-03T14:07:23","modified_gmt":"2026-02-03T17:07:23","slug":"solicitacao-de-atendimento-na-comu","status":"publish","type":"page","link":"https:\/\/www.ufpb.br\/comu\/solicitacao-de-atendimento-na-comu\/","title":{"rendered":"Solicita\u00e7\u00e3o de Atendimento na CoMu"},"content":{"rendered":"\n<p>A CoMu &#8211; Cento de Refer\u00eancia de Pol\u00edticas de Preven\u00e7\u00e3o e Enfrentamento \u00e0s Viol\u00eancias contra as Mulheres da UFPB &#8211; tem uma equipe multidisciplinar para atuar no Acolhimento e Orienta\u00e7\u00e3o \u00e0s mulheres (cis, trans e travestis) em situa\u00e7\u00e3o de viol\u00eancia na UFPB.<\/p>\n\n\n\n<p>A CoMu est\u00e1 aqui para te escutar e oferecer acolhimento e orienta\u00e7\u00e3o.<\/p>\n\n\n\n<ul class=\"wp-block-list\">\n<li>Caso necessite solicitar atendimento voc\u00ea pode fazer a solicita\u00e7\u00e3o diretamente na sala da CoMu, pelos demais canais institucionais de comunica\u00e7\u00e3o. <\/li>\n\n\n\n<li>A partir de sua solicita\u00e7\u00e3o iremos direcionar sua demanda para a nossa equipe, que entrar\u00e1 em contato para realizar agendamento.<\/li>\n\n\n\n<li>Todas as informa\u00e7\u00f5es ser\u00e3o mantidas em sigilo, n\u00e3o se preocupe.<\/li>\n\n\n\n<li>Cada hist\u00f3ria importa, e voc\u00ea n\u00e3o est\u00e1 sozinha.<\/li>\n<\/ul>\n\n\n\n<p><br><\/p>\n\n\n\n<p><\/p>\n","protected":false},"excerpt":{"rendered":"<p>A CoMu &#8211; Cento de Refer\u00eancia de Pol\u00edticas de Preven\u00e7\u00e3o e Enfrentamento \u00e0s Viol\u00eancias contra [&hellip;]<\/p>\n","protected":false},"author":137,"featured_media":0,"parent":0,"menu_order":0,"comment_status":"closed","ping_status":"closed","template":"","meta":{"footnotes":""},"class_list":["post-690","page","type-page","status-publish","hentry"],"_links":{"self":[{"href":"https:\/\/www.ufpb.br\/comu\/wp-json\/wp\/v2\/pages\/690","targetHints":{"allow":["GET"]}}],"collection":[{"href":"https:\/\/www.ufpb.br\/comu\/wp-json\/wp\/v2\/pages"}],"about":[{"href":"https:\/\/www.ufpb.br\/comu\/wp-json\/wp\/v2\/types\/page"}],"author":[{"embeddable":true,"href":"https:\/\/www.ufpb.br\/comu\/wp-json\/wp\/v2\/users\/137"}],"replies":[{"embeddable":true,"href":"https:\/\/www.ufpb.br\/comu\/wp-json\/wp\/v2\/comments?post=690"}],"version-history":[{"count":2,"href":"https:\/\/www.ufpb.br\/comu\/wp-json\/wp\/v2\/pages\/690\/revisions"}],"predecessor-version":[{"id":1200,"href":"https:\/\/www.ufpb.br\/comu\/wp-json\/wp\/v2\/pages\/690\/revisions\/1200"}],"wp:attachment":[{"href":"https:\/\/www.ufpb.br\/comu\/wp-json\/wp\/v2\/media?parent=690"}],"curies":[{"name":"wp","href":"https:\/\/api.w.org\/{rel}","templated":true}]}}