{"id":84,"date":"2025-03-17T14:08:08","date_gmt":"2025-03-17T17:08:08","guid":{"rendered":"https:\/\/www.ufpb.br\/comu\/?page_id=84"},"modified":"2025-12-11T15:42:12","modified_gmt":"2025-12-11T18:42:12","slug":"perguntas-frequentes","status":"publish","type":"page","link":"https:\/\/www.ufpb.br\/comu\/perguntas-frequentes\/","title":{"rendered":"Perguntas Frequentes"},"content":{"rendered":"\n<details class=\"wp-block-details is-layout-flow wp-block-details-is-layout-flow\"><summary><strong>Qual \u00e9 a fun\u00e7\u00e3o principal da CoMu?<\/strong><\/summary>\n<p>A principal fun\u00e7\u00e3o da CoMu \u00e9 atuar no acolhimento humanizado, acompanhamento e encaminhamento de manifesta\u00e7\u00f5es e den\u00fancias de viol\u00eancia contra mulheres, al\u00e9m de propor e implementar pol\u00edticas institucionais de preven\u00e7\u00e3o e enfrentamento.<br><\/p>\n<\/details>\n\n\n\n<details class=\"wp-block-details is-layout-flow wp-block-details-is-layout-flow\"><summary><strong>Quais os setores de atua\u00e7\u00e3o da CoMu?<\/strong><\/summary>\n<p>A CoMu, como um espa\u00e7o de pol\u00edtica e preven\u00e7\u00e3o \u00e0s viol\u00eancias contra as mulheres na UFPB, atua nas seguintes frentes:<\/p>\n\n\n\n<ul class=\"wp-block-list\">\n<li>Enfrentamento;<\/li>\n\n\n\n<li>Estrat\u00e9gico (proposi\u00e7\u00e3o e acompanhamento de pol\u00edticas e protocolos institucionais);<\/li>\n\n\n\n<li>Acolhimento e Orienta\u00e7\u00e3o;<\/li>\n\n\n\n<li>Preven\u00e7\u00e3o.<\/li>\n<\/ul>\n<\/details>\n\n\n\n<details class=\"wp-block-details is-layout-flow wp-block-details-is-layout-flow\"><summary><strong>Quem pode procurar a CoMu?<\/strong><\/summary>\n<p>Todas as mulheres da comunidade universit\u00e1ria dos 4 <em>campi<\/em> da UFPB \u2013 <strong>mulheres<\/strong> (cis e trans) <strong>que estudam, trabalham e convivem na UFPB<\/strong>.<\/p>\n<\/details>\n\n\n\n<details class=\"wp-block-details is-layout-flow wp-block-details-is-layout-flow\"><summary><strong><strong>A CoMu atende s\u00f3 mulheres?<\/strong><\/strong><\/summary>\n<p>Sim. A CoMu \u00e9 um equipamento que atende exclusivamente mulheres, sejam elas cisg\u00eanero, transg\u00eanero ou travestis.<\/p>\n<\/details>\n\n\n\n<details class=\"wp-block-details is-layout-flow wp-block-details-is-layout-flow\"><summary><strong><strong>N\u00e3o tenho v\u00ednculo com a UFPB. Posso ser atendida pela CoMu?<\/strong><\/strong><\/summary>\n<p>A CoMu \u00e9 tamb\u00e9m para mulheres que convivem na UFPB. Assim se voc\u00ea \u00e9 mulher (cis ou trans) e sofreu uma viol\u00eancia na UFPB, a CoMu \u00e9 tamb\u00e9m para voc\u00ea.<\/p>\n<\/details>\n\n\n\n<details class=\"wp-block-details is-layout-flow wp-block-details-is-layout-flow\"><summary><strong><strong>Que tipos de viol\u00eancia contra as mulheres a CoMu acolhe e acompanha?<\/strong><\/strong><\/summary>\n<p>A CoMu atua em casos de:<\/p>\n\n\n\n<ul class=\"wp-block-list\">\n<li>viol\u00eancia institucional;<\/li>\n\n\n\n<li>desqualifica\u00e7\u00e3o intelectual;<\/li>\n\n\n\n<li>ass\u00e9dio moral;<\/li>\n\n\n\n<li>viol\u00eancia moral;<\/li>\n\n\n\n<li>viol\u00eancia psicol\u00f3gica;<\/li>\n\n\n\n<li>persegui\u00e7\u00e3o (stalking);<\/li>\n\n\n\n<li>viol\u00eancia pol\u00edtica;<\/li>\n\n\n\n<li>viol\u00eancia cibern\u00e9tica;<\/li>\n\n\n\n<li>viol\u00eancia f\u00edsica;<\/li>\n\n\n\n<li>viol\u00eancia sexual (ass\u00e9dio sexual, importuna\u00e7\u00e3o sexual, estupro);<\/li>\n\n\n\n<li>viol\u00eancia patrimonial;<\/li>\n\n\n\n<li>viol\u00eancia dom\u00e9stica (sofrida por mulheres da UFPB);<\/li>\n\n\n\n<li>e outras formas de viol\u00eancia previstas na legisla\u00e7\u00e3o brasileira.<\/li>\n<\/ul>\n<\/details>\n\n\n\n<details class=\"wp-block-details is-layout-flow wp-block-details-is-layout-flow\"><summary><strong><strong><strong>A CoMu s\u00f3 atende epis\u00f3dios de viol\u00eancia que ocorreram dentro da UFPB?<\/strong><\/strong><\/strong><\/summary>\n<p>N\u00e3o. A CoMu atende epis\u00f3dios de viol\u00eancia que ocorreram fora da UFPB, desde que a v\u00edtima seja mulher vinculada \u00e0 institui\u00e7\u00e3o.<\/p>\n<\/details>\n\n\n\n<details class=\"wp-block-details is-layout-flow wp-block-details-is-layout-flow\"><summary><strong><strong><strong><strong><strong>A CoMu pode receber den\u00fancias diretamente?<\/strong><\/strong><\/strong><\/strong><\/strong><\/summary>\n<p>Sim. A CoMu \u00e9 a porta de entrada institucional para den\u00fancias de viol\u00eancia contra mulheres na UFPB. Casos tamb\u00e9m podem chegar por meio da Ouvidoria Geral, que repassa as manifesta\u00e7\u00f5es que envolvam viol\u00eancia de g\u00eanero para a CoMu.<\/p>\n<\/details>\n\n\n\n<details class=\"wp-block-details is-layout-flow wp-block-details-is-layout-flow\"><summary><strong><strong><strong><strong><strong><strong> Ao procurar a CoMu sou obrigada a registrar den\u00fancia?<\/strong><\/strong><\/strong><\/strong><\/strong><\/strong><\/summary>\n<p>N\u00e3o. O primeiro contato com a CoMu, ser\u00e1 de acolhimento, escuta e orienta\u00e7\u00e3o, respeitando sempre a decis\u00e3o da mulher para condu\u00e7\u00e3o de\u00a0 futuras a\u00e7\u00f5es.<\/p>\n<\/details>\n\n\n\n<details class=\"wp-block-details is-layout-flow wp-block-details-is-layout-flow\"><summary><strong><strong><strong><strong><strong><strong><strong>O atendimento \u00e9 sigiloso?<\/strong><\/strong><\/strong><\/strong><\/strong><\/strong><\/strong><\/summary>\n<p>Sim. Todo atendimento \u00e9 realizado com sigilo, preservando a identidade e as informa\u00e7\u00f5es da v\u00edtima, de acordo com a legisla\u00e7\u00e3o e com as normas internas da UFPB.<\/p>\n<\/details>\n\n\n\n<details class=\"wp-block-details is-layout-flow wp-block-details-is-layout-flow\"><summary><strong><strong><strong><strong><strong><strong><strong><strong><strong>A CoMu aplica puni\u00e7\u00f5es?<\/strong><\/strong><\/strong><\/strong><\/strong><\/strong><\/strong><\/strong><\/strong><\/summary>\n<p>N\u00e3o. A CoMu n\u00e3o \u00e9 um \u00f3rg\u00e3o disciplinar ou punitivo. Sua fun\u00e7\u00e3o \u00e9 acolher, orientar, encaminhar e acompanhar os casos junto aos setores competentes, como corregedoria, comiss\u00f5es disciplinares, \u00f3rg\u00e3os jur\u00eddicos e autoridades policiais.<\/p>\n\n\n\n<p><\/p>\n<\/details>\n\n\n\n<details class=\"wp-block-details is-layout-flow wp-block-details-is-layout-flow\"><summary><strong><strong><strong><strong><strong><strong><strong><strong> <strong>Como fa\u00e7o para entrar em contato com a CoMu?<\/strong><\/strong><\/strong><\/strong><\/strong><\/strong><\/strong><\/strong><\/strong><\/summary>\n<p>O contato pode ser feito presencialmente, em nosso espa\u00e7o f\u00edsico, ou pelos canais oficiais: Instagram, e-mail, mensagem de WhatsApp ou liga\u00e7\u00e3o para o telefone fixo. Os contatos est\u00e3o <strong><a href=\"https:\/\/www.ufpb.br\/comu\/contato\/\" data-type=\"link\" data-id=\"https:\/\/www.ufpb.br\/comu\/contato\/\" target=\"_blank\" rel=\"noreferrer noopener\">aqui<\/a><\/strong>.<\/p>\n<\/details>\n\n\n\n<details class=\"wp-block-details is-layout-flow wp-block-details-is-layout-flow\"><summary><strong><strong><strong><strong><strong><strong><strong><strong><strong>Onde fica a sala da CoMu?<\/strong><\/strong><\/strong><\/strong><\/strong><\/strong><\/strong><\/strong><\/strong><\/summary>\n<p>Pr\u00e9dio da Reitoria -1\u00ba andar (corredor pr\u00f3ximo \u00e0 PRAPE e ao SIASS)<\/p>\n\n\n\n<p>Cidade Universit\u00e1ria, Jo\u00e3o Pessoa \u2013 Para\u00edba<\/p>\n\n\n\n<p><\/p>\n<\/details>\n\n\n\n<details class=\"wp-block-details is-layout-flow wp-block-details-is-layout-flow\"><summary><strong><strong><strong><strong><strong><strong><strong><strong><strong><strong>Como fa\u00e7o para fazer parte de projetos de extens\u00e3o da CoMu?<\/strong><\/strong><\/strong><\/strong><\/strong><\/strong><\/strong><\/strong><\/strong><\/strong><\/summary>\n<p>Se voc\u00ea tem interesse em participar dos projetos de extens\u00e3o desenvolvidos pela CoMu, fique atenta aos chamados dos processos de sele\u00e7\u00e3o que s\u00e3o divulgados nos canais de comunica\u00e7\u00e3o da CoMu.<\/p>\n<\/details>\n\n\n\n<details class=\"wp-block-details is-layout-flow wp-block-details-is-layout-flow\"><summary><strong><strong><strong><strong><strong><strong><strong><strong><strong><strong>Posso fazer est\u00e1gio curricular obrigat\u00f3rio na CoMu?<\/strong><\/strong><\/strong><\/strong><\/strong><\/strong><\/strong><\/strong><\/strong><\/strong><\/summary>\n<p>Sim. A CoMu \u00e9 campo de est\u00e1gio curricular obrigat\u00f3rio. Mulheres estudantes que tenham interesse devem entrar em contato conjuntamente com sua supervisora para discutir a proposta e a viabilidade.<\/p>\n<\/details>\n\n\n\n<p><\/p>\n","protected":false},"excerpt":{"rendered":"","protected":false},"author":47,"featured_media":0,"parent":0,"menu_order":0,"comment_status":"closed","ping_status":"closed","template":"","meta":{"footnotes":""},"class_list":["post-84","page","type-page","status-publish","hentry"],"_links":{"self":[{"href":"https:\/\/www.ufpb.br\/comu\/wp-json\/wp\/v2\/pages\/84","targetHints":{"allow":["GET"]}}],"collection":[{"href":"https:\/\/www.ufpb.br\/comu\/wp-json\/wp\/v2\/pages"}],"about":[{"href":"https:\/\/www.ufpb.br\/comu\/wp-json\/wp\/v2\/types\/page"}],"author":[{"embeddable":true,"href":"https:\/\/www.ufpb.br\/comu\/wp-json\/wp\/v2\/users\/47"}],"replies":[{"embeddable":true,"href":"https:\/\/www.ufpb.br\/comu\/wp-json\/wp\/v2\/comments?post=84"}],"version-history":[{"count":12,"href":"https:\/\/www.ufpb.br\/comu\/wp-json\/wp\/v2\/pages\/84\/revisions"}],"predecessor-version":[{"id":489,"href":"https:\/\/www.ufpb.br\/comu\/wp-json\/wp\/v2\/pages\/84\/revisions\/489"}],"wp:attachment":[{"href":"https:\/\/www.ufpb.br\/comu\/wp-json\/wp\/v2\/media?parent=84"}],"curies":[{"name":"wp","href":"https:\/\/api.w.org\/{rel}","templated":true}]}}