{"id":29,"date":"2024-04-02T00:14:04","date_gmt":"2024-04-02T00:14:04","guid":{"rendered":"https:\/\/www.ufpb.br\/consultaprevia\/?page_id=29"},"modified":"2024-05-16T16:28:11","modified_gmt":"2024-05-16T16:28:11","slug":"contato","status":"publish","type":"page","link":"https:\/\/www.ufpb.br\/consultaprevia\/contato\/","title":{"rendered":"Contato"},"content":{"rendered":"\n<p>Entre em contato com a Comiss\u00e3o Especial atrav\u00e9s do e-mail <a href=\"mailto:comissaoeleitoral@ufpb.br\">comissaoeleitoral@ufpb.br<\/a> e a Comiss\u00e3o de \u00c9tica atrav\u00e9s do e-mail <a href=\"mailto:comissaoetica@ufpb.br\">comissaoetica@ufpb.br<\/a>.<\/p>\n\n\n\n<p><\/p>\n","protected":false},"excerpt":{"rendered":"<p>Entre em contato com a Comiss\u00e3o Especial atrav\u00e9s do e-mail comissaoeleitoral@ufpb.br e a Comiss\u00e3o de [&hellip;]<\/p>\n","protected":false},"author":47,"featured_media":0,"parent":0,"menu_order":0,"comment_status":"closed","ping_status":"closed","template":"","meta":{"footnotes":""},"class_list":["post-29","page","type-page","status-publish","hentry"],"_links":{"self":[{"href":"https:\/\/www.ufpb.br\/consultaprevia\/wp-json\/wp\/v2\/pages\/29","targetHints":{"allow":["GET"]}}],"collection":[{"href":"https:\/\/www.ufpb.br\/consultaprevia\/wp-json\/wp\/v2\/pages"}],"about":[{"href":"https:\/\/www.ufpb.br\/consultaprevia\/wp-json\/wp\/v2\/types\/page"}],"author":[{"embeddable":true,"href":"https:\/\/www.ufpb.br\/consultaprevia\/wp-json\/wp\/v2\/users\/47"}],"replies":[{"embeddable":true,"href":"https:\/\/www.ufpb.br\/consultaprevia\/wp-json\/wp\/v2\/comments?post=29"}],"version-history":[{"count":6,"href":"https:\/\/www.ufpb.br\/consultaprevia\/wp-json\/wp\/v2\/pages\/29\/revisions"}],"predecessor-version":[{"id":327,"href":"https:\/\/www.ufpb.br\/consultaprevia\/wp-json\/wp\/v2\/pages\/29\/revisions\/327"}],"wp:attachment":[{"href":"https:\/\/www.ufpb.br\/consultaprevia\/wp-json\/wp\/v2\/media?parent=29"}],"curies":[{"name":"wp","href":"https:\/\/api.w.org\/{rel}","templated":true}]}}