{"id":117,"date":"2025-10-15T19:05:28","date_gmt":"2025-10-15T22:05:28","guid":{"rendered":"https:\/\/www.ufpb.br\/corregedoriageral\/?page_id=117"},"modified":"2025-11-25T16:39:09","modified_gmt":"2025-11-25T19:39:09","slug":"denuncias","status":"publish","type":"page","link":"https:\/\/www.ufpb.br\/corregedoriageral\/denuncias\/","title":{"rendered":"Den\u00fancias"},"content":{"rendered":"\n<p>De acordo com o disposto na<a href=\"https:\/\/www.in.gov.br\/materia\/-\/asset_publisher\/Kujrw0TZC2Mb\/content\/id\/53496156\/do1-2018-12-05-instrucao-normativa-n-19-de-3-de-dezembro-de-2018-53495863\">\u00a0<\/a><strong><a href=\"https:\/\/www.in.gov.br\/materia\/-\/asset_publisher\/Kujrw0TZC2Mb\/content\/id\/53496156\/do1-2018-12-05-instrucao-normativa-n-19-de-3-de-dezembro-de-2018-53495863\">Instru\u00e7\u00e3o Normativa n\u00ba 19 de 03\/12\/2018-CGU<\/a><\/strong>, a <strong><a href=\"https:\/\/www.ufpb.br\/ouvidoria\/\">OUVIDORIA<\/a><\/strong> \u00e9 o canal oficial de recebimento de manifesta\u00e7\u00f5es e den\u00fancias. A Ouvidoria receber\u00e1 sua manifesta\u00e7\u00e3o atrav\u00e9s do\u00a0<strong><a href=\"https:\/\/falabr.cgu.gov.br\/web\/home\">Fala.BR<\/a><\/strong>, que proceder\u00e1 uma an\u00e1lise preliminar, e, havendo elementos de cunho disciplinar, direcionar\u00e1 a den\u00fancia para a Corregedoria-Geral.<\/p>\n\n\n\n<p>A Corregedoria \u00e9 respons\u00e1vel pelos processos de apura\u00e7\u00e3o e deve atuar somente em casos em que estejam presentes ind\u00edcios de infra\u00e7\u00e3o disciplinar.<\/p>\n\n\n\n<figure class=\"wp-block-image is-resized\"><a class=\"external-link\" href=\"https:\/\/falabr.cgu.gov.br\/web\/home\"><img decoding=\"async\" src=\"https:\/\/portal.unila.edu.br\/ouvidoria\/arquivos\/falabr-logo-azul.png\" alt=\"falabr-logo-azul.png\" style=\"width:200px\" title=\"falabr-logo-azul.png\"\/><\/a><\/figure>\n\n\n\n<p><\/p>\n","protected":false},"excerpt":{"rendered":"<p>De acordo com o disposto na\u00a0Instru\u00e7\u00e3o Normativa n\u00ba 19 de 03\/12\/2018-CGU, a OUVIDORIA \u00e9 o [&hellip;]<\/p>\n","protected":false},"author":369,"featured_media":0,"parent":0,"menu_order":0,"comment_status":"closed","ping_status":"closed","template":"","meta":{"footnotes":""},"class_list":["post-117","page","type-page","status-publish","hentry"],"_links":{"self":[{"href":"https:\/\/www.ufpb.br\/corregedoriageral\/wp-json\/wp\/v2\/pages\/117","targetHints":{"allow":["GET"]}}],"collection":[{"href":"https:\/\/www.ufpb.br\/corregedoriageral\/wp-json\/wp\/v2\/pages"}],"about":[{"href":"https:\/\/www.ufpb.br\/corregedoriageral\/wp-json\/wp\/v2\/types\/page"}],"author":[{"embeddable":true,"href":"https:\/\/www.ufpb.br\/corregedoriageral\/wp-json\/wp\/v2\/users\/369"}],"replies":[{"embeddable":true,"href":"https:\/\/www.ufpb.br\/corregedoriageral\/wp-json\/wp\/v2\/comments?post=117"}],"version-history":[{"count":5,"href":"https:\/\/www.ufpb.br\/corregedoriageral\/wp-json\/wp\/v2\/pages\/117\/revisions"}],"predecessor-version":[{"id":184,"href":"https:\/\/www.ufpb.br\/corregedoriageral\/wp-json\/wp\/v2\/pages\/117\/revisions\/184"}],"wp:attachment":[{"href":"https:\/\/www.ufpb.br\/corregedoriageral\/wp-json\/wp\/v2\/media?parent=117"}],"curies":[{"name":"wp","href":"https:\/\/api.w.org\/{rel}","templated":true}]}}