{"id":133,"date":"2025-10-15T21:00:39","date_gmt":"2025-10-16T00:00:39","guid":{"rendered":"https:\/\/www.ufpb.br\/corregedoriageral\/?page_id=133"},"modified":"2025-10-15T21:29:06","modified_gmt":"2025-10-16T00:29:06","slug":"consulta-publica","status":"publish","type":"page","link":"https:\/\/www.ufpb.br\/corregedoriageral\/consulta-publica\/","title":{"rendered":"Consulta P\u00fablica Correcional"},"content":{"rendered":"\n<p>A Consulta P\u00fablica de registros de penalidades vigentes ou de procedimentos acusat\u00f3rios em andamento pode ser realizada <a href=\"https:\/\/certidoes.cgu.gov.br\/\" data-type=\"link\" data-id=\"https:\/\/certidoes.cgu.gov.br\/\">na p\u00e1gina da CGU-PAD.<\/a> Observa-se que esta consulta \u00e9 limitada no \u00e2mbito da UFPB, uma vez que n\u00e3o contempla processos mais antigos e ainda em curso.<\/p>\n\n\n\n<p><\/p>\n","protected":false},"excerpt":{"rendered":"<p>A Consulta P\u00fablica de registros de penalidades vigentes ou de procedimentos acusat\u00f3rios em andamento pode [&hellip;]<\/p>\n","protected":false},"author":369,"featured_media":0,"parent":0,"menu_order":0,"comment_status":"closed","ping_status":"closed","template":"","meta":{"footnotes":""},"class_list":["post-133","page","type-page","status-publish","hentry"],"_links":{"self":[{"href":"https:\/\/www.ufpb.br\/corregedoriageral\/wp-json\/wp\/v2\/pages\/133","targetHints":{"allow":["GET"]}}],"collection":[{"href":"https:\/\/www.ufpb.br\/corregedoriageral\/wp-json\/wp\/v2\/pages"}],"about":[{"href":"https:\/\/www.ufpb.br\/corregedoriageral\/wp-json\/wp\/v2\/types\/page"}],"author":[{"embeddable":true,"href":"https:\/\/www.ufpb.br\/corregedoriageral\/wp-json\/wp\/v2\/users\/369"}],"replies":[{"embeddable":true,"href":"https:\/\/www.ufpb.br\/corregedoriageral\/wp-json\/wp\/v2\/comments?post=133"}],"version-history":[{"count":4,"href":"https:\/\/www.ufpb.br\/corregedoriageral\/wp-json\/wp\/v2\/pages\/133\/revisions"}],"predecessor-version":[{"id":140,"href":"https:\/\/www.ufpb.br\/corregedoriageral\/wp-json\/wp\/v2\/pages\/133\/revisions\/140"}],"wp:attachment":[{"href":"https:\/\/www.ufpb.br\/corregedoriageral\/wp-json\/wp\/v2\/media?parent=133"}],"curies":[{"name":"wp","href":"https:\/\/api.w.org\/{rel}","templated":true}]}}