{"id":29,"date":"2025-11-26T09:15:23","date_gmt":"2025-11-26T12:15:23","guid":{"rendered":"https:\/\/www.ufpb.br\/cppd\/?page_id=29"},"modified":"2025-11-27T14:07:21","modified_gmt":"2025-11-27T17:07:21","slug":"apresentacao","status":"publish","type":"page","link":"https:\/\/www.ufpb.br\/cppd\/apresentacao\/","title":{"rendered":"Apresenta\u00e7\u00e3o"},"content":{"rendered":"\n<p class=\"has-text-align-left\">A CPPD (Comiss\u00e3o Permanente de Pessoal Docente) da UFPB \u00e9 o \u00f3rg\u00e3o respons\u00e1vel por assessorar a universidade em assuntos referentes \u00e0 carreira do corpo docente, como progress\u00f5es funcionais e promo\u00e7\u00f5es. O setor recebe, analisa e emite parecer sobre os processos relacionados \u00e0 carreira do professor, incluindo solicita\u00e7\u00f5es para mudan\u00e7a de n\u00edvel ou classe<\/p>\n\n\n\n<h2 class=\"wp-block-heading\"><div class=\"linha-header\">Assuntos Tratados no setor:<\/div><\/h2>\n\n\n\n<p><br>Solicita\u00e7\u00f5es de Declara\u00e7\u00e3o de Progress\u00e3o Funcional; Progress\u00e3o na carreira docente (Magist\u00e9rio Superior e EBTT); Afastamento de curt\u00edssima, curta e longa dura\u00e7\u00e3o; Retroativo de Progress\u00e3o Funcional; Retribui\u00e7\u00e3o por Titula\u00e7\u00e3o; Reconhecimento de Saberes e Compet\u00eancias; Bolsas docentes; Atividade espor\u00e1dica e RAE; Est\u00e1gio Probat\u00f3rio; Mudan\u00e7a de Regime de Trabalho Docente; Licen\u00e7a Capacita\u00e7\u00e3o.<\/p>\n\n\n\n<p><\/p>\n","protected":false},"excerpt":{"rendered":"<p>A CPPD (Comiss\u00e3o Permanente de Pessoal Docente) da UFPB \u00e9 o \u00f3rg\u00e3o respons\u00e1vel por assessorar [&hellip;]<\/p>\n","protected":false},"author":47,"featured_media":0,"parent":0,"menu_order":0,"comment_status":"closed","ping_status":"closed","template":"","meta":{"footnotes":""},"class_list":["post-29","page","type-page","status-publish","hentry"],"_links":{"self":[{"href":"https:\/\/www.ufpb.br\/cppd\/wp-json\/wp\/v2\/pages\/29","targetHints":{"allow":["GET"]}}],"collection":[{"href":"https:\/\/www.ufpb.br\/cppd\/wp-json\/wp\/v2\/pages"}],"about":[{"href":"https:\/\/www.ufpb.br\/cppd\/wp-json\/wp\/v2\/types\/page"}],"author":[{"embeddable":true,"href":"https:\/\/www.ufpb.br\/cppd\/wp-json\/wp\/v2\/users\/47"}],"replies":[{"embeddable":true,"href":"https:\/\/www.ufpb.br\/cppd\/wp-json\/wp\/v2\/comments?post=29"}],"version-history":[{"count":3,"href":"https:\/\/www.ufpb.br\/cppd\/wp-json\/wp\/v2\/pages\/29\/revisions"}],"predecessor-version":[{"id":90,"href":"https:\/\/www.ufpb.br\/cppd\/wp-json\/wp\/v2\/pages\/29\/revisions\/90"}],"wp:attachment":[{"href":"https:\/\/www.ufpb.br\/cppd\/wp-json\/wp\/v2\/media?parent=29"}],"curies":[{"name":"wp","href":"https:\/\/api.w.org\/{rel}","templated":true}]}}

Apresentação

<p class="has-text-align-left">A CPPD (Comissão Permanente de Pessoal Docente) da UFPB é o órgão responsável por assessorar a universidade em assuntos referentes à carreira do corpo docente, como progressões funcionais e promoções. O setor recebe, analisa e emite parecer sobre os processos relacionados à carreira do professor, incluindo solicitações para mudança de nível ou classe</p>



<h2 class="wp-block-heading"><div class="linha-header">Assuntos Tratados no setor:</div></h2>



<p><br>Solicitações de Declaração de Progressão Funcional; Progressão na carreira docente (Magistério Superior e EBTT); Afastamento de curtíssima, curta e longa duração; Retroativo de Progressão Funcional; Retribuição por Titulação; Reconhecimento de Saberes e Competências; Bolsas docentes; Atividade esporádica e RAE; Estágio Probatório; Mudança de Regime de Trabalho Docente; Licença Capacitação.</p>



<p></p>

<p>A CPPD (Comissão Permanente de Pessoal Docente) da UFPB é o órgão responsável por assessorar [&hellip;]</p>
