{"id":33,"date":"2025-11-26T09:18:02","date_gmt":"2025-11-26T12:18:02","guid":{"rendered":"https:\/\/www.ufpb.br\/cppd\/?page_id=33"},"modified":"2025-11-26T09:18:02","modified_gmt":"2025-11-26T12:18:02","slug":"assistente-a","status":"publish","type":"page","link":"https:\/\/www.ufpb.br\/cppd\/assistente-a\/","title":{"rendered":"Assistente A"},"content":{"rendered":"\n<p>Com a LEI N\u00ba 15.141, DE 2 DE JUNHO DE 2025 o desenvolvimento na carreira do<br>servidor est\u00e1 estruturada conforme o quadro abaixo:<br>art.12:<br>\u25cf Os servidores que estejam at\u00e9 31\/12\/2024 posicionados nas classes A e B e<br>tiverem sido aprovados no est\u00e1gio probat\u00f3rio, ser\u00e3o reenquadrados na classe AAssistente &#8211; 1 e ter\u00e3o a promo\u00e7\u00e3o para a classe de B- Adjunto, n\u00edvel -1, a partir de<br>1\u00ba de janeiro 2025 ( Vig\u00eancia e efeito financeiro).<br>Requisitos para promo\u00e7\u00e3o:<\/p>\n\n\n\n<ul class=\"wp-block-list\">\n<li>Requerimento e portaria do fim do est\u00e1gio probat\u00f3rio,<\/li>\n\n\n\n<li>O processo \u00e9 aberto via sipac e encaminhado diretamente \u00e0 CPPD.<\/li>\n\n\n\n<li>O servidor que cumprir o interst\u00edcio ap\u00f3s 01\/01\/2025 ser\u00e1 reenquadrado na classe<br>A- Assistente &#8211; 1 e ap\u00f3s os 36 meses de perman\u00eancia nessa classe solicita a<br>progress\u00e3o para a classe de B- Adjunto, n\u00edvel -1. E ser\u00e3o exigidos 6 per\u00edodos nessa<br>progress\u00e3o.<\/li>\n<\/ul>\n\n\n\n<p><\/p>\n","protected":false},"excerpt":{"rendered":"<p>Com a LEI N\u00ba 15.141, DE 2 DE JUNHO DE 2025 o desenvolvimento na carreira [&hellip;]<\/p>\n","protected":false},"author":47,"featured_media":0,"parent":0,"menu_order":0,"comment_status":"closed","ping_status":"closed","template":"","meta":{"footnotes":""},"class_list":["post-33","page","type-page","status-publish","hentry"],"_links":{"self":[{"href":"https:\/\/www.ufpb.br\/cppd\/wp-json\/wp\/v2\/pages\/33","targetHints":{"allow":["GET"]}}],"collection":[{"href":"https:\/\/www.ufpb.br\/cppd\/wp-json\/wp\/v2\/pages"}],"about":[{"href":"https:\/\/www.ufpb.br\/cppd\/wp-json\/wp\/v2\/types\/page"}],"author":[{"embeddable":true,"href":"https:\/\/www.ufpb.br\/cppd\/wp-json\/wp\/v2\/users\/47"}],"replies":[{"embeddable":true,"href":"https:\/\/www.ufpb.br\/cppd\/wp-json\/wp\/v2\/comments?post=33"}],"version-history":[{"count":1,"href":"https:\/\/www.ufpb.br\/cppd\/wp-json\/wp\/v2\/pages\/33\/revisions"}],"predecessor-version":[{"id":34,"href":"https:\/\/www.ufpb.br\/cppd\/wp-json\/wp\/v2\/pages\/33\/revisions\/34"}],"wp:attachment":[{"href":"https:\/\/www.ufpb.br\/cppd\/wp-json\/wp\/v2\/media?parent=33"}],"curies":[{"name":"wp","href":"https:\/\/api.w.org\/{rel}","templated":true}]}}