{"id":35,"date":"2025-11-26T09:19:22","date_gmt":"2025-11-26T12:19:22","guid":{"rendered":"https:\/\/www.ufpb.br\/cppd\/?page_id=35"},"modified":"2025-11-26T09:19:22","modified_gmt":"2025-11-26T12:19:22","slug":"a-partir-de-adjunto","status":"publish","type":"page","link":"https:\/\/www.ufpb.br\/cppd\/a-partir-de-adjunto\/","title":{"rendered":"A partir de Adjunto"},"content":{"rendered":"\n<p>Base legal as Resolu\u00e7\u00f5es 37-1999-CONSEPE e a Resolu\u00e7\u00e3o<br>27\/2001-CONSEPE.<br>Com a Declara\u00e7\u00e3o de Progress\u00f5es Funcionais, o processo eletr\u00f4nico deve ser<br>cadastrado no SIPAC e enviado ao seu Departamento. Nele, o processo ser\u00e1<br>avaliado por uma Comiss\u00e3o formada por tr\u00eas professores de classe e\/ou n\u00edvel<br>superiores ao seu; posteriormente dever\u00e1 ser aprovado pelo Colegiado do<br>Departamento e pelo Conselho de Centro, para finalmente ser encaminhado \u00e0<br>CPPD.<br>No processo dever\u00e3o constar os seguintes documentos:<\/p>\n\n\n\n<ul class=\"wp-block-list\">\n<li>Requerimento dirigido ao Chefe de Departamento, solicitando a progress\u00e3o<br>funcional;<\/li>\n\n\n\n<li>Relat\u00f3rio Individual Docente, de todas as atividades desenvolvidas no interst\u00edcio<br>bienal, inclusive mencionando os per\u00edodos letivos que est\u00e3o sendo utilizados, de<br>acordo com os calend\u00e1rios acad\u00eamicos da UFPB;<\/li>\n\n\n\n<li>Declara\u00e7\u00e3o de Progress\u00f5es Funcionais (segue anexa);<\/li>\n\n\n\n<li>Declara\u00e7\u00e3o de Disciplinas Ministradas (emitida diretamente do SIGAA); e<\/li>\n\n\n\n<li>Documentos Comprobat\u00f3rios das atividades contidas no Relat\u00f3rio<br>(Declara\u00e7\u00f5es, Certid\u00f5es, etc.).<br>No site consta o modelo de relat\u00f3rio para progress\u00e3o da classe B -ADJUNTO.<br>( FLUXO DO PROCESSO DE ADJUNTO)<br>Casos de direito \u00e0 progress\u00e3o presumida no determinado per\u00edodo(s):<\/li>\n\n\n\n<li>Licen\u00e7a Maternidade &#8211; Resolu\u00e7\u00e3o 38\/2025- CONSEPE;<\/li>\n\n\n\n<li>Afastamento em virtude do PARECER n.<br>00272\/2024\/DEPJUR\/PFUFPB\/PGF\/AGU e conforme os termos do Decreto<br>9.991\/2019, que determina que o docente afastado n\u00e3o poder\u00e1 continuar exercendo<br>suas atividades, de forma parcial, fica estabelecida a pontua\u00e7\u00e3o m\u00ednima<br>assegurada, nos moldes do inc. II do art. 8\u00ba, e art. 10, da Resolu\u00e7\u00e3o n\u00ba.<br>37\/99.(documentos comprobat\u00f3rios: apresenta\u00e7\u00e3o do formul\u00e1rio da PRPG,<br>aprovado pelo orientador, hist\u00f3rico escolar e portaria de afastamento, j\u00e1 no<br>p\u00f3s-doutorado relat\u00f3rio de pesquisa aprovado pelo departamento e a portaria de<br>afastamento);<\/li>\n\n\n\n<li>Servidor requisitado tem o direito presumido conforme parecer NOTA n.<br>00068\/2024\/DEPJUR\/PFUFPB\/PGF\/AGU e inciso I do \u00a75\u00ba do art 9\u00ba decreto<br>10835\/2021.( documento comprobat\u00f3rio &#8211; Portaria de requisi\u00e7\u00e3o);<\/li>\n\n\n\n<li>Licen\u00e7a Sa\u00fade Resolu\u00e7\u00e3o 38\/2025- CONSEPE;<\/li>\n<\/ul>\n","protected":false},"excerpt":{"rendered":"<p>Base legal as Resolu\u00e7\u00f5es 37-1999-CONSEPE e a Resolu\u00e7\u00e3o27\/2001-CONSEPE.Com a Declara\u00e7\u00e3o de Progress\u00f5es Funcionais, o processo [&hellip;]<\/p>\n","protected":false},"author":47,"featured_media":0,"parent":0,"menu_order":0,"comment_status":"closed","ping_status":"closed","template":"","meta":{"footnotes":""},"class_list":["post-35","page","type-page","status-publish","hentry"],"_links":{"self":[{"href":"https:\/\/www.ufpb.br\/cppd\/wp-json\/wp\/v2\/pages\/35","targetHints":{"allow":["GET"]}}],"collection":[{"href":"https:\/\/www.ufpb.br\/cppd\/wp-json\/wp\/v2\/pages"}],"about":[{"href":"https:\/\/www.ufpb.br\/cppd\/wp-json\/wp\/v2\/types\/page"}],"author":[{"embeddable":true,"href":"https:\/\/www.ufpb.br\/cppd\/wp-json\/wp\/v2\/users\/47"}],"replies":[{"embeddable":true,"href":"https:\/\/www.ufpb.br\/cppd\/wp-json\/wp\/v2\/comments?post=35"}],"version-history":[{"count":1,"href":"https:\/\/www.ufpb.br\/cppd\/wp-json\/wp\/v2\/pages\/35\/revisions"}],"predecessor-version":[{"id":36,"href":"https:\/\/www.ufpb.br\/cppd\/wp-json\/wp\/v2\/pages\/35\/revisions\/36"}],"wp:attachment":[{"href":"https:\/\/www.ufpb.br\/cppd\/wp-json\/wp\/v2\/media?parent=35"}],"curies":[{"name":"wp","href":"https:\/\/api.w.org\/{rel}","templated":true}]}}

<p>Base legal as Resoluções 37-1999-CONSEPE e a Resolução<br>27/2001-CONSEPE.<br>Com a Declaração de Progressões Funcionais, o processo eletrônico deve ser<br>cadastrado no SIPAC e enviado ao seu Departamento. Nele, o processo será<br>avaliado por uma Comissão formada por três professores de classe e/ou nível<br>superiores ao seu; posteriormente deverá ser aprovado pelo Colegiado do<br>Departamento e pelo Conselho de Centro, para finalmente ser encaminhado à<br>CPPD.<br>No processo deverão constar os seguintes documentos:</p>



<ul class="wp-block-list">
<li>Requerimento dirigido ao Chefe de Departamento, solicitando a progressão<br>funcional;</li>



<li>Relatório Individual Docente, de todas as atividades desenvolvidas no interstício<br>bienal, inclusive mencionando os períodos letivos que estão sendo utilizados, de<br>acordo com os calendários acadêmicos da UFPB;</li>



<li>Declaração de Progressões Funcionais (segue anexa);</li>



<li>Declaração de Disciplinas Ministradas (emitida diretamente do SIGAA); e</li>



<li>Documentos Comprobatórios das atividades contidas no Relatório<br>(Declarações, Certidões, etc.).<br>No site consta o modelo de relatório para progressão da classe B -ADJUNTO.<br>( FLUXO DO PROCESSO DE ADJUNTO)<br>Casos de direito à progressão presumida no determinado período(s):</li>



<li>Licença Maternidade &#8211; Resolução 38/2025- CONSEPE;</li>



<li>Afastamento em virtude do PARECER n.<br>00272/2024/DEPJUR/PFUFPB/PGF/AGU e conforme os termos do Decreto<br>9.991/2019, que determina que o docente afastado não poderá continuar exercendo<br>suas atividades, de forma parcial, fica estabelecida a pontuação mínima<br>assegurada, nos moldes do inc. II do art. 8º, e art. 10, da Resolução nº.<br>37/99.(documentos comprobatórios: apresentação do formulário da PRPG,<br>aprovado pelo orientador, histórico escolar e portaria de afastamento, já no<br>pós-doutorado relatório de pesquisa aprovado pelo departamento e a portaria de<br>afastamento);</li>



<li>Servidor requisitado tem o direito presumido conforme parecer NOTA n.<br>00068/2024/DEPJUR/PFUFPB/PGF/AGU e inciso I do §5º do art 9º decreto<br>10835/2021.( documento comprobatório &#8211; Portaria de requisição);</li>



<li>Licença Saúde Resolução 38/2025- CONSEPE;</li>
</ul>

<p>Base legal as Resoluções 37-1999-CONSEPE e a Resolução27/2001-CONSEPE.Com a Declaração de Progressões Funcionais, o processo [&hellip;]</p>
