{"id":53,"date":"2025-11-26T09:24:04","date_gmt":"2025-11-26T12:24:04","guid":{"rendered":"https:\/\/www.ufpb.br\/cppd\/?page_id=53"},"modified":"2025-11-26T09:24:04","modified_gmt":"2025-11-26T12:24:04","slug":"afastamento-de-curta-duracao-ate-30-dias","status":"publish","type":"page","link":"https:\/\/www.ufpb.br\/cppd\/afastamento-de-curta-duracao-ate-30-dias\/","title":{"rendered":"Afastamento de curta dura\u00e7\u00e3o (at\u00e9 30 dias)"},"content":{"rendered":"\n<p>Informa\u00e7\u00f5es obrigat\u00f3rias<br>\u25cf Local de realiza\u00e7\u00e3o;<br>\u25cf Per\u00edodo da licen\u00e7a;<br>\u25cf Institui\u00e7\u00e3o promotora da a\u00e7\u00e3o;<br>\u25cf Carga hor\u00e1ria prevista;<br>\u25cf Custos previstos relacionados diretamente com a a\u00e7\u00e3o;<br>\u25cf Custos previstos com di\u00e1rias e passagens;<br>\u25cf Solicita\u00e7\u00e3o de exonera\u00e7\u00e3o ou dispensa quando superior a 30 dias;<br>\u25cf Curr\u00edculo atualizado do servidor (SOUGOV);<br>\u25cf Justificativa do Departamento sobre a imprescindibilidade da a\u00e7\u00e3o;<br>\u25cf Justificativa de interesse da Administra\u00e7\u00e3o P\u00fablica (Chefia Imediata);<br>\u25cf C\u00f3pia do trecho do PDP 2025 e linha em PDF com indica\u00e7\u00e3o da<br>necessidade de desenvolvimento.<br>Documentos obrigat\u00f3rios<\/p>\n\n\n\n<ol class=\"wp-block-list\">\n<li>Requerimento do servidor justificando a relev\u00e2ncia;<\/li>\n\n\n\n<li>Formul\u00e1rio de afastamento (PROGEP);<\/li>\n\n\n\n<li>Documento de aceita\u00e7\u00e3o pela institui\u00e7\u00e3o de destino;<\/li>\n\n\n\n<li>Plano sucinto de estudos ou atividades;<\/li>\n\n\n\n<li>Demonstrativo de como o Departamento substituir\u00e1 o docente;<\/li>\n\n\n\n<li>Certid\u00e3o de aprova\u00e7\u00e3o do afastamento emitida pelo Departamento;<\/li>\n\n\n\n<li>Certid\u00e3o de aprova\u00e7\u00e3o pelo Conselho de Centro.<\/li>\n<\/ol>\n","protected":false},"excerpt":{"rendered":"<p>Informa\u00e7\u00f5es obrigat\u00f3rias\u25cf Local de realiza\u00e7\u00e3o;\u25cf Per\u00edodo da licen\u00e7a;\u25cf Institui\u00e7\u00e3o promotora da a\u00e7\u00e3o;\u25cf Carga hor\u00e1ria prevista;\u25cf [&hellip;]<\/p>\n","protected":false},"author":47,"featured_media":0,"parent":0,"menu_order":0,"comment_status":"closed","ping_status":"closed","template":"","meta":{"footnotes":""},"class_list":["post-53","page","type-page","status-publish","hentry"],"_links":{"self":[{"href":"https:\/\/www.ufpb.br\/cppd\/wp-json\/wp\/v2\/pages\/53","targetHints":{"allow":["GET"]}}],"collection":[{"href":"https:\/\/www.ufpb.br\/cppd\/wp-json\/wp\/v2\/pages"}],"about":[{"href":"https:\/\/www.ufpb.br\/cppd\/wp-json\/wp\/v2\/types\/page"}],"author":[{"embeddable":true,"href":"https:\/\/www.ufpb.br\/cppd\/wp-json\/wp\/v2\/users\/47"}],"replies":[{"embeddable":true,"href":"https:\/\/www.ufpb.br\/cppd\/wp-json\/wp\/v2\/comments?post=53"}],"version-history":[{"count":1,"href":"https:\/\/www.ufpb.br\/cppd\/wp-json\/wp\/v2\/pages\/53\/revisions"}],"predecessor-version":[{"id":54,"href":"https:\/\/www.ufpb.br\/cppd\/wp-json\/wp\/v2\/pages\/53\/revisions\/54"}],"wp:attachment":[{"href":"https:\/\/www.ufpb.br\/cppd\/wp-json\/wp\/v2\/media?parent=53"}],"curies":[{"name":"wp","href":"https:\/\/api.w.org\/{rel}","templated":true}]}}

Afastamento de curta duração (até 30 dias)

<p>Informações obrigatórias<br>● Local de realização;<br>● Período da licença;<br>● Instituição promotora da ação;<br>● Carga horária prevista;<br>● Custos previstos relacionados diretamente com a ação;<br>● Custos previstos com diárias e passagens;<br>● Solicitação de exoneração ou dispensa quando superior a 30 dias;<br>● Currículo atualizado do servidor (SOUGOV);<br>● Justificativa do Departamento sobre a imprescindibilidade da ação;<br>● Justificativa de interesse da Administração Pública (Chefia Imediata);<br>● Cópia do trecho do PDP 2025 e linha em PDF com indicação da<br>necessidade de desenvolvimento.<br>Documentos obrigatórios</p>



<ol class="wp-block-list">
<li>Requerimento do servidor justificando a relevância;</li>



<li>Formulário de afastamento (PROGEP);</li>



<li>Documento de aceitação pela instituição de destino;</li>



<li>Plano sucinto de estudos ou atividades;</li>



<li>Demonstrativo de como o Departamento substituirá o docente;</li>



<li>Certidão de aprovação do afastamento emitida pelo Departamento;</li>



<li>Certidão de aprovação pelo Conselho de Centro.</li>
</ol>

<p>Informações obrigatórias● Local de realização;● Período da licença;● Instituição promotora da ação;● Carga horária prevista;● [&hellip;]</p>
