{"id":55,"date":"2025-11-26T09:24:46","date_gmt":"2025-11-26T12:24:46","guid":{"rendered":"https:\/\/www.ufpb.br\/cppd\/?page_id=55"},"modified":"2025-11-26T09:24:46","modified_gmt":"2025-11-26T12:24:46","slug":"afastamento-de-longa-duracao-superior-a-30-dias","status":"publish","type":"page","link":"https:\/\/www.ufpb.br\/cppd\/afastamento-de-longa-duracao-superior-a-30-dias\/","title":{"rendered":"Afastamento de longa dura\u00e7\u00e3o (superior a 30 dias)"},"content":{"rendered":"\n<p>Informa\u00e7\u00f5es obrigat\u00f3rias<br>\u25cf Local de realiza\u00e7\u00e3o;<br>\u25cf Per\u00edodo da licen\u00e7a;<br>\u25cf Institui\u00e7\u00e3o promotora da a\u00e7\u00e3o;<br>\u25cf Carga hor\u00e1ria prevista;<br>\u25cf Custos previstos relacionados \u00e0 a\u00e7\u00e3o;<br>\u25cf Custos com di\u00e1rias e passagens;<br>\u25cf Solicita\u00e7\u00e3o de exonera\u00e7\u00e3o ou dispensa quando superior a 30 dias;<br>\u25cf Curr\u00edculo atualizado do servidor (SOUGOV);<br>\u25cf Justificativa do Departamento sobre a imprescindibilidade da a\u00e7\u00e3o;<br>\u25cf Justificativa de interesse da Administra\u00e7\u00e3o P\u00fablica (Chefia Imediata);<br>\u25cf C\u00f3pia do trecho do PDP 2025 e linha em PDF.<\/p>\n\n\n\n<p><br>Documentos obrigat\u00f3rios (Art. 7\u00ba, \u00a71\u00ba da Resolu\u00e7\u00e3o CONSEPE n\u00ba 07\/2004)<\/p>\n\n\n\n<ol class=\"wp-block-list\">\n<li>Requerimento solicitando o afastamento e justificando a relev\u00e2ncia;<\/li>\n\n\n\n<li>Formul\u00e1rio de afastamento;<\/li>\n\n\n\n<li>Plano sucinto de estudos ou atividades;<\/li>\n\n\n\n<li>Documento de aceita\u00e7\u00e3o da institui\u00e7\u00e3o de destino;<\/li>\n\n\n\n<li>Certid\u00e3o de tempo de servi\u00e7o da DLCP;<\/li>\n\n\n\n<li>Termo de compromisso e responsabilidade;<\/li>\n\n\n\n<li>Termo de reconhecimento das normas da Resolu\u00e7\u00e3o;<\/li>\n\n\n\n<li>Escala de f\u00e9rias atualizada;<\/li>\n\n\n\n<li>Demonstrativo de substitui\u00e7\u00e3o do docente;<br>10.Declara\u00e7\u00e3o nominal de docente que assumir\u00e1 encargos did\u00e1ticos;<\/li>\n\n\n\n<li>Declara\u00e7\u00e3o de quita\u00e7\u00e3o com a Biblioteca;<br>12.Certid\u00e3o de aprova\u00e7\u00e3o do afastamento pelo Conselho de Centro;<br>13.Certid\u00e3o da CPACE\/PROGEP sobre acumula\u00e7\u00e3o de cargos.<\/li>\n<\/ol>\n","protected":false},"excerpt":{"rendered":"<p>Informa\u00e7\u00f5es obrigat\u00f3rias\u25cf Local de realiza\u00e7\u00e3o;\u25cf Per\u00edodo da licen\u00e7a;\u25cf Institui\u00e7\u00e3o promotora da a\u00e7\u00e3o;\u25cf Carga hor\u00e1ria prevista;\u25cf [&hellip;]<\/p>\n","protected":false},"author":47,"featured_media":0,"parent":0,"menu_order":0,"comment_status":"closed","ping_status":"closed","template":"","meta":{"footnotes":""},"class_list":["post-55","page","type-page","status-publish","hentry"],"_links":{"self":[{"href":"https:\/\/www.ufpb.br\/cppd\/wp-json\/wp\/v2\/pages\/55","targetHints":{"allow":["GET"]}}],"collection":[{"href":"https:\/\/www.ufpb.br\/cppd\/wp-json\/wp\/v2\/pages"}],"about":[{"href":"https:\/\/www.ufpb.br\/cppd\/wp-json\/wp\/v2\/types\/page"}],"author":[{"embeddable":true,"href":"https:\/\/www.ufpb.br\/cppd\/wp-json\/wp\/v2\/users\/47"}],"replies":[{"embeddable":true,"href":"https:\/\/www.ufpb.br\/cppd\/wp-json\/wp\/v2\/comments?post=55"}],"version-history":[{"count":1,"href":"https:\/\/www.ufpb.br\/cppd\/wp-json\/wp\/v2\/pages\/55\/revisions"}],"predecessor-version":[{"id":56,"href":"https:\/\/www.ufpb.br\/cppd\/wp-json\/wp\/v2\/pages\/55\/revisions\/56"}],"wp:attachment":[{"href":"https:\/\/www.ufpb.br\/cppd\/wp-json\/wp\/v2\/media?parent=55"}],"curies":[{"name":"wp","href":"https:\/\/api.w.org\/{rel}","templated":true}]}}

Afastamento de longa duração (superior a 30 dias)

<p>Informações obrigatórias<br>● Local de realização;<br>● Período da licença;<br>● Instituição promotora da ação;<br>● Carga horária prevista;<br>● Custos previstos relacionados à ação;<br>● Custos com diárias e passagens;<br>● Solicitação de exoneração ou dispensa quando superior a 30 dias;<br>● Currículo atualizado do servidor (SOUGOV);<br>● Justificativa do Departamento sobre a imprescindibilidade da ação;<br>● Justificativa de interesse da Administração Pública (Chefia Imediata);<br>● Cópia do trecho do PDP 2025 e linha em PDF.</p>



<p><br>Documentos obrigatórios (Art. 7º, §1º da Resolução CONSEPE nº 07/2004)</p>



<ol class="wp-block-list">
<li>Requerimento solicitando o afastamento e justificando a relevância;</li>



<li>Formulário de afastamento;</li>



<li>Plano sucinto de estudos ou atividades;</li>



<li>Documento de aceitação da instituição de destino;</li>



<li>Certidão de tempo de serviço da DLCP;</li>



<li>Termo de compromisso e responsabilidade;</li>



<li>Termo de reconhecimento das normas da Resolução;</li>



<li>Escala de férias atualizada;</li>



<li>Demonstrativo de substituição do docente;<br>10.Declaração nominal de docente que assumirá encargos didáticos;</li>



<li>Declaração de quitação com a Biblioteca;<br>12.Certidão de aprovação do afastamento pelo Conselho de Centro;<br>13.Certidão da CPACE/PROGEP sobre acumulação de cargos.</li>
</ol>

<p>Informações obrigatórias● Local de realização;● Período da licença;● Instituição promotora da ação;● Carga horária prevista;● [&hellip;]</p>
