{"id":57,"date":"2025-11-26T09:25:20","date_gmt":"2025-11-26T12:25:20","guid":{"rendered":"https:\/\/www.ufpb.br\/cppd\/?page_id=57"},"modified":"2025-11-26T09:25:21","modified_gmt":"2025-11-26T12:25:21","slug":"afastamento-para-estagio-pos-doutoral-pos-doc","status":"publish","type":"page","link":"https:\/\/www.ufpb.br\/cppd\/afastamento-para-estagio-pos-doutoral-pos-doc\/","title":{"rendered":"Afastamento para Est\u00e1gio P\u00f3s-Doutoral (P\u00d3S-DOC)"},"content":{"rendered":"\n<p>(Inclui afastamentos de longa dura\u00e7\u00e3o para p\u00f3s-doutoramento)<br>Informa\u00e7\u00f5es obrigat\u00f3rias<br>\u25cf Local de realiza\u00e7\u00e3o;<br>\u25cf Per\u00edodo da licen\u00e7a;<br>\u25cf Institui\u00e7\u00e3o promotora da atividade;<br>\u25cf Carga hor\u00e1ria prevista;<br>\u25cf Custos previstos com a a\u00e7\u00e3o;<br>\u25cf Custos com di\u00e1rias e passagens;<br>\u25cf Solicita\u00e7\u00e3o de exonera\u00e7\u00e3o\/dispensa quando superior a 30 dias;<br>\u25cf Curr\u00edculo atualizado (SOUGOV);<br>\u25cf Justificativa do Departamento sobre a imprescindibilidade;<br>\u25cf Justificativa de interesse da Administra\u00e7\u00e3o (Chefia);<br>\u25cf C\u00f3pia do trecho do PDP 2025 e linha em PDF<\/p>\n\n\n\n<p><br>Documentos obrigat\u00f3rios (Art. 7\u00ba, \u00a71\u00ba da Resolu\u00e7\u00e3o CONSEPE n\u00ba 07\/2004)<\/p>\n\n\n\n<ol class=\"wp-block-list\">\n<li>Requerimento solicitando afastamento e justificando relev\u00e2ncia;<\/li>\n\n\n\n<li>Formul\u00e1rio de afastamento;<\/li>\n\n\n\n<li>Plano sucinto de estudos\/atividades do p\u00f3s-doc;<\/li>\n\n\n\n<li>Documento de aceite da institui\u00e7\u00e3o de destino;<\/li>\n\n\n\n<li>Certid\u00e3o de tempo de servi\u00e7o (DLCP);<\/li>\n\n\n\n<li>Termo de compromisso e responsabilidade;<\/li>\n\n\n\n<li>Termo de reconhecimento das normas estabelecidas;<\/li>\n\n\n\n<li>Escala de f\u00e9rias;<\/li>\n\n\n\n<li>Demonstrativo de substitui\u00e7\u00e3o docente;<br>10.Declara\u00e7\u00e3o nominal de docente substituto;<\/li>\n\n\n\n<li>Declara\u00e7\u00e3o de quita\u00e7\u00e3o com Biblioteca;<br>12.Certid\u00e3o de aprova\u00e7\u00e3o pelo Conselho de Centro;<br>13.Certid\u00e3o de acumula\u00e7\u00e3o de cargos (CPACE\/PROGEP).<\/li>\n<\/ol>\n","protected":false},"excerpt":{"rendered":"<p>(Inclui afastamentos de longa dura\u00e7\u00e3o para p\u00f3s-doutoramento)Informa\u00e7\u00f5es obrigat\u00f3rias\u25cf Local de realiza\u00e7\u00e3o;\u25cf Per\u00edodo da licen\u00e7a;\u25cf Institui\u00e7\u00e3o [&hellip;]<\/p>\n","protected":false},"author":47,"featured_media":0,"parent":0,"menu_order":0,"comment_status":"closed","ping_status":"closed","template":"","meta":{"footnotes":""},"class_list":["post-57","page","type-page","status-publish","hentry"],"_links":{"self":[{"href":"https:\/\/www.ufpb.br\/cppd\/wp-json\/wp\/v2\/pages\/57","targetHints":{"allow":["GET"]}}],"collection":[{"href":"https:\/\/www.ufpb.br\/cppd\/wp-json\/wp\/v2\/pages"}],"about":[{"href":"https:\/\/www.ufpb.br\/cppd\/wp-json\/wp\/v2\/types\/page"}],"author":[{"embeddable":true,"href":"https:\/\/www.ufpb.br\/cppd\/wp-json\/wp\/v2\/users\/47"}],"replies":[{"embeddable":true,"href":"https:\/\/www.ufpb.br\/cppd\/wp-json\/wp\/v2\/comments?post=57"}],"version-history":[{"count":1,"href":"https:\/\/www.ufpb.br\/cppd\/wp-json\/wp\/v2\/pages\/57\/revisions"}],"predecessor-version":[{"id":58,"href":"https:\/\/www.ufpb.br\/cppd\/wp-json\/wp\/v2\/pages\/57\/revisions\/58"}],"wp:attachment":[{"href":"https:\/\/www.ufpb.br\/cppd\/wp-json\/wp\/v2\/media?parent=57"}],"curies":[{"name":"wp","href":"https:\/\/api.w.org\/{rel}","templated":true}]}}

Afastamento para Estágio Pós-Doutoral (PÓS-DOC)

<p>(Inclui afastamentos de longa duração para pós-doutoramento)<br>Informações obrigatórias<br>● Local de realização;<br>● Período da licença;<br>● Instituição promotora da atividade;<br>● Carga horária prevista;<br>● Custos previstos com a ação;<br>● Custos com diárias e passagens;<br>● Solicitação de exoneração/dispensa quando superior a 30 dias;<br>● Currículo atualizado (SOUGOV);<br>● Justificativa do Departamento sobre a imprescindibilidade;<br>● Justificativa de interesse da Administração (Chefia);<br>● Cópia do trecho do PDP 2025 e linha em PDF</p>



<p><br>Documentos obrigatórios (Art. 7º, §1º da Resolução CONSEPE nº 07/2004)</p>



<ol class="wp-block-list">
<li>Requerimento solicitando afastamento e justificando relevância;</li>



<li>Formulário de afastamento;</li>



<li>Plano sucinto de estudos/atividades do pós-doc;</li>



<li>Documento de aceite da instituição de destino;</li>



<li>Certidão de tempo de serviço (DLCP);</li>



<li>Termo de compromisso e responsabilidade;</li>



<li>Termo de reconhecimento das normas estabelecidas;</li>



<li>Escala de férias;</li>



<li>Demonstrativo de substituição docente;<br>10.Declaração nominal de docente substituto;</li>



<li>Declaração de quitação com Biblioteca;<br>12.Certidão de aprovação pelo Conselho de Centro;<br>13.Certidão de acumulação de cargos (CPACE/PROGEP).</li>
</ol>

<p>(Inclui afastamentos de longa duração para pós-doutoramento)Informações obrigatórias● Local de realização;● Período da licença;● Instituição [&hellip;]</p>
