{"id":15,"date":"2025-02-03T14:43:23","date_gmt":"2025-02-03T17:43:23","guid":{"rendered":"https:\/\/www.ufpb.br\/cras\/?page_id=15"},"modified":"2025-11-11T14:08:44","modified_gmt":"2025-11-11T17:08:44","slug":"quem-somos","status":"publish","type":"page","link":"https:\/\/www.ufpb.br\/cras\/quem-somos\/","title":{"rendered":"Quem Somos?"},"content":{"rendered":"\n<p>O Centro de Refer\u00eancia em Aten\u00e7\u00e3o \u00e0 Sa\u00fade &#8211; CRAS representa uma nova concep\u00e7\u00e3o no atendimento integrado \u00e0 sa\u00fade. Criado pela Resolu\u00e7\u00e3o Consuni n\u00ba 04\/2014, de 28 de fevereiro de 2014, ele est\u00e1 situado no <em>Campus I<\/em> da UFPB, em Jo\u00e3o Pessoa, e tem por finalidades:<\/p>\n\n\n\n<p>&nbsp;&#8211; Prestar <strong>assist\u00eancia \u00e0 sa\u00fade<\/strong> aos discentes regularmente matriculados, docentes e t\u00e9cnico administrativos que n\u00e3o recebam sa\u00fade suplementar ou sejam usu\u00e1rios do plano de autogest\u00e3o ASSEFAZ ou GEAP.&nbsp;&nbsp;<\/p>\n\n\n\n<p>&#8211; Servir como campo para o ensino, pesquisa, extens\u00e3o contribuindo para a forma\u00e7\u00e3o de profissionais que atuar\u00e3o no atendimento da rede SUS.<\/p>\n\n\n\n<p>Funciona em pr\u00e9dio pr\u00f3prio, ao lado da Resid\u00eancia Universit\u00e1ria, e conta ainda com dois anexos, um no pr\u00e9dio do CCS e o outro na antiga Prefeitura Universit\u00e1ria. Entre os servi\u00e7os prestados est\u00e3o o atendimento de enfermagem, consultas m\u00e9dicas e psicol\u00f3gicas, odontol\u00f3gicas, nutricionais, cirurgia bucomaxilofacial e exames por imagem.<\/p>\n\n\n\n<p class=\" \">Nosso hor\u00e1rio de atendimento \u00e9 de Segunda \u00e0 Sexta-feira, das 07:00h \u00e0s 19:00h.<\/p>\n\n\n\n<p>Importante: o <strong><a href=\"https:\/\/www.ufpb.br\/cras\/cadastro\/\">Cadastro<\/a><\/strong> e o <strong><a href=\"https:\/\/www.ufpb.br\/cras\/agendamento\/\">Agendamento<\/a><\/strong> s\u00e3o feitos de forma <strong><a href=\"http:\/\/plone.ufpb.br\/cras\/contents\/documentos\/horario-de-trabalho-cras.pdf\">online<\/a><\/strong>.<\/p>\n\n\n\n<p>O <strong><a href=\"https:\/\/www.ufpb.br\/cras\/wp-content\/uploads\/sites\/79\/sites\/251\/2025\/07\/anexo-3_horario-de-trabalho-1.pdf\">hor\u00e1rio de trabalho<\/a> de cada servidor<\/strong> pode ser consultado <a href=\"https:\/\/www.ufpb.br\/cras\/wp-content\/uploads\/sites\/79\/sites\/251\/2025\/07\/anexo-3_horario-de-trabalho-1.pdf\">aqui<\/a>.<\/p>\n\n\n\n<p class=\" \">Para mais informa\u00e7\u00f5es (83) 3216-7873.<\/p>\n\n\n\n<p><\/p>\n\n\n\n<p class=\"has-medium-font-size\"><strong>Miss\u00e3o, vis\u00e3o e valores do CRAS<\/strong><\/p>\n\n\n\n<figure class=\"wp-block-table\"><table class=\"has-fixed-layout\"><tbody><tr><td class=\"has-text-align-center\" data-align=\"center\"><img loading=\"lazy\" decoding=\"async\" width=\"512\" height=\"512\" class=\"wp-image-405\" style=\"width: 100px\" src=\"http:\/\/www.ufpb.br\/cras\/wp-content\/uploads\/sites\/79\/sites\/251\/2025\/04\/love-romance_9062236.png\" alt=\"\" srcset=\"https:\/\/www.ufpb.br\/cras\/wp-content\/uploads\/sites\/79\/sites\/251\/2025\/04\/love-romance_9062236.png 512w, https:\/\/www.ufpb.br\/cras\/wp-content\/uploads\/sites\/79\/sites\/251\/2025\/04\/love-romance_9062236-300x300.png 300w, https:\/\/www.ufpb.br\/cras\/wp-content\/uploads\/sites\/79\/sites\/251\/2025\/04\/love-romance_9062236-150x150.png 150w\" sizes=\"auto, (max-width: 512px) 100vw, 512px\" \/><\/td><td>Nossa miss\u00e3o \u00e9 promover o bem-estar e a qualidade de vida dos estudantes e servidores da UFPB por meio de a\u00e7\u00f5es de assist\u00eancia \u00e0 sa\u00fade, garantindo suporte psicossocial, fortalecimento de v\u00ednculos e perman\u00eancia acad\u00eamica. Al\u00e9m disso, fomentar iniciativas de ensino, pesquisa e extens\u00e3o que contribuam para o desenvolvimento humano, social e cient\u00edfico da comunidade universit\u00e1ria.<\/td><\/tr><tr><td class=\"has-text-align-center\" data-align=\"center\"><img loading=\"lazy\" decoding=\"async\" width=\"512\" height=\"512\" class=\"wp-image-406\" style=\"width: 100px\" src=\"http:\/\/www.ufpb.br\/cras\/wp-content\/uploads\/sites\/79\/sites\/251\/2025\/04\/vision_2662920.png\" alt=\"\" srcset=\"https:\/\/www.ufpb.br\/cras\/wp-content\/uploads\/sites\/79\/sites\/251\/2025\/04\/vision_2662920.png 512w, https:\/\/www.ufpb.br\/cras\/wp-content\/uploads\/sites\/79\/sites\/251\/2025\/04\/vision_2662920-300x300.png 300w, https:\/\/www.ufpb.br\/cras\/wp-content\/uploads\/sites\/79\/sites\/251\/2025\/04\/vision_2662920-150x150.png 150w\" sizes=\"auto, (max-width: 512px) 100vw, 512px\" \/><\/td><td>Nossa vis\u00e3o \u00e9 ser refer\u00eancia nacional na promo\u00e7\u00e3o da assist\u00eancia sa\u00fade no ambiente universit\u00e1rio, oferecendo suporte acess\u00edvel e inclusivo a estudantes e servidores, fortalecendo a integra\u00e7\u00e3o entre ensino, pesquisa e extens\u00e3o e contribuindo para um ambiente acad\u00eamico e profissional saud\u00e1vel e sustent\u00e1vel.<\/td><\/tr><tr><td class=\"has-text-align-center\" data-align=\"center\"><img loading=\"lazy\" decoding=\"async\" width=\"512\" height=\"512\" class=\"wp-image-407\" style=\"width: 100px\" src=\"http:\/\/www.ufpb.br\/cras\/wp-content\/uploads\/sites\/79\/sites\/251\/2025\/04\/values_18529550.png\" alt=\"\" srcset=\"https:\/\/www.ufpb.br\/cras\/wp-content\/uploads\/sites\/79\/sites\/251\/2025\/04\/values_18529550.png 512w, https:\/\/www.ufpb.br\/cras\/wp-content\/uploads\/sites\/79\/sites\/251\/2025\/04\/values_18529550-300x300.png 300w, https:\/\/www.ufpb.br\/cras\/wp-content\/uploads\/sites\/79\/sites\/251\/2025\/04\/values_18529550-150x150.png 150w\" sizes=\"auto, (max-width: 512px) 100vw, 512px\" \/><\/td><td><strong>Compromisso com a Sa\u00fade e Assist\u00eancia<\/strong> \u2013 Garantir suporte f\u00edsico, mental e social a estudantes e servidores, promovendo bem-estar e equidade no acesso a servi\u00e7os essenciais.<br><br><strong>Inclus\u00e3o e Equidade<\/strong> \u2013 Assegurar atendimento acess\u00edvel e humanizado, respeitando a diversidade e proporcionando igualdade de oportunidades.<br><br><strong>Integra\u00e7\u00e3o entre Ensino, Pesquisa e Extens\u00e3o<\/strong> \u2013 Estimular projetos e programas que aliem o conhecimento acad\u00eamico \u00e0s necessidades sociais, promovendo impacto positivo na comunidade.<br><br><strong>Bem-estar e Qualidade de Vida<\/strong> \u2013 Desenvolver a\u00e7\u00f5es preventivas e educativas voltadas \u00e0 promo\u00e7\u00e3o da sa\u00fade e ao equil\u00edbrio emocional de estudantes e servidores.<br><br><strong>\u00c9tica e Transpar\u00eancia<\/strong> \u2013 Atuar com responsabilidade, sigilo profissional e comunica\u00e7\u00e3o clara, garantindo um ambiente de confian\u00e7a.<br><br><strong>Acolhimento e Escuta Ativa<\/strong> \u2013 Criar um espa\u00e7o seguro de atendimento, com empatia e sensibilidade \u00e0s dificuldades enfrentadas pelos membros da comunidade acad\u00eamica.<br><br><strong>Interdisciplinaridade e Coopera\u00e7\u00e3o<\/strong> \u2013 Integrar diferentes \u00e1reas do conhecimento para fortalecer pol\u00edticas de assist\u00eancia estudantil e aos servidores.<br><br><strong>Sustentabilidade e Responsabilidade Social<\/strong> \u2013 Incentivar pr\u00e1ticas sustent\u00e1veis e a\u00e7\u00f5es sociais que impactem positivamente o meio ambiente e a comunidade acad\u00eamica.<\/td><\/tr><\/tbody><\/table><\/figure>\n\n\n\n<p><\/p>\n\n\n\n<p class=\"has-medium-font-size\"><strong>Conhe\u00e7a nossas unidades<\/strong><\/p>\n\n\n\n<p>O&nbsp;<strong>CRAS CL\u00cdNICO<\/strong> <strong>I<\/strong>, \u00e9 a nossa Sede e localiza-se pr\u00f3ximo \u00e0 resid\u00eancia universit\u00e1ria \u2013\u2013 campus I, onde funcionam as seguintes especialidades m\u00e9dicas: Cl\u00ednica Geral, Mastologia, Gastroenterologista, Geriatria, Cardiologia, Pneumologia, Pediatria, Reumatologia (servidora afastada para doutorado 2025-2028), Psiquiatria, o servi\u00e7o de Odontologia cl\u00ednica, o servi\u00e7o de Enfermagem, o exame de Tomografia e a Dire\u00e7\u00e3o do Cras.<\/p>\n\n\n\n<p>O&nbsp;<strong>CRAS CL\u00cdNICO II<\/strong>,&nbsp;&nbsp;localizado no Bloco do CCS (Centro de Ci\u00eancias da Sa\u00fade &#8211; antigo SAS), onde funciona o Servi\u00e7o de Cirurgia Bucomaxilofacial, Implante dent\u00e1rio, Consultas com Nutricionista, exames de Ecocardiografia e a Coordena\u00e7\u00e3o Administrativa.<\/p>\n\n\n\n<p>O&nbsp;<strong>CRAS CL\u00cdNICO III<\/strong>, localizado na antiga Prefeitura Universit\u00e1ria, Campus I, onde funciona o servi\u00e7o de Psicologia e a Coordena\u00e7\u00e3o de Ensino Pesquisa e Extens\u00e3o &#8211; Em Reforma desde dez\/24.<\/p>\n\n\n\n<h2 class=\"wp-block-heading has-text-align-left has-medium-font-size\"><strong>Equipe e Organograma<\/strong><\/h2>\n\n\n\n<h2 class=\"wp-block-heading has-text-align-left has-medium-font-size\"><strong>Diretoria<\/strong><\/h2>\n\n\n\n<p><strong>\u00c2ngelo Brito Pereira de Melo<\/strong>&nbsp;&#8211; Assessor Especial da Reitoria e&nbsp;respons\u00e1vel pelo CRAS.<\/p>\n\n\n\n<p class=\"has-medium-font-size\"><strong>Coordena\u00e7\u00e3o Administrativa<\/strong><\/p>\n\n\n\n<p><strong>Adriana Rodrigues da Silva<\/strong>&nbsp;&#8211; Coordenadora&nbsp; Geral.<\/p>\n\n\n\n<h2 class=\"wp-block-heading has-medium-font-size\"><strong>Setor<\/strong><\/h2>\n\n\n\n<div class=\"wp-block-group\"><div class=\"wp-block-group__inner-container is-layout-constrained wp-block-group-is-layout-constrained\">\n<p>Jo\u00e3o Dehon Leandro Franca<br><strong>Medicina<\/strong><br>Vivian Lacerda Wanderley de Albuquerque<br>Vice-coordenadora<\/p>\n<\/div><\/div>\n\n\n\n<p>Cl\u00e1udia Patr\u00edcia da N\u00f3brega Nunes Pereira<br><strong><strong>Enfermagem<\/strong><\/strong><br>Julius Christie de Ara\u00fajo Brand\u00e3o<br>Vice-coordenador<\/p>\n\n\n\n<p><\/p>\n\n\n\n<p>Walkyria de F\u00e1tima Wanderley de Albuquerque<br><strong>Nutri\u00e7\u00e3o<\/strong><br><\/p>\n\n\n\n<p>Julyanna Farias<br><strong>Odontologia<\/strong><br>Ionaria Oliveira de Assis Guerra<br>Vice-coordenadora<br><\/p>\n\n\n\n<p>R\u00f4mulo Lucena Rangel Travassos<br><strong>Cirurgia Bucomaxilofacial<\/strong><br>Andrelisse Solon Borges<br>Vice-coordenadora<br><\/p>\n\n\n\n<p>T\u00e9rcia Pereira de Ara\u00fajo Lima<br><strong>Psicologia<\/strong><br>Jussara de Lourdes Ferreira Chaves<br>Vice-coordenadora<br><\/p>\n\n\n\n<p>Luciana Gomes Furtado Nogueira<br><strong>Sepex<\/strong><\/p>\n\n\n\n<p><\/p>\n\n\n\n<figure class=\"wp-block-image size-large is-style-default\"><img loading=\"lazy\" decoding=\"async\" width=\"1024\" height=\"709\" src=\"http:\/\/www.ufpb.br\/cras\/wp-content\/uploads\/sites\/79\/sites\/251\/2025\/08\/organograma-corrigido-1024x709.png\" alt=\"\" class=\"wp-image-707\" srcset=\"https:\/\/www.ufpb.br\/cras\/wp-content\/uploads\/sites\/79\/sites\/251\/2025\/08\/organograma-corrigido-1024x709.png 1024w, https:\/\/www.ufpb.br\/cras\/wp-content\/uploads\/sites\/79\/sites\/251\/2025\/08\/organograma-corrigido-300x208.png 300w, https:\/\/www.ufpb.br\/cras\/wp-content\/uploads\/sites\/79\/sites\/251\/2025\/08\/organograma-corrigido-768x532.png 768w, https:\/\/www.ufpb.br\/cras\/wp-content\/uploads\/sites\/79\/sites\/251\/2025\/08\/organograma-corrigido.png 1040w\" sizes=\"auto, (max-width: 1024px) 100vw, 1024px\" \/><\/figure>\n\n\n\n<p><\/p>\n\n\n\n<p class=\"has-medium-font-size\"><br><strong>Nossa hist\u00f3ria<\/strong><\/p>\n\n\n\n<p>Com o intuito de&nbsp;proporcionar acesso aos servi\u00e7os b\u00e1sicos de sa\u00fade e aten\u00e7\u00e3o m\u00e9dico ambulatorial&nbsp;\u00e0 comunidade universit\u00e1ria, o&nbsp;Centro de Ci\u00eancias da Sa\u00fade (CCS) da Universidade Federal da Para\u00edba criou, em 2010, o Servi\u00e7o de Aten\u00e7\u00e3o \u00e0 Sa\u00fade (SAS), idealizado pela Profa. Virg\u00ednia L\u00facia Siqueira de Melo (Gest\u00e3o 2010-2021) e pela ent\u00e3o diretora do CCS, Profa. Margareth de F\u00e1tima Formiga Melo Diniz.<\/p>\n\n\n\n<p>Inicialmente, o servi\u00e7o era direcionado a presta\u00e7\u00e3o de atendimento \u00e0 comunidade t\u00e9cnico administrativa, docente e discente da UFPB e restringia-se ao atendimento m\u00e9dico e de odontologia cl\u00ednica. Os pacientes que necessitassem de pronto atendimento, atendimento em especialidades, exames laboratoriais e de imagem eram encaminhados ao Hospital Universit\u00e1rio Lauro Wanderley, que na \u00e9poca funcionava por demanda espont\u00e2nea.<\/p>\n\n\n\n<p>O projeto piloto tinha como principal objetivo e base de sustenta\u00e7\u00e3o o fato do atendimento se localizar dentro da pr\u00f3pria estrutura f\u00edsica do CCS, facilitando o acesso dos usu\u00e1rios ao atendimento m\u00e9dico e odontol\u00f3gico.<\/p>\n\n\n\n<p>O acesso era por demanda espont\u00e2nea. Com a alta procura dos usu\u00e1rios pelo servi\u00e7o surgiu a expectativa de crescimento e expans\u00e3o no n\u00edvel de abrang\u00eancia do atendimento do SAS. J\u00e1 nos primeiros anos de atua\u00e7\u00e3o, o n\u00famero de atendimentos superaram todas as expectativas.<\/p>\n\n\n\n<p>Sendo assim, o SAS passou a ser o Centro de Refer\u00eancia em Aten\u00e7\u00e3o \u00e0 Sa\u00fade &#8211; CRAS, atrav\u00e9s da Resolu\u00e7\u00e3o Consuni n\u00ba 04\/2014, de 28 de fevereiro de 2014, tornando-se um \u00d3rg\u00e3o Suplementar da Reitoria.<\/p>\n\n\n\n<p class=\"has-medium-font-size\"><strong>Ex-Diretores<\/strong><\/p>\n\n\n\n<p>Profa. Virg\u00ednia L\u00facia Siqueira de Melo (Gest\u00e3o 2010 a 03\/2021)<\/p>\n\n\n\n<p>Prof. Dr. Luis F\u00e1bio Barbosa Botelho (Gest\u00e3o 04\/2021 a 06\/2022)<\/p>\n\n\n\n<p>Profa. Dra. Simone Helena dos Santos Oliveira (Gest\u00e3o 07\/2022 a 01\/2024)<\/p>\n\n\n\n<p>TAE Msc. Isa\u00edas Ara\u00fajo de Souza (02\/2024 a 11\/2024)<\/p>\n\n\n\n<p><\/p>\n","protected":false},"excerpt":{"rendered":"<p>O Centro de Refer\u00eancia em Aten\u00e7\u00e3o \u00e0 Sa\u00fade &#8211; CRAS representa uma nova concep\u00e7\u00e3o no atendimento integrado \u00e0 sa\u00fade. Criado pela Resolu\u00e7\u00e3o Consuni n\u00ba 04\/2014, de 28 de fevereiro de 2014, ele est\u00e1 situado no Campus I da UFPB, em Jo\u00e3o Pessoa, e tem por finalidades: &nbsp;&#8211; Prestar assist\u00eancia \u00e0 sa\u00fade aos discentes regularmente matriculados, [&hellip;]<\/p>\n","protected":false},"author":47,"featured_media":26,"parent":0,"menu_order":0,"comment_status":"closed","ping_status":"closed","template":"","meta":{"footnotes":""},"class_list":["post-15","page","type-page","status-publish","has-post-thumbnail","hentry"],"_links":{"self":[{"href":"https:\/\/www.ufpb.br\/cras\/wp-json\/wp\/v2\/pages\/15","targetHints":{"allow":["GET"]}}],"collection":[{"href":"https:\/\/www.ufpb.br\/cras\/wp-json\/wp\/v2\/pages"}],"about":[{"href":"https:\/\/www.ufpb.br\/cras\/wp-json\/wp\/v2\/types\/page"}],"author":[{"embeddable":true,"href":"https:\/\/www.ufpb.br\/cras\/wp-json\/wp\/v2\/users\/47"}],"replies":[{"embeddable":true,"href":"https:\/\/www.ufpb.br\/cras\/wp-json\/wp\/v2\/comments?post=15"}],"version-history":[{"count":49,"href":"https:\/\/www.ufpb.br\/cras\/wp-json\/wp\/v2\/pages\/15\/revisions"}],"predecessor-version":[{"id":814,"href":"https:\/\/www.ufpb.br\/cras\/wp-json\/wp\/v2\/pages\/15\/revisions\/814"}],"wp:featuredmedia":[{"embeddable":true,"href":"https:\/\/www.ufpb.br\/cras\/wp-json\/wp\/v2\/media\/26"}],"wp:attachment":[{"href":"https:\/\/www.ufpb.br\/cras\/wp-json\/wp\/v2\/media?parent=15"}],"curies":[{"name":"wp","href":"https:\/\/api.w.org\/{rel}","templated":true}]}}