{"id":23,"date":"2025-02-03T14:44:38","date_gmt":"2025-02-03T17:44:38","guid":{"rendered":"https:\/\/www.ufpb.br\/cras\/?page_id=23"},"modified":"2026-02-13T12:46:21","modified_gmt":"2026-02-13T15:46:21","slug":"documentos","status":"publish","type":"page","link":"https:\/\/www.ufpb.br\/cras\/documentos\/","title":{"rendered":"Documentos"},"content":{"rendered":"\n<h2 class=\"wp-block-heading has-large-font-size\"><strong>PESQUISA DE SATISFA\u00c7\u00c3O 2025!<\/strong><\/h2>\n\n\n\n<figure class=\"wp-block-table\"><table class=\"has-fixed-layout\"><tbody><tr><td class=\"has-text-align-center\" data-align=\"center\"><a href=\"https:\/\/docs.google.com\/forms\/d\/e\/1FAIpQLScTpjFDxz3r9j4yOGLEU8j5LK_xy-ru44Rqr35Qr4kURqZaFw\/viewform?usp=header\"><img loading=\"lazy\" decoding=\"async\" width=\"512\" height=\"512\" class=\"wp-image-74\" style=\"width: 100px\" src=\"http:\/\/www.ufpb.br\/cras\/wp-content\/uploads\/sites\/79\/sites\/251\/2025\/02\/chat_14359147.png\" alt=\"\" srcset=\"https:\/\/www.ufpb.br\/cras\/wp-content\/uploads\/sites\/79\/sites\/251\/2025\/02\/chat_14359147.png 512w, https:\/\/www.ufpb.br\/cras\/wp-content\/uploads\/sites\/79\/sites\/251\/2025\/02\/chat_14359147-300x300.png 300w, https:\/\/www.ufpb.br\/cras\/wp-content\/uploads\/sites\/79\/sites\/251\/2025\/02\/chat_14359147-150x150.png 150w\" sizes=\"auto, (max-width: 512px) 100vw, 512px\" \/><\/a><\/td><td>Respondendo nossa pesquisa vc ajuda a melhorar nossos atendimentos.<br>Clicando no \u00edcone ao lado ou <a href=\"https:\/\/docs.google.com\/forms\/d\/e\/1FAIpQLScTpjFDxz3r9j4yOGLEU8j5LK_xy-ru44Rqr35Qr4kURqZaFw\/viewform?usp=header\">aqui!<\/a><\/td><\/tr><\/tbody><\/table><\/figure>\n\n\n\n<p><\/p>\n\n\n\n<h6 class=\"wp-block-heading has-large-font-size\"><strong>DOCUMENTOS ADMINISTRATIVOS<\/strong><\/h6>\n\n\n\n<p><\/p>\n\n\n\n<h2 class=\"wp-block-heading\">Programa de Acolhimento e Aten\u00e7\u00e3o Integral \u00e0 Sa\u00fade de Estudantes Estrangeiros em Situa\u00e7\u00e3o de Vulnerabilidade no \u00e2mbito do CRAS<\/h2>\n\n\n\n<div class=\"wp-block-file\"><a id=\"wp-block-file--media-496b71ff-cfb4-4c54-b95c-d82b7d00c6f7\" href=\"http:\/\/www.ufpb.br\/cras\/wp-content\/uploads\/sites\/79\/sites\/251\/2026\/02\/portaria-1.26-cras.pdf\">portaria 1.26 cras<\/a><a href=\"http:\/\/www.ufpb.br\/cras\/wp-content\/uploads\/sites\/79\/sites\/251\/2026\/02\/portaria-1.26-cras.pdf\" class=\"wp-block-file__button wp-element-button\" download aria-describedby=\"wp-block-file--media-496b71ff-cfb4-4c54-b95c-d82b7d00c6f7\">Baixar<\/a><\/div>\n\n\n\n<p><\/p>\n\n\n\n<p><strong>FLUXO DE ATENDIMENTO 2025<\/strong><\/p>\n\n\n\n<div class=\"wp-block-file\"><a id=\"wp-block-file--media-913e38b0-6125-4dd8-9245-37993168f575\" href=\"http:\/\/www.ufpb.br\/cras\/wp-content\/uploads\/sites\/79\/sites\/251\/2025\/09\/fluxo-de-atendimento-cras.pdf\">fluxo de atendimento cras<\/a><a href=\"http:\/\/www.ufpb.br\/cras\/wp-content\/uploads\/sites\/79\/sites\/251\/2025\/09\/fluxo-de-atendimento-cras.pdf\" class=\"wp-block-file__button wp-element-button\" download aria-describedby=\"wp-block-file--media-913e38b0-6125-4dd8-9245-37993168f575\">Baixar<\/a><\/div>\n\n\n\n<p><\/p>\n\n\n\n<p><\/p>\n\n\n\n<p><strong>CARTA DE SERVI\u00c7OS 2025<\/strong><\/p>\n\n\n\n<div class=\"wp-block-file\"><a id=\"wp-block-file--media-7495860f-65ac-4309-b0db-316fc5f509fe\" href=\"http:\/\/www.ufpb.br\/cras\/wp-content\/uploads\/sites\/79\/sites\/251\/2025\/09\/anexo-2_carta-de-servico-25.9.pdf\">anexo 2_carta de servi\u00e7o 25.9<\/a><a href=\"http:\/\/www.ufpb.br\/cras\/wp-content\/uploads\/sites\/79\/sites\/251\/2025\/09\/anexo-2_carta-de-servico-25.9.pdf\" class=\"wp-block-file__button wp-element-button\" download aria-describedby=\"wp-block-file--media-7495860f-65ac-4309-b0db-316fc5f509fe\">Baixar<\/a><\/div>\n\n\n\n<p><\/p>\n\n\n\n<p><\/p>\n\n\n\n<p><strong>MANUAL DO USU\u00c1RIO<\/strong><\/p>\n\n\n\n<div class=\"wp-block-file\"><a id=\"wp-block-file--media-f1da5bcb-9531-48c6-9085-732bb641bb86\" href=\"http:\/\/www.ufpb.br\/cras\/wp-content\/uploads\/sites\/79\/sites\/251\/2025\/09\/Manual-Funcionamento-CRAS-2025.pdf\">Manual Funcionamento CRAS 2025<\/a><a href=\"http:\/\/www.ufpb.br\/cras\/wp-content\/uploads\/sites\/79\/sites\/251\/2025\/09\/Manual-Funcionamento-CRAS-2025.pdf\" class=\"wp-block-file__button wp-element-button\" download aria-describedby=\"wp-block-file--media-f1da5bcb-9531-48c6-9085-732bb641bb86\">Baixar<\/a><\/div>\n\n\n\n<h2 class=\"wp-block-heading\"><strong>PLANO DE GEST\u00c3O 2025-28<\/strong><\/h2>\n\n\n\n<div class=\"wp-block-file\"><a id=\"wp-block-file--media-9d571564-ae23-442c-9d6a-5137365139b1\" href=\"http:\/\/www.ufpb.br\/cras\/wp-content\/uploads\/sites\/79\/sites\/251\/2025\/10\/PLANO-GESTAO-SETORIAL_quadrienio25.28.pdf\">PLANO GEST\u00c3O SETORIAL_quadrienio25.28<\/a><a href=\"http:\/\/www.ufpb.br\/cras\/wp-content\/uploads\/sites\/79\/sites\/251\/2025\/10\/PLANO-GESTAO-SETORIAL_quadrienio25.28.pdf\" class=\"wp-block-file__button wp-element-button\" download aria-describedby=\"wp-block-file--media-9d571564-ae23-442c-9d6a-5137365139b1\">Baixar<\/a><\/div>\n\n\n\n<p><\/p>\n\n\n\n<div class=\"wp-block-file\"><a id=\"wp-block-file--media-bf90158c-76b8-4930-95be-f5c4a0990ef0\" href=\"http:\/\/www.ufpb.br\/cras\/wp-content\/uploads\/sites\/79\/sites\/251\/2025\/09\/portaria-13.25-dispoe-sobre-comissao-Plano-Gestao-Setorial-CRAS.pdf\">portaria 13.25 disp\u00f5e sobre comiss\u00e3o Plano Gest\u00e3o Setorial CRAS<\/a><a href=\"http:\/\/www.ufpb.br\/cras\/wp-content\/uploads\/sites\/79\/sites\/251\/2025\/09\/portaria-13.25-dispoe-sobre-comissao-Plano-Gestao-Setorial-CRAS.pdf\" class=\"wp-block-file__button wp-element-button\" download aria-describedby=\"wp-block-file--media-bf90158c-76b8-4930-95be-f5c4a0990ef0\">Baixar<\/a><\/div>\n\n\n\n<p><\/p>\n\n\n\n<p><strong>Portaria 18\/2025-CRAS <\/strong>&#8211; Designa Gestores de Processo<\/p>\n\n\n\n<div class=\"wp-block-file\"><a id=\"wp-block-file--media-1016896e-bc72-4f44-b4d0-baa282d5d73d\" href=\"https:\/\/www.ufpb.br\/cras\/wp-content\/uploads\/sites\/79\/sites\/251\/2025\/07\/PORTARIA-18.2025-Cras_designa-gestores-de-processo.pdf\">PORTARIA 18.2025 Cras_designa gestores de processo<\/a><a href=\"https:\/\/www.ufpb.br\/cras\/wp-content\/uploads\/sites\/79\/sites\/251\/2025\/07\/PORTARIA-18.2025-Cras_designa-gestores-de-processo.pdf\" class=\"wp-block-file__button wp-element-button\" download aria-describedby=\"wp-block-file--media-1016896e-bc72-4f44-b4d0-baa282d5d73d\">Baixar<\/a><\/div>\n\n\n\n<p><\/p>\n\n\n\n<p><strong>Portaria 17\/2025-CRAS <\/strong>&#8211; Designa Gestor de Risco<\/p>\n\n\n\n<div class=\"wp-block-file\"><a id=\"wp-block-file--media-06e179b7-b71e-49ab-a423-34658ac3473e\" href=\"https:\/\/www.ufpb.br\/cras\/wp-content\/uploads\/sites\/79\/sites\/251\/2025\/07\/PORTARIA-17.2025-Cras_designa-gestor-de-risco.pdf\">PORTARIA 17.2025 Cras_designa gestor de risco<\/a><a href=\"https:\/\/www.ufpb.br\/cras\/wp-content\/uploads\/sites\/79\/sites\/251\/2025\/07\/PORTARIA-17.2025-Cras_designa-gestor-de-risco.pdf\" class=\"wp-block-file__button wp-element-button\" download aria-describedby=\"wp-block-file--media-06e179b7-b71e-49ab-a423-34658ac3473e\">Baixar<\/a><\/div>\n\n\n\n<p><\/p>\n\n\n\n<h2 class=\"wp-block-heading\">DOCUMENTOS IMPORTANTES:<\/h2>\n\n\n\n<p><\/p>\n\n\n\n<p>Rela\u00e7\u00e3o de locais que oferecem <strong>atendimento psicol\u00f3gico<\/strong> 2025 &#8211; Coordena\u00e7\u00e3o de Psicologia<\/p>\n\n\n\n<p><\/p>\n\n\n\n<div class=\"wp-block-file\"><a id=\"wp-block-file--media-37487660-c2a6-422f-b21f-66623265d4d3\" href=\"http:\/\/www.ufpb.br\/cras\/wp-content\/uploads\/sites\/79\/sites\/251\/2025\/06\/Onde-Buscar-Ajuda-Atualizado-2025.pdf\">Onde Buscar Ajuda Atualizado &#8211; 2025<\/a><a href=\"http:\/\/www.ufpb.br\/cras\/wp-content\/uploads\/sites\/79\/sites\/251\/2025\/06\/Onde-Buscar-Ajuda-Atualizado-2025.pdf\" class=\"wp-block-file__button wp-element-button\" download aria-describedby=\"wp-block-file--media-37487660-c2a6-422f-b21f-66623265d4d3\">Baixar<\/a><\/div>\n\n\n\n<p><\/p>\n\n\n\n<p><\/p>\n\n\n\n<h2 class=\"wp-block-heading\">PORTARIAS<\/h2>\n\n\n\n<p><strong>Portaria 16\/2025-CRAS <\/strong>&#8211; Disp\u00f5e sobre as normas para desenvolver pesquisa e extens\u00e3o no CRAS<\/p>\n\n\n\n<div class=\"wp-block-file\"><a id=\"wp-block-file--media-76a3e7c5-d4fe-4233-bbe3-8de1e6f5eb65\" href=\"https:\/\/www.ufpb.br\/cras\/wp-content\/uploads\/sites\/79\/sites\/251\/2025\/07\/PORTARIA-16.2025-Cras_dispoe-normas-projetos-no-Cras.pdf\">PORTARIA 16.2025 Cras_disp\u00f5e normas projetos no Cras<\/a><a href=\"https:\/\/www.ufpb.br\/cras\/wp-content\/uploads\/sites\/79\/sites\/251\/2025\/07\/PORTARIA-16.2025-Cras_dispoe-normas-projetos-no-Cras.pdf\" class=\"wp-block-file__button wp-element-button\" download aria-describedby=\"wp-block-file--media-76a3e7c5-d4fe-4233-bbe3-8de1e6f5eb65\">Baixar<\/a><\/div>\n\n\n\n<div class=\"wp-block-file\"><a id=\"wp-block-file--media-e8d6c423-9330-4be9-8ce1-bf4e05c8b130\" href=\"http:\/\/www.ufpb.br\/cras\/wp-content\/uploads\/sites\/79\/sites\/251\/2025\/08\/MANUAL_CEPEX-CRAS.pdf\">MANUAL_CEPEX CRAS<\/a><a href=\"http:\/\/www.ufpb.br\/cras\/wp-content\/uploads\/sites\/79\/sites\/251\/2025\/08\/MANUAL_CEPEX-CRAS.pdf\" class=\"wp-block-file__button wp-element-button\" download aria-describedby=\"wp-block-file--media-e8d6c423-9330-4be9-8ce1-bf4e05c8b130\">Baixar<\/a><\/div>\n\n\n\n<p><\/p>\n\n\n\n<p><strong>Portaria 15\/2025-CRAS<\/strong> &#8211; Disp\u00f5e sobre medidas para reduzir o absente\u00edsmo e otimizar a disponibilidade de vagas para consultas\/procedimento em Odontologia e Bucomaxilofacial no CRAS\/UFPB (<strong>FALTAS \u00c0S CONSULTAS E PERDA DE VAGA<\/strong>)<\/p>\n\n\n\n<div class=\"wp-block-file\"><a id=\"wp-block-file--media-79b5691b-8040-4ddf-b946-9adbce83678e\" href=\"https:\/\/www.ufpb.br\/cras\/wp-content\/uploads\/sites\/79\/sites\/251\/2025\/06\/portaria-15.25-absenteismo-odonto-e-buco-1.pdf\">portaria 15.25 absente\u00edsmo odonto e buco<\/a><a href=\"https:\/\/www.ufpb.br\/cras\/wp-content\/uploads\/sites\/79\/sites\/251\/2025\/06\/portaria-15.25-absenteismo-odonto-e-buco-1.pdf\" class=\"wp-block-file__button wp-element-button\" download aria-describedby=\"wp-block-file--media-79b5691b-8040-4ddf-b946-9adbce83678e\">Baixar<\/a><\/div>\n\n\n\n<p><\/p>\n\n\n\n<p><strong>Portaria 14\/2025-CRAS<\/strong> &#8211; Disp\u00f5e sobre o teleatendimento para os <em>Campi <\/em>do interior<\/p>\n\n\n\n<div class=\"wp-block-file\"><a id=\"wp-block-file--media-35ca74c0-f89c-4741-ade0-419b0ee842fe\" href=\"http:\/\/www.ufpb.br\/cras\/wp-content\/uploads\/sites\/79\/sites\/251\/2025\/05\/portaria-14.25-dispoe-sobre-teleatendimento-CRAS.pdf\">portaria 14.25 disp\u00f5e sobre teleatendimento CRAS<\/a><a href=\"http:\/\/www.ufpb.br\/cras\/wp-content\/uploads\/sites\/79\/sites\/251\/2025\/05\/portaria-14.25-dispoe-sobre-teleatendimento-CRAS.pdf\" class=\"wp-block-file__button wp-element-button\" download aria-describedby=\"wp-block-file--media-35ca74c0-f89c-4741-ade0-419b0ee842fe\">Baixar<\/a><\/div>\n\n\n\n<p><\/p>\n\n\n\n<p><strong>Portaria 11\/2025-CRAS<\/strong> &#8211; Disp\u00f5e sobre preenchimento do mapa de atendimento<\/p>\n\n\n\n<div class=\"wp-block-file\"><a id=\"wp-block-file--media-3f12f4d3-a26b-4cd0-88b1-4eefac084f6d\" href=\"http:\/\/www.ufpb.br\/cras\/wp-content\/uploads\/sites\/79\/sites\/251\/2025\/05\/portaria-11.25-dispoe-sobre-mapa-de-atendimento-CRAS.pdf\">portaria 11.25 disp\u00f5e sobre mapa de atendimento CRAS<\/a><a href=\"http:\/\/www.ufpb.br\/cras\/wp-content\/uploads\/sites\/79\/sites\/251\/2025\/05\/portaria-11.25-dispoe-sobre-mapa-de-atendimento-CRAS.pdf\" class=\"wp-block-file__button wp-element-button\" download aria-describedby=\"wp-block-file--media-3f12f4d3-a26b-4cd0-88b1-4eefac084f6d\">Baixar<\/a><\/div>\n\n\n\n<p><\/p>\n\n\n\n<p><strong>Portaria 10\/2025-CRAS<\/strong> &#8211; Disp\u00f5e sobre o agendamento de consultas no CRAS<\/p>\n\n\n\n<div class=\"wp-block-file\"><a id=\"wp-block-file--media-3144f565-b180-4913-bcde-0ae86f05a671\" href=\"http:\/\/www.ufpb.br\/cras\/wp-content\/uploads\/sites\/79\/sites\/251\/2025\/05\/portaria-10.25-dispoe-sobre-agendamento-CRAS.pdf\">portaria 10.25 disp\u00f5e sobre agendamento CRAS<\/a><a href=\"http:\/\/www.ufpb.br\/cras\/wp-content\/uploads\/sites\/79\/sites\/251\/2025\/05\/portaria-10.25-dispoe-sobre-agendamento-CRAS.pdf\" class=\"wp-block-file__button wp-element-button\" download aria-describedby=\"wp-block-file--media-3144f565-b180-4913-bcde-0ae86f05a671\">Baixar<\/a><\/div>\n\n\n\n<p><\/p>\n\n\n\n<p><strong>Portaria 09\/2025-CRAS<\/strong> \u2013 Disp\u00f5e sobre medidas para reduzir o absente\u00edsmo e otimizar a disponibilidade de vagas para consultas psiqui\u00e1tricas e psicol\u00f3gicas no CRAS\/UFPB (<strong>FALTAS \u00c0S CONSULTAS E PERDA DE VAGA<\/strong>)<\/p>\n\n\n\n<div class=\"wp-block-file\"><a id=\"wp-block-file--media-eaab6f7e-02bd-46da-b7c0-6c327fd2ac7a\" href=\"http:\/\/www.ufpb.br\/cras\/wp-content\/uploads\/sites\/79\/sites\/251\/2025\/04\/portaria-09.25-dispoe-sobre-absenteismo.pdf\">portaria 09.25 &#8211; disp\u00f5e sobre absente\u00edsmo<\/a><a href=\"http:\/\/www.ufpb.br\/cras\/wp-content\/uploads\/sites\/79\/sites\/251\/2025\/04\/portaria-09.25-dispoe-sobre-absenteismo.pdf\" class=\"wp-block-file__button wp-element-button\" download aria-describedby=\"wp-block-file--media-eaab6f7e-02bd-46da-b7c0-6c327fd2ac7a\">Baixar<\/a><\/div>\n\n\n\n<p><\/p>\n\n\n\n<p><strong>Portaria 08\/2025-CRAS<\/strong> &#8211; <strong>Estabelece procedimento para retorno (consultas de acompanhamento\/tratamento) psiquiatria e psicologia<\/strong> (revogada!)<\/p>\n\n\n\n<div class=\"wp-block-file\"><a id=\"wp-block-file--media-51899968-42ac-4831-9a82-77cb63416116\" href=\"http:\/\/www.ufpb.br\/cras\/wp-content\/uploads\/sites\/79\/sites\/251\/2025\/03\/portaria-08.2025-CRAS.pdf\">portaria 08.2025 CRAS<\/a><a href=\"http:\/\/www.ufpb.br\/cras\/wp-content\/uploads\/sites\/79\/sites\/251\/2025\/03\/portaria-08.2025-CRAS.pdf\" class=\"wp-block-file__button wp-element-button\" download aria-describedby=\"wp-block-file--media-51899968-42ac-4831-9a82-77cb63416116\">Baixar<\/a><\/div>\n\n\n\n<p><\/p>\n\n\n\n<p class=\" \">&nbsp;Resolu\u00e7\u00e3o Consuni 14\/2020<strong> &#8211; Aprova o Regimento Interno.<\/strong><\/p>\n\n\n\n<div class=\"wp-block-file\"><a id=\"wp-block-file--media-5a862b83-8157-4123-b8dc-9ae56e174756\" href=\"http:\/\/www.ufpb.br\/cras\/wp-content\/uploads\/sites\/79\/sites\/251\/2025\/02\/Res.-Consuni-14.20_Regimento-Interno-CRAS.pdf\">Res. Consuni 14.20_Regimento Interno CRAS<\/a><a href=\"http:\/\/www.ufpb.br\/cras\/wp-content\/uploads\/sites\/79\/sites\/251\/2025\/02\/Res.-Consuni-14.20_Regimento-Interno-CRAS.pdf\" class=\"wp-block-file__button wp-element-button\" download aria-describedby=\"wp-block-file--media-5a862b83-8157-4123-b8dc-9ae56e174756\">Baixar<\/a><\/div>\n\n\n\n<p><\/p>\n\n\n\n<p class=\" \">&nbsp;Resolu\u00e7\u00e3o Consuni 04.14<strong> &#8211; Cria o Cras.<\/strong><\/p>\n\n\n\n<div class=\"wp-block-file\"><a id=\"wp-block-file--media-ae1d700b-44be-40ee-91e5-2b5e4076b29d\" href=\"http:\/\/www.ufpb.br\/cras\/wp-content\/uploads\/sites\/79\/sites\/251\/2025\/09\/Resolucao-Consuni-04_2014-Cria-o-CRAS_UFPB.pdf\">Resolu\u00e7\u00e3o Consuni 04_2014 Cria o CRAS_UFPB<\/a><a href=\"http:\/\/www.ufpb.br\/cras\/wp-content\/uploads\/sites\/79\/sites\/251\/2025\/09\/Resolucao-Consuni-04_2014-Cria-o-CRAS_UFPB.pdf\" class=\"wp-block-file__button wp-element-button\" download aria-describedby=\"wp-block-file--media-ae1d700b-44be-40ee-91e5-2b5e4076b29d\">Baixar<\/a><\/div>\n\n\n\n<p><\/p>\n\n\n\n<p>Comunicado CRAS n\u00ba 01\/2021<strong> &#8211; Redimensionamento do p\u00fablico-alvo<\/strong><\/p>\n\n\n\n<div class=\"wp-block-file\"><a id=\"wp-block-file--media-473e80e4-2082-4ee7-b357-73fd84b5cc05\" href=\"https:\/\/www.ufpb.br\/cras\/wp-content\/uploads\/sites\/79\/sites\/251\/2025\/02\/comunicado-01.21.pdf\">comunicado 01.21<\/a><a href=\"https:\/\/www.ufpb.br\/cras\/wp-content\/uploads\/sites\/79\/sites\/251\/2025\/02\/comunicado-01.21.pdf\" class=\"wp-block-file__button wp-element-button\" download aria-describedby=\"wp-block-file--media-473e80e4-2082-4ee7-b357-73fd84b5cc05\">Baixar<\/a><\/div>\n\n\n\n<p><\/p>\n\n\n\n<p>Comunicado CRAS n\u00ba 01\/2022 <strong>&#8211; Readequa\u00e7\u00e3o de ofertas de consultas e especialidades<\/strong><\/p>\n\n\n\n<div class=\"wp-block-file\"><a id=\"wp-block-file--media-0a3f06a8-8253-48b2-af69-11d1a934f6ce\" href=\"https:\/\/www.ufpb.br\/cras\/wp-content\/uploads\/sites\/79\/sites\/251\/2025\/02\/comunicado-01.22.pdf\">comunicado 01.22<\/a><a href=\"https:\/\/www.ufpb.br\/cras\/wp-content\/uploads\/sites\/79\/sites\/251\/2025\/02\/comunicado-01.22.pdf\" class=\"wp-block-file__button wp-element-button\" download aria-describedby=\"wp-block-file--media-0a3f06a8-8253-48b2-af69-11d1a934f6ce\">Baixar<\/a><\/div>\n\n\n\n<p><\/p>\n\n\n\n<h2 class=\"wp-block-heading\">RELAT\u00d3RIOS DE GEST\u00c3O<\/h2>\n\n\n\n<p>Relat\u00f3rio Final de Atividades &#8211; 2022<\/p>\n\n\n\n<div class=\"wp-block-file\"><a id=\"wp-block-file--media-eccc96f6-1d29-4e44-9390-83a2035782e9\" href=\"http:\/\/www.ufpb.br\/cras\/wp-content\/uploads\/sites\/79\/sites\/251\/2025\/02\/Relatorio-2022.pdf\">Relat\u00f3rio 2022<\/a><a href=\"http:\/\/www.ufpb.br\/cras\/wp-content\/uploads\/sites\/79\/sites\/251\/2025\/02\/Relatorio-2022.pdf\" class=\"wp-block-file__button wp-element-button\" download aria-describedby=\"wp-block-file--media-eccc96f6-1d29-4e44-9390-83a2035782e9\">Baixar<\/a><\/div>\n\n\n\n<p><\/p>\n\n\n\n<p>Relat\u00f3rio Final de Atividades &#8211; 2023<\/p>\n\n\n\n<div class=\"wp-block-file\"><a id=\"wp-block-file--media-0eeee3d9-db80-4ce7-9517-305aa6e9fc24\" href=\"http:\/\/www.ufpb.br\/cras\/wp-content\/uploads\/sites\/79\/sites\/251\/2025\/02\/Relatorio-2023.pdf\">Relat\u00f3rio 2023<\/a><a href=\"http:\/\/www.ufpb.br\/cras\/wp-content\/uploads\/sites\/79\/sites\/251\/2025\/02\/Relatorio-2023.pdf\" class=\"wp-block-file__button wp-element-button\" download aria-describedby=\"wp-block-file--media-0eeee3d9-db80-4ce7-9517-305aa6e9fc24\">Baixar<\/a><\/div>\n\n\n\n<p><\/p>\n\n\n\n<p>Relat\u00f3rio Final de Atividades &#8211; 2024<\/p>\n\n\n\n<div class=\"wp-block-file\"><a id=\"wp-block-file--media-852fabe4-0c62-4787-b31d-bd0bc9a320d1\" href=\"http:\/\/www.ufpb.br\/cras\/wp-content\/uploads\/sites\/79\/sites\/251\/2025\/02\/Relatorio-2024.pdf\">Relat\u00f3rio 2024<\/a><a href=\"http:\/\/www.ufpb.br\/cras\/wp-content\/uploads\/sites\/79\/sites\/251\/2025\/02\/Relatorio-2024.pdf\" class=\"wp-block-file__button wp-element-button\" download aria-describedby=\"wp-block-file--media-852fabe4-0c62-4787-b31d-bd0bc9a320d1\">Baixar<\/a><\/div>\n\n\n\n<p><\/p>\n\n\n\n<p>Relat\u00f3rio Final de Atividades &#8211; 2025<\/p>\n\n\n\n<div class=\"wp-block-file\"><a id=\"wp-block-file--media-a295123f-ce34-4f83-8fc5-8682b0ec5b46\" href=\"http:\/\/www.ufpb.br\/cras\/wp-content\/uploads\/sites\/79\/sites\/251\/2025\/12\/Cras-relatorio-2025-1.pdf\">Cras relatorio 2025<\/a><a href=\"http:\/\/www.ufpb.br\/cras\/wp-content\/uploads\/sites\/79\/sites\/251\/2025\/12\/Cras-relatorio-2025-1.pdf\" class=\"wp-block-file__button wp-element-button\" download aria-describedby=\"wp-block-file--media-a295123f-ce34-4f83-8fc5-8682b0ec5b46\">Baixar<\/a><\/div>\n\n\n\n<p><\/p>\n\n\n\n<p><\/p>\n\n\n\n<p><strong>Est\u00e1gio no CRAS\/UFPB<\/strong> &#8211; Encaminhamentos necess\u00e1rios no documento abaixo.<\/p>\n\n\n\n<div class=\"wp-block-file\"><a id=\"wp-block-file--media-29ffd3a5-b686-499f-b19e-78baf9857432\" href=\"http:\/\/www.ufpb.br\/cras\/wp-content\/uploads\/sites\/79\/sites\/251\/2025\/02\/Estagio-Cras_Procedimentos.pdf\">Est\u00e1gio Cras_Procedimentos<\/a><a href=\"http:\/\/www.ufpb.br\/cras\/wp-content\/uploads\/sites\/79\/sites\/251\/2025\/02\/Estagio-Cras_Procedimentos.pdf\" class=\"wp-block-file__button wp-element-button\" download aria-describedby=\"wp-block-file--media-29ffd3a5-b686-499f-b19e-78baf9857432\">Baixar<\/a><\/div>\n\n\n\n<p><\/p>\n\n\n\n<p><strong>Procedimento Operacional Padr\u00e3o<\/strong><\/p>\n\n\n\n<div class=\"wp-block-file\"><a id=\"wp-block-file--media-7ba802f7-063d-48b8-91d9-924eccbe228e\" href=\"http:\/\/www.ufpb.br\/cras\/wp-content\/uploads\/sites\/79\/sites\/251\/2025\/02\/POP_Cras.pdf\">POP_Cras<\/a><a href=\"http:\/\/www.ufpb.br\/cras\/wp-content\/uploads\/sites\/79\/sites\/251\/2025\/02\/POP_Cras.pdf\" class=\"wp-block-file__button wp-element-button\" download aria-describedby=\"wp-block-file--media-7ba802f7-063d-48b8-91d9-924eccbe228e\">Baixar<\/a><\/div>\n\n\n\n<p><\/p>\n\n\n\n<p><strong>PDI<\/strong><\/p>\n\n\n\n<div class=\"wp-block-file\"><a id=\"wp-block-file--media-c2aeac4b-b012-4d89-bd4c-2b40b3764b6f\" href=\"https:\/\/www.ufpb.br\/cras\/wp-content\/uploads\/sites\/79\/sites\/251\/2025\/03\/PDI-2024-2028.pdf\">PDI 2024-2028<\/a><a href=\"https:\/\/www.ufpb.br\/cras\/wp-content\/uploads\/sites\/79\/sites\/251\/2025\/03\/PDI-2024-2028.pdf\" class=\"wp-block-file__button wp-element-button\" download aria-describedby=\"wp-block-file--media-c2aeac4b-b012-4d89-bd4c-2b40b3764b6f\">Baixar<\/a><\/div>\n\n\n\n<p><\/p>\n\n\n\n<p><strong>CONSULTA P\u00daBLICA 2025<\/strong><\/p>\n\n\n\n<div class=\"wp-block-file\"><a id=\"wp-block-file--media-a5f9b798-ea01-4bfe-b05e-95b978c72b53\" href=\"https:\/\/www.ufpb.br\/cras\/wp-content\/uploads\/sites\/79\/sites\/251\/2025\/06\/CONSULTA-PUBLICA-2025_Relatorio-final.pdf\">CONSULTA PUBLICA 2025_Relatorio final<\/a><a href=\"https:\/\/www.ufpb.br\/cras\/wp-content\/uploads\/sites\/79\/sites\/251\/2025\/06\/CONSULTA-PUBLICA-2025_Relatorio-final.pdf\" class=\"wp-block-file__button wp-element-button\" download aria-describedby=\"wp-block-file--media-a5f9b798-ea01-4bfe-b05e-95b978c72b53\">Baixar<\/a><\/div>\n\n\n\n<p><\/p>\n\n\n\n<div class=\"wp-block-file\"><a id=\"wp-block-file--media-e86fc530-1017-4961-8b86-32966972f7a0\" href=\"https:\/\/www.ufpb.br\/cras\/wp-content\/uploads\/sites\/79\/sites\/251\/2025\/07\/anexo-3_horario-de-trabalho-1.pdf\">anexo 3_horario de trabalho<\/a><a href=\"https:\/\/www.ufpb.br\/cras\/wp-content\/uploads\/sites\/79\/sites\/251\/2025\/07\/anexo-3_horario-de-trabalho-1.pdf\" class=\"wp-block-file__button wp-element-button\" download aria-describedby=\"wp-block-file--media-e86fc530-1017-4961-8b86-32966972f7a0\">Baixar<\/a><\/div>\n\n\n\n<p><\/p>\n","protected":false},"excerpt":{"rendered":"<p>PESQUISA DE SATISFA\u00c7\u00c3O 2025! Respondendo nossa pesquisa vc ajuda a melhorar nossos atendimentos.Clicando no \u00edcone ao lado ou aqui! DOCUMENTOS ADMINISTRATIVOS Programa de Acolhimento e Aten\u00e7\u00e3o Integral \u00e0 Sa\u00fade de Estudantes Estrangeiros em Situa\u00e7\u00e3o de Vulnerabilidade no \u00e2mbito do CRAS FLUXO DE ATENDIMENTO 2025 CARTA DE SERVI\u00c7OS 2025 MANUAL DO USU\u00c1RIO PLANO DE GEST\u00c3O 2025-28 [&hellip;]<\/p>\n","protected":false},"author":47,"featured_media":0,"parent":0,"menu_order":0,"comment_status":"closed","ping_status":"closed","template":"","meta":{"footnotes":""},"class_list":["post-23","page","type-page","status-publish","hentry"],"_links":{"self":[{"href":"https:\/\/www.ufpb.br\/cras\/wp-json\/wp\/v2\/pages\/23","targetHints":{"allow":["GET"]}}],"collection":[{"href":"https:\/\/www.ufpb.br\/cras\/wp-json\/wp\/v2\/pages"}],"about":[{"href":"https:\/\/www.ufpb.br\/cras\/wp-json\/wp\/v2\/types\/page"}],"author":[{"embeddable":true,"href":"https:\/\/www.ufpb.br\/cras\/wp-json\/wp\/v2\/users\/47"}],"replies":[{"embeddable":true,"href":"https:\/\/www.ufpb.br\/cras\/wp-json\/wp\/v2\/comments?post=23"}],"version-history":[{"count":90,"href":"https:\/\/www.ufpb.br\/cras\/wp-json\/wp\/v2\/pages\/23\/revisions"}],"predecessor-version":[{"id":846,"href":"https:\/\/www.ufpb.br\/cras\/wp-json\/wp\/v2\/pages\/23\/revisions\/846"}],"wp:attachment":[{"href":"https:\/\/www.ufpb.br\/cras\/wp-json\/wp\/v2\/media?parent=23"}],"curies":[{"name":"wp","href":"https:\/\/api.w.org\/{rel}","templated":true}]}}