{"id":17,"date":"2025-09-03T11:50:57","date_gmt":"2025-09-03T14:50:57","guid":{"rendered":"https:\/\/www.ufpb.br\/editora\/?page_id=17"},"modified":"2026-03-18T14:53:54","modified_gmt":"2026-03-18T17:53:54","slug":"contato","status":"publish","type":"page","link":"https:\/\/www.ufpb.br\/editora\/contato\/","title":{"rendered":"Contato"},"content":{"rendered":"\n<p>Hor\u00e1rio de Atendimento: segunda a sexta-feira, das 8h \u00e0s 17h<\/p>\n\n\n\n<p>Telefone\/WhatsApp: (83) 3216-7147<br>E-mail de Atendimento: <a href=\"mailto:atendimento@editora.ufpb.br\">atendimento@editora.ufpb.br<\/a><\/p>\n\n\n\n<h2 class=\"wp-block-heading\"><div class=\"linha-header\">E-mails por Setor<\/div><\/h2>\n\n\n\n<ul class=\"wp-block-list\">\n<li>Dire\u00e7\u00e3o: <a href=\"mailto:editora@ufpb.br\">editora@ufpb.br<\/a><\/li>\n\n\n\n<li>Coordena\u00e7\u00e3o Administrativa: <a href=\"mailto:administrativo@editora.ufpb.br\">administrativo@editora.ufpb.br<\/a><\/li>\n\n\n\n<li>Comunica\u00e7\u00e3o e Log\u00edstica\/ Vendas: <a href=\"mailto:atendimento@editora.ufpb.br\">atendimento@editora.ufpb.br<\/a><\/li>\n\n\n\n<li>Coordena\u00e7\u00e3o de Edi\u00e7\u00e3o Editorial: <a href=\"mailto:edicao@editora.ufpb.br\">edicao@editora.ufpb.br<\/a><\/li>\n\n\n\n<li>Coordena\u00e7\u00e3o de Design Editorial \/ OMP: <a href=\"mailto:editoracao@ufpb.br\">editoracao@editora.ufpb.br<\/a><\/li>\n<\/ul>\n\n\n\n<h2 class=\"wp-block-heading\"><div class=\"linha-header\">Endere\u00e7o:<\/div><\/h2>\n\n\n\n<p>Editora UFPB<br><a href=\"https:\/\/maps.app.goo.gl\/rpxY6yuNn8FbLPQE7\">Rua: Alameda da Oiticica, S\/N \u2013 Campus I <\/a><\/p>\n\n\n\n<p><a href=\"https:\/\/maps.app.goo.gl\/rpxY6yuNn8FbLPQE7\">Jo\u00e3o Pessoa\/PB \u2013 CEP: 58051-970<\/a><\/p>\n\n\n\n<h2 class=\"wp-block-heading\"><div class=\"linha-header\">Como chegar na Editora UFPB<\/div><\/h2>\n\n\n\n<figure class=\"wp-block-video\"><video height=\"854\" style=\"aspect-ratio: 480 \/ 854;\" width=\"480\" controls src=\"http:\/\/www.ufpb.br\/editora\/wp-content\/uploads\/sites\/79\/sites\/364\/2025\/11\/Reels-Como-Chegar-modificado-480-1.mp4\"><\/video><\/figure>\n\n\n\n<p><\/p>\n","protected":false},"excerpt":{"rendered":"<p>Hor\u00e1rio de Atendimento: segunda a sexta-feira, das 8h \u00e0s 17h Telefone\/WhatsApp: (83) 3216-7147E-mail de Atendimento: [&hellip;]<\/p>\n","protected":false},"author":47,"featured_media":0,"parent":0,"menu_order":0,"comment_status":"closed","ping_status":"closed","template":"","meta":{"footnotes":""},"class_list":["post-17","page","type-page","status-publish","hentry"],"_links":{"self":[{"href":"https:\/\/www.ufpb.br\/editora\/wp-json\/wp\/v2\/pages\/17","targetHints":{"allow":["GET"]}}],"collection":[{"href":"https:\/\/www.ufpb.br\/editora\/wp-json\/wp\/v2\/pages"}],"about":[{"href":"https:\/\/www.ufpb.br\/editora\/wp-json\/wp\/v2\/types\/page"}],"author":[{"embeddable":true,"href":"https:\/\/www.ufpb.br\/editora\/wp-json\/wp\/v2\/users\/47"}],"replies":[{"embeddable":true,"href":"https:\/\/www.ufpb.br\/editora\/wp-json\/wp\/v2\/comments?post=17"}],"version-history":[{"count":15,"href":"https:\/\/www.ufpb.br\/editora\/wp-json\/wp\/v2\/pages\/17\/revisions"}],"predecessor-version":[{"id":414,"href":"https:\/\/www.ufpb.br\/editora\/wp-json\/wp\/v2\/pages\/17\/revisions\/414"}],"wp:attachment":[{"href":"https:\/\/www.ufpb.br\/editora\/wp-json\/wp\/v2\/media?parent=17"}],"curies":[{"name":"wp","href":"https:\/\/api.w.org\/{rel}","templated":true}]}}