{"id":29,"date":"2025-10-25T09:38:02","date_gmt":"2025-10-25T12:38:02","guid":{"rendered":"https:\/\/www.ufpb.br\/editora\/?page_id=29"},"modified":"2025-12-05T11:25:01","modified_gmt":"2025-12-05T14:25:01","slug":"conselho-editorial","status":"publish","type":"page","link":"https:\/\/www.ufpb.br\/editora\/conselho-editorial\/","title":{"rendered":"Conselho Editorial"},"content":{"rendered":"\n<p>O Conselho Editorial da Editora UFPB \u00e9 um \u00f3rg\u00e3o consultivo e deliberativo respons\u00e1vel por zelar pela qualidade, relev\u00e2ncia acad\u00eamica e alinhamento das publica\u00e7\u00f5es aos princ\u00edpios e diretrizes da pol\u00edtica editorial da Universidade. <\/p>\n\n\n\n<p>Cabe ao Conselho apreciar e deliberar sobre as obras previamente homologadas, com base em pareceres t\u00e9cnicos e nas normas estabelecidas pelos editais, contribuindo para a sele\u00e7\u00e3o criteriosa e transparente das publica\u00e7\u00f5es. Sua atua\u00e7\u00e3o fortalece o compromisso da Editora com a excel\u00eancia cient\u00edfica, a diversidade do pensamento e a valoriza\u00e7\u00e3o da produ\u00e7\u00e3o intelectual da comunidade acad\u00eamica.<\/p>\n\n\n\n<div class=\"wp-block-file\"><a id=\"wp-block-file--media-d67809ba-658e-4711-91fc-6ebfece5614b\" href=\"http:\/\/www.ufpb.br\/editora\/wp-content\/uploads\/sites\/79\/sites\/364\/2025\/11\/Portaria-Conselho-Editorial-2025-BS_39-2025_202.pdf\">Portaria &#8211; Conselho Editorial 2025 &#8211; BS_39-2025_202<\/a><a href=\"http:\/\/www.ufpb.br\/editora\/wp-content\/uploads\/sites\/79\/sites\/364\/2025\/11\/Portaria-Conselho-Editorial-2025-BS_39-2025_202.pdf\" class=\"wp-block-file__button wp-element-button\" download aria-describedby=\"wp-block-file--media-d67809ba-658e-4711-91fc-6ebfece5614b\">Baixar<\/a><\/div>\n\n\n\n<h2 class=\"wp-block-heading\"><div class=\"linha-header\">Presidente do Conselho Editorial da Editora UFPB<\/div><\/h2>\n\n\n\n<p>Prof\u00aa. Dra. Geysa Fl\u00e1via C\u00e2mara de Lima Nascimento<\/p>\n\n\n\n<h2 class=\"wp-block-heading\"><div class=\"linha-header\">Representantes das grandes \u00e1reas do saber:<\/div><\/h2>\n\n\n\n<ol style=\"list-style-type:upper-roman\" class=\"wp-block-list\">\n<li><strong>Grande \u00c1rea de Ci\u00eancias Agr\u00e1rias<\/strong><br>Prof. Dr. Milton C\u00e9sar Costa Campos<\/li>\n\n\n\n<li><strong>Grande \u00c1rea de Ci\u00eancias Biol\u00f3gicas<\/strong><br>Prof. Dr. Franklin Kaic Dutra-Pereira<\/li>\n\n\n\n<li><strong>Grande \u00c1rea de Ci\u00eancias Exatas e da Natureza<\/strong><br>Prof. Dr. Eduardo Rodrigues Viana de Lima<\/li>\n\n\n\n<li><strong>Grande \u00c1rea de Ci\u00eancias Humanas<\/strong><br>Prof. Dr. Tiago Bernardon de Oliveira<br>Prof. Dr. Maur\u00edcio Rombaldi<\/li>\n\n\n\n<li><strong>Grande \u00c1rea de Ci\u00eancias da Sa\u00fade<\/strong><br>Prof. Dr. Alexandre Coelho Serquiz<\/li>\n\n\n\n<li><strong>Grande \u00c1rea de Ci\u00eancias Sociais Aplicadas<\/strong><br>Prof\u00aa. Dra. Viviane da Costa Freitag<\/li>\n\n\n\n<li><strong>Grande \u00c1rea de Engenharias<\/strong><br>Prof. Dr. Daniel Ara\u00fajo de Macedo<\/li>\n\n\n\n<li><strong>Grande \u00c1rea de Lingu\u00edstica, Letras e Artes<\/strong><br>Prof. Dr. Jos\u00e9 Ferrari Neto<\/li>\n\n\n\n<li><strong>Grande \u00c1rea de Interdisciplinar<\/strong><br>Prof\u00aa. Dra. M\u00e1rcia F\u00e9lix da Silva<\/li>\n<\/ol>\n","protected":false},"excerpt":{"rendered":"<p>O Conselho Editorial da Editora UFPB \u00e9 um \u00f3rg\u00e3o consultivo e deliberativo respons\u00e1vel por zelar [&hellip;]<\/p>\n","protected":false},"author":47,"featured_media":0,"parent":0,"menu_order":0,"comment_status":"closed","ping_status":"closed","template":"","meta":{"footnotes":""},"class_list":["post-29","page","type-page","status-publish","hentry"],"_links":{"self":[{"href":"https:\/\/www.ufpb.br\/editora\/wp-json\/wp\/v2\/pages\/29","targetHints":{"allow":["GET"]}}],"collection":[{"href":"https:\/\/www.ufpb.br\/editora\/wp-json\/wp\/v2\/pages"}],"about":[{"href":"https:\/\/www.ufpb.br\/editora\/wp-json\/wp\/v2\/types\/page"}],"author":[{"embeddable":true,"href":"https:\/\/www.ufpb.br\/editora\/wp-json\/wp\/v2\/users\/47"}],"replies":[{"embeddable":true,"href":"https:\/\/www.ufpb.br\/editora\/wp-json\/wp\/v2\/comments?post=29"}],"version-history":[{"count":7,"href":"https:\/\/www.ufpb.br\/editora\/wp-json\/wp\/v2\/pages\/29\/revisions"}],"predecessor-version":[{"id":235,"href":"https:\/\/www.ufpb.br\/editora\/wp-json\/wp\/v2\/pages\/29\/revisions\/235"}],"wp:attachment":[{"href":"https:\/\/www.ufpb.br\/editora\/wp-json\/wp\/v2\/media?parent=29"}],"curies":[{"name":"wp","href":"https:\/\/api.w.org\/{rel}","templated":true}]}}