{"id":44,"date":"2025-10-25T09:47:52","date_gmt":"2025-10-25T12:47:52","guid":{"rendered":"https:\/\/www.ufpb.br\/editora\/?page_id=44"},"modified":"2026-02-11T11:43:55","modified_gmt":"2026-02-11T14:43:55","slug":"acoes","status":"publish","type":"page","link":"https:\/\/www.ufpb.br\/editora\/acoes\/","title":{"rendered":"A\u00e7\u00f5es"},"content":{"rendered":"\n<p><\/p>\n\n\n\n<h2 class=\"wp-block-heading\"><div class=\"linha-header\">Relat\u00f3rios de Gest\u00e3o<\/div><\/h2>\n\n\n\n<p>O Relat\u00f3rio de Gest\u00e3o 2025 da Editora da UFPB apresenta de forma sistematizada as principais a\u00e7\u00f5es, resultados e avan\u00e7os alcan\u00e7ados ao longo do ano, evidenciando o trabalho desenvolvido pela equipe na execu\u00e7\u00e3o das pol\u00edticas editoriais e no aprimoramento cont\u00ednuo dos processos administrativos e t\u00e9cnicos.<\/p>\n\n\n\n<p>Em conson\u00e2ncia com o Plano de Gest\u00e3o Setorial 2025\u20132028 e com o PDI da UFPB, o Relat\u00f3rio reafirma o compromisso da Editora com a transpar\u00eancia, a responsabilidade institucional e a avalia\u00e7\u00e3o permanente das atividades realizadas. O documento constitui um importante instrumento de presta\u00e7\u00e3o de contas e de apoio ao planejamento, contribuindo para o fortalecimento da gest\u00e3o p\u00fablica universit\u00e1ria e para a consolida\u00e7\u00e3o da Editora como espa\u00e7o estrat\u00e9gico de difus\u00e3o do conhecimento.<\/p>\n\n\n\n<p><a href=\"http:\/\/www.ufpb.br\/editora\/wp-content\/uploads\/sites\/79\/sites\/364\/2026\/02\/RELATORIO-DE-GESTAO-EDITORA-UFPB-2026-FINAL-1.pdf\">Relat\u00f3rio de Gest\u00e3o 2025 &#8211; link para o arquivo<\/a><\/p>\n\n\n\n<h2 class=\"wp-block-heading\"><div class=\"linha-header\">Plano de Gest\u00e3o Setorial<\/div><\/h2>\n\n\n\n<p>A Editora da UFPB torna p\u00fablico o Plano de Gest\u00e3o Setorial 2024\u20132028, documento estrat\u00e9gico que orienta as a\u00e7\u00f5es da unidade para o pr\u00f3ximo quadri\u00eanio. O Plano expressa o compromisso da Editora com o fortalecimento da pol\u00edtica editorial universit\u00e1ria, a qualifica\u00e7\u00e3o dos processos de publica\u00e7\u00e3o, a valoriza\u00e7\u00e3o da produ\u00e7\u00e3o cient\u00edfica e cultural e a amplia\u00e7\u00e3o do acesso ao conhecimento.<\/p>\n\n\n\n<p>Elaborado de forma articulada ao Plano de Desenvolvimento Institucional (PDI) da UFPB, o documento estabelece diretrizes, objetivos e metas que integram as a\u00e7\u00f5es da Editora \u00e0s prioridades institucionais da Universidade, refor\u00e7ando o papel estrat\u00e9gico da unidade no apoio ao ensino, \u00e0 pesquisa, \u00e0 extens\u00e3o e \u00e0 inova\u00e7\u00e3o, com foco na gest\u00e3o eficiente, transparente e socialmente comprometida.<\/p>\n\n\n\n<p><strong><strong><a href=\"http:\/\/www.ufpb.br\/editora\/wp-content\/uploads\/sites\/79\/sites\/364\/2026\/02\/PLANO-DE-GESTAO-SETORIAL-ARQUIVO-FINAL.pdf\" data-type=\"link\" data-id=\"http:\/\/www.ufpb.br\/editora\/wp-content\/uploads\/sites\/79\/sites\/364\/2026\/02\/PLANO-DE-GESTAO-SETORIAL-ARQUIVO-FINAL.pdf\">Plano de Gest\u00e3o Setorial 2025-2028 \u2013 link para o arquivo<\/a><\/strong><\/strong><\/p>\n\n\n\n<p><br><strong>LINK DOS RELAT\u00d3RIOS<\/strong><\/p>\n\n\n\n<h2 class=\"wp-block-heading\"><div class=\"linha-header\">Atos Normativos<\/div><\/h2>\n\n\n\n<div class=\"wp-block-file\"><a id=\"wp-block-file--media-bfc07bda-3b4f-41e9-aff7-77b788c75e4b\" href=\"http:\/\/www.ufpb.br\/editora\/wp-content\/uploads\/sites\/79\/sites\/364\/2025\/11\/02.-RESOLUCAO-No-388-79-Regulamento-da-Editora-1.pdf\">Regimento Interno da Editora UFPB<\/a><a href=\"http:\/\/www.ufpb.br\/editora\/wp-content\/uploads\/sites\/79\/sites\/364\/2025\/11\/02.-RESOLUCAO-No-388-79-Regulamento-da-Editora-1.pdf\" class=\"wp-block-file__button wp-element-button\" download aria-describedby=\"wp-block-file--media-bfc07bda-3b4f-41e9-aff7-77b788c75e4b\">Baixar<\/a><\/div>\n\n\n\n<p><\/p>\n\n\n\n<p><\/p>\n","protected":false},"excerpt":{"rendered":"<p>Relat\u00f3rios de Gest\u00e3o O Relat\u00f3rio de Gest\u00e3o 2025 da Editora da UFPB apresenta de forma [&hellip;]<\/p>\n","protected":false},"author":47,"featured_media":0,"parent":0,"menu_order":0,"comment_status":"closed","ping_status":"closed","template":"","meta":{"footnotes":""},"class_list":["post-44","page","type-page","status-publish","hentry"],"_links":{"self":[{"href":"https:\/\/www.ufpb.br\/editora\/wp-json\/wp\/v2\/pages\/44","targetHints":{"allow":["GET"]}}],"collection":[{"href":"https:\/\/www.ufpb.br\/editora\/wp-json\/wp\/v2\/pages"}],"about":[{"href":"https:\/\/www.ufpb.br\/editora\/wp-json\/wp\/v2\/types\/page"}],"author":[{"embeddable":true,"href":"https:\/\/www.ufpb.br\/editora\/wp-json\/wp\/v2\/users\/47"}],"replies":[{"embeddable":true,"href":"https:\/\/www.ufpb.br\/editora\/wp-json\/wp\/v2\/comments?post=44"}],"version-history":[{"count":8,"href":"https:\/\/www.ufpb.br\/editora\/wp-json\/wp\/v2\/pages\/44\/revisions"}],"predecessor-version":[{"id":348,"href":"https:\/\/www.ufpb.br\/editora\/wp-json\/wp\/v2\/pages\/44\/revisions\/348"}],"wp:attachment":[{"href":"https:\/\/www.ufpb.br\/editora\/wp-json\/wp\/v2\/media?parent=44"}],"curies":[{"name":"wp","href":"https:\/\/api.w.org\/{rel}","templated":true}]}}