{"id":508,"date":"2026-04-08T11:06:26","date_gmt":"2026-04-08T14:06:26","guid":{"rendered":"https:\/\/www.ufpb.br\/editora\/?page_id=508"},"modified":"2026-04-08T15:49:26","modified_gmt":"2026-04-08T18:49:26","slug":"sobre-a-plataforma","status":"publish","type":"page","link":"https:\/\/www.ufpb.br\/editora\/sobre-a-plataforma\/","title":{"rendered":"Sobre a Plataforma OJS"},"content":{"rendered":"\n<p>O Portal utiliza o <em><strong>Open Journal Systems<\/strong> (<strong>OJS<\/strong>), software<\/em> livre amplamente adotado para a gest\u00e3o de peri\u00f3dicos cient\u00edficos eletr\u00f4nicos.<\/p>\n\n\n\n<p>A plataforma permite a gest\u00e3o completa do fluxo editorial, incluindo:<\/p>\n\n\n\n<ul class=\"wp-block-list\">\n<li>Submiss\u00e3o de manuscritos;<\/li>\n\n\n\n<li>Avalia\u00e7\u00e3o por pares (<em>peer review<\/em>);<\/li>\n\n\n\n<li>Edi\u00e7\u00e3o e publica\u00e7\u00e3o de artigos;<\/li>\n\n\n\n<li>Organiza\u00e7\u00e3o de edi\u00e7\u00f5es e arquivos;<\/li>\n\n\n\n<li>Indexa\u00e7\u00e3o e interoperabilidade com bases de dados cient\u00edficas.<\/li>\n<\/ul>\n\n\n\n<p>O uso do <strong><em>OJS<\/em><\/strong> contribui para a padroniza\u00e7\u00e3o dos processos editoriais e para o aumento da visibilidade dos peri\u00f3dicos em mecanismos de busca acad\u00eamicos.<\/p>\n\n\n\n<p><\/p>\n","protected":false},"excerpt":{"rendered":"<p>O Portal utiliza o Open Journal Systems (OJS), software livre amplamente adotado para a gest\u00e3o [&hellip;]<\/p>\n","protected":false},"author":572,"featured_media":0,"parent":0,"menu_order":0,"comment_status":"closed","ping_status":"closed","template":"","meta":{"footnotes":""},"class_list":["post-508","page","type-page","status-publish","hentry"],"_links":{"self":[{"href":"https:\/\/www.ufpb.br\/editora\/wp-json\/wp\/v2\/pages\/508","targetHints":{"allow":["GET"]}}],"collection":[{"href":"https:\/\/www.ufpb.br\/editora\/wp-json\/wp\/v2\/pages"}],"about":[{"href":"https:\/\/www.ufpb.br\/editora\/wp-json\/wp\/v2\/types\/page"}],"author":[{"embeddable":true,"href":"https:\/\/www.ufpb.br\/editora\/wp-json\/wp\/v2\/users\/572"}],"replies":[{"embeddable":true,"href":"https:\/\/www.ufpb.br\/editora\/wp-json\/wp\/v2\/comments?post=508"}],"version-history":[{"count":5,"href":"https:\/\/www.ufpb.br\/editora\/wp-json\/wp\/v2\/pages\/508\/revisions"}],"predecessor-version":[{"id":591,"href":"https:\/\/www.ufpb.br\/editora\/wp-json\/wp\/v2\/pages\/508\/revisions\/591"}],"wp:attachment":[{"href":"https:\/\/www.ufpb.br\/editora\/wp-json\/wp\/v2\/media?parent=508"}],"curies":[{"name":"wp","href":"https:\/\/api.w.org\/{rel}","templated":true}]}}