{"id":527,"date":"2026-04-08T11:44:13","date_gmt":"2026-04-08T14:44:13","guid":{"rendered":"https:\/\/www.ufpb.br\/editora\/?page_id=527"},"modified":"2026-04-08T11:44:14","modified_gmt":"2026-04-08T14:44:14","slug":"servicos","status":"publish","type":"page","link":"https:\/\/www.ufpb.br\/editora\/servicos\/","title":{"rendered":"Servi\u00e7os"},"content":{"rendered":"\n<p>O Portal de Peri\u00f3dicos da UFPB oferece os seguintes servi\u00e7os:<\/p>\n\n\n\n<ul class=\"wp-block-list\">\n<li> Hospedagem de peri\u00f3dicos cient\u00edficos institucionais;<\/li>\n\n\n\n<li>Suporte t\u00e9cnico no uso do sistema <strong><em>OJS<\/em><\/strong>;<\/li>\n\n\n\n<li>Orienta\u00e7\u00e3o editorial e adequa\u00e7\u00e3o \u00e0s boas pr\u00e1ticas cient\u00edficas;<\/li>\n\n\n\n<li>Apoio \u00e0 indexa\u00e7\u00e3o em bases e diret\u00f3rios;<\/li>\n\n\n\n<li>Orienta\u00e7\u00e3o sobre identifica\u00e7\u00e3o digital (DOI, quando aplic\u00e1vel);<\/li>\n\n\n\n<li>Capacita\u00e7\u00f5es e treinamentos para equipes editoriais.<\/li>\n<\/ul>\n","protected":false},"excerpt":{"rendered":"<p>O Portal de Peri\u00f3dicos da UFPB oferece os seguintes servi\u00e7os:<\/p>\n","protected":false},"author":572,"featured_media":0,"parent":0,"menu_order":0,"comment_status":"closed","ping_status":"closed","template":"","meta":{"footnotes":""},"class_list":["post-527","page","type-page","status-publish","hentry"],"_links":{"self":[{"href":"https:\/\/www.ufpb.br\/editora\/wp-json\/wp\/v2\/pages\/527","targetHints":{"allow":["GET"]}}],"collection":[{"href":"https:\/\/www.ufpb.br\/editora\/wp-json\/wp\/v2\/pages"}],"about":[{"href":"https:\/\/www.ufpb.br\/editora\/wp-json\/wp\/v2\/types\/page"}],"author":[{"embeddable":true,"href":"https:\/\/www.ufpb.br\/editora\/wp-json\/wp\/v2\/users\/572"}],"replies":[{"embeddable":true,"href":"https:\/\/www.ufpb.br\/editora\/wp-json\/wp\/v2\/comments?post=527"}],"version-history":[{"count":1,"href":"https:\/\/www.ufpb.br\/editora\/wp-json\/wp\/v2\/pages\/527\/revisions"}],"predecessor-version":[{"id":528,"href":"https:\/\/www.ufpb.br\/editora\/wp-json\/wp\/v2\/pages\/527\/revisions\/528"}],"wp:attachment":[{"href":"https:\/\/www.ufpb.br\/editora\/wp-json\/wp\/v2\/media?parent=527"}],"curies":[{"name":"wp","href":"https:\/\/api.w.org\/{rel}","templated":true}]}}