{"id":109,"date":"2024-09-19T20:29:06","date_gmt":"2024-09-19T20:29:06","guid":{"rendered":"https:\/\/www.ufpb.br\/efopli2\/?page_id=109"},"modified":"2026-03-21T18:54:28","modified_gmt":"2026-03-21T21:54:28","slug":"acoes-2014","status":"publish","type":"page","link":"https:\/\/www.ufpb.br\/efopli\/acoes\/acoes-2014\/","title":{"rendered":"A\u00e7\u00f5es 2014"},"content":{"rendered":"\n<p><\/p>\n\n\n<div class=\"wp-block-image\">\n<figure class=\"aligncenter\"><img loading=\"lazy\" decoding=\"async\" width=\"918\" height=\"360\" src=\"http:\/\/www.ufpb.br\/efopli2\/wp-content\/uploads\/sites\/122\/sites\/206\/2024\/09\/Dialogos-Interculturais-Acao-de-2014.png\" alt=\"\" class=\"wp-image-111\" srcset=\"https:\/\/www.ufpb.br\/efopli\/wp-content\/uploads\/sites\/122\/sites\/206\/2024\/09\/Dialogos-Interculturais-Acao-de-2014.png 918w, https:\/\/www.ufpb.br\/efopli\/wp-content\/uploads\/sites\/122\/sites\/206\/2024\/09\/Dialogos-Interculturais-Acao-de-2014-300x118.png 300w, https:\/\/www.ufpb.br\/efopli\/wp-content\/uploads\/sites\/122\/sites\/206\/2024\/09\/Dialogos-Interculturais-Acao-de-2014-768x301.png 768w\" sizes=\"auto, (max-width: 918px) 100vw, 918px\" \/><\/figure>\n<\/div>\n\n\n<p class=\"has-text-align-center has-small-font-size\">Curso Di\u00e1logos Interculturais em L\u00edngua Inglesa com Enfoque Comunicativo.<\/p>\n\n\n\n<h3 class=\"wp-block-heading\">Di\u00e1logos Interculturais em L\u00edngua Inglesa com Enfoque Comunicativo<\/h3>\n\n\n\n<p class=\"has-text-align-left\">O curso &#8220;Di\u00e1logos Interculturais em L\u00edngua Inglesa com enfoque Comunicativo&#8221; surgiu da necessidade de se ofertar aos professores de l\u00edngua inglesa na Para\u00edba um espa\u00e7o para discuss\u00e3o de temas relacionados ao ensino da l\u00edngua e de quest\u00f5es culturais, que promovesse, simultaneamente, a pr\u00e1tica da l\u00edngua, de forma espec\u00edfica, da compreens\u00e3o e da produ\u00e7\u00e3o oral.<\/p>\n\n\n\n<p class=\"has-text-align-left\">Dessa forma, o curso teve como objetivos:<\/p>\n\n\n\n<ol class=\"wp-block-list\">\n<li>Oferecer pr\u00e1tica de l\u00edngua inglesa a professores que atuam nas escolas b\u00e1sicas e de l\u00ednguas no Estado da Para\u00edba, com foco na compreens\u00e3o e produ\u00e7\u00e3o oral;<\/li>\n\n\n\n<li>Discutir sobre temas relacionados ao ensino-aprendizagem de ingl\u00eas como l\u00edngua adicional;<\/li>\n\n\n\n<li>Sensibilizar os professores para quest\u00f5es interculturais no ensino de l\u00ednguas; e<\/li>\n\n\n\n<li>Integrar e fortalecer um grupo de docentes de l\u00edngua inglesa da Para\u00edba para compartilhamento de experi\u00eancias, ideias e divulga\u00e7\u00e3o de oportunidades de forma\u00e7\u00e3o continuada na \u00e1rea.<\/li>\n<\/ol>\n\n\n<div class=\"wp-block-image\">\n<figure class=\"aligncenter\"><img loading=\"lazy\" decoding=\"async\" width=\"294\" height=\"210\" src=\"http:\/\/www.ufpb.br\/efopli2\/wp-content\/uploads\/sites\/122\/sites\/206\/2024\/09\/Dialogos-Interculturais-Banner.png\" alt=\"\" class=\"wp-image-114\" \/><\/figure>\n<\/div>\n\n\n<p class=\"has-text-align-center has-small-font-size\">Postagem de divulga\u00e7\u00e3o do curso.<\/p>\n\n\n\n<p class=\"has-text-align-left\">A a\u00e7\u00e3o foi organizada pela ent\u00e3o coordena\u00e7\u00e3o do Programa Ingl\u00eas sem Fronteiras da UFPB, composta pelas professoras Mariana P\u00e9rez e Ana Carolina Bastos. O curso teve um total de 32 horas e contou com a participa\u00e7\u00e3o de trinta professores de quatro munic\u00edpios da Para\u00edba. Tamb\u00e9m participaram do curso Connor Pierson e Renee Payne, assistentes de ensino americano do projeto CAPES-Fullbright 2014 da UFPB. Para conferir imagens da a\u00e7\u00e3o, acesse nosso <a href=\"https:\/\/www.flickr.com\/photos\/efopli\/albums\/72157683231856293\/\" target=\"_blank\" rel=\"noopener\">Flickr<\/a>.<\/p>\n\n\n<div class=\"wp-block-image\">\n<figure class=\"aligncenter\"><img loading=\"lazy\" decoding=\"async\" width=\"300\" height=\"12\" src=\"http:\/\/www.ufpb.br\/efopli2\/wp-content\/uploads\/sites\/122\/sites\/206\/2024\/09\/Barra-300x12.png\" alt=\"\" class=\"wp-image-208\" srcset=\"https:\/\/www.ufpb.br\/efopli\/wp-content\/uploads\/sites\/122\/sites\/206\/2024\/09\/Barra-300x12.png 300w, https:\/\/www.ufpb.br\/efopli\/wp-content\/uploads\/sites\/122\/sites\/206\/2024\/09\/Barra-1024x40.png 1024w, https:\/\/www.ufpb.br\/efopli\/wp-content\/uploads\/sites\/122\/sites\/206\/2024\/09\/Barra-768x30.png 768w, https:\/\/www.ufpb.br\/efopli\/wp-content\/uploads\/sites\/122\/sites\/206\/2024\/09\/Barra.png 1280w\" sizes=\"auto, (max-width: 300px) 100vw, 300px\" \/><\/figure>\n<\/div>\n\n\n<p class=\"has-text-align-center\"><\/p>\n\n\n<div class=\"wp-block-image\">\n<figure class=\"aligncenter\"><img loading=\"lazy\" decoding=\"async\" width=\"1024\" height=\"402\" src=\"http:\/\/www.ufpb.br\/efopli2\/wp-content\/uploads\/sites\/122\/sites\/206\/2024\/09\/EPPI-2014-1024x402.png\" alt=\"\" class=\"wp-image-119\" srcset=\"https:\/\/www.ufpb.br\/efopli\/wp-content\/uploads\/sites\/122\/sites\/206\/2024\/09\/EPPI-2014-1024x402.png 1024w, https:\/\/www.ufpb.br\/efopli\/wp-content\/uploads\/sites\/122\/sites\/206\/2024\/09\/EPPI-2014-300x118.png 300w, https:\/\/www.ufpb.br\/efopli\/wp-content\/uploads\/sites\/122\/sites\/206\/2024\/09\/EPPI-2014-768x301.png 768w, https:\/\/www.ufpb.br\/efopli\/wp-content\/uploads\/sites\/122\/sites\/206\/2024\/09\/EPPI-2014-1536x602.png 1536w, https:\/\/www.ufpb.br\/efopli\/wp-content\/uploads\/sites\/122\/sites\/206\/2024\/09\/EPPI-2014.png 1984w\" sizes=\"auto, (max-width: 1024px) 100vw, 1024px\" \/><\/figure>\n<\/div>\n\n\n<p class=\"has-text-align-center has-small-font-size\">I EPPI<\/p>\n\n\n\n<h3 class=\"wp-block-heading\">I Encontro Paraibano de Professores de Ingl\u00eas<\/h3>\n\n\n\n<p class=\"has-text-align-left font_7\">O I EPPI aconteceu na UFPB no dia 01 de novembro de 2014, e foi organizado pela ent\u00e3o coordena\u00e7\u00e3o do Programa Ingl\u00eas sem Fronteiras da UFPB. O evento reuniu os 50 professores de 4 munic\u00edpios paraibanos que conclu\u00edram o curso de extens\u00e3o &#8220;Di\u00e1logos Interculturais em L\u00edngua Inglesa com Enfoque Comunicativo&#8221;, al\u00e9m de outros professores da rede regular (p\u00fablica e privada) e escolas de l\u00ednguas.<\/p>\n\n\n\n<p class=\"has-text-align-left font_7\">O objetivo do evento era proporcionar um espa\u00e7o de troca de experi\u00eancias para professores de l\u00edngua inglesa e de informa\u00e7\u00f5es sobre oportunidades de desenvolvimento profissional dispon\u00edveis local e nacionalmente. O evento contou com a parceria da SBS, CNA,&nbsp;Proling\/UFPB e CCHLA\/UFPB e foi organizado pelas professoras Mariana P\u00e9rez e Ana Carolina Bastos, Marina Costa (estagi\u00e1ria), al\u00e9m dos estudantes de Letras&nbsp;Lucas Marinho, Marcelo Alvarado e Ra\u00edsa Claro.<\/p>\n\n\n<div class=\"wp-block-image\">\n<figure class=\"aligncenter\"><img loading=\"lazy\" decoding=\"async\" width=\"250\" height=\"210\" src=\"http:\/\/www.ufpb.br\/efopli2\/wp-content\/uploads\/sites\/122\/sites\/206\/2024\/09\/EPPI-2014-Banner.png\" alt=\"\" class=\"wp-image-121\" \/><\/figure>\n<\/div>\n\n\n<p class=\"has-text-align-center has-small-font-size\">Postagem de divulga\u00e7\u00e3o do I EPPI.<\/p>\n\n\n\n<p class=\"has-text-align-left font_7\">O I EPPI teve a dura\u00e7\u00e3o de uma manh\u00e3 e incluiu, em sua programa\u00e7\u00e3o, &nbsp;uma palestra inicial de abertura, proferida pela professora Mariana P\u00e9rez sobre o tema &#8220;Oportunidades de Desenvolvimento Profissional para Professores de Ingl\u00eas na Para\u00edba&#8221;, al\u00e9m de 4 oficinas que foram ministradas por ent\u00e3o professores do N\u00facleo de l\u00ednguas do Ingl\u00eas Sem Fronteiras da UFPB (Fernando Cabral, Felipe Lima e Luciana Arruda) e Assistentes de Ensino da CAPES-Fulbright-ISF 2014 (Connor Pierson e Renee Payne). Confira mais imagens do evento em nossa p\u00e1gina do <a href=\"https:\/\/www.flickr.com\/photos\/efopli\/albums\/72157683728175994\/\" target=\"_blank\" rel=\"noopener\">Flickr<\/a>.<\/p>\n","protected":false},"excerpt":{"rendered":"<p>Curso Di\u00e1logos Interculturais em L\u00edngua Inglesa com Enfoque Comunicativo. Di\u00e1logos Interculturais em L\u00edngua Inglesa com Enfoque Comunicativo O curso &#8220;Di\u00e1logos Interculturais em L\u00edngua Inglesa com enfoque Comunicativo&#8221; surgiu da necessidade de se ofertar aos professores de l\u00edngua inglesa na Para\u00edba um espa\u00e7o para discuss\u00e3o de temas relacionados ao ensino da l\u00edngua e de quest\u00f5es culturais, [&hellip;]<\/p>\n","protected":false},"author":146,"featured_media":0,"parent":80,"menu_order":0,"comment_status":"closed","ping_status":"closed","template":"","meta":{"footnotes":""},"class_list":["post-109","page","type-page","status-publish","hentry"],"_links":{"self":[{"href":"https:\/\/www.ufpb.br\/efopli\/wp-json\/wp\/v2\/pages\/109","targetHints":{"allow":["GET"]}}],"collection":[{"href":"https:\/\/www.ufpb.br\/efopli\/wp-json\/wp\/v2\/pages"}],"about":[{"href":"https:\/\/www.ufpb.br\/efopli\/wp-json\/wp\/v2\/types\/page"}],"author":[{"embeddable":true,"href":"https:\/\/www.ufpb.br\/efopli\/wp-json\/wp\/v2\/users\/146"}],"replies":[{"embeddable":true,"href":"https:\/\/www.ufpb.br\/efopli\/wp-json\/wp\/v2\/comments?post=109"}],"version-history":[{"count":20,"href":"https:\/\/www.ufpb.br\/efopli\/wp-json\/wp\/v2\/pages\/109\/revisions"}],"predecessor-version":[{"id":3358,"href":"https:\/\/www.ufpb.br\/efopli\/wp-json\/wp\/v2\/pages\/109\/revisions\/3358"}],"up":[{"embeddable":true,"href":"https:\/\/www.ufpb.br\/efopli\/wp-json\/wp\/v2\/pages\/80"}],"wp:attachment":[{"href":"https:\/\/www.ufpb.br\/efopli\/wp-json\/wp\/v2\/media?parent=109"}],"curies":[{"name":"wp","href":"https:\/\/api.w.org\/{rel}","templated":true}]}}

Ações 2014

<p></p>


<div class="wp-block-image">
<figure class="aligncenter"><img loading="lazy" decoding="async" width="918" height="360" src="http://www.ufpb.br/efopli2/wp-content/uploads/sites/122/sites/206/2024/09/Dialogos-Interculturais-Acao-de-2014.png" alt="" class="wp-image-111" srcset="https://www.ufpb.br/efopli/wp-content/uploads/sites/122/sites/206/2024/09/Dialogos-Interculturais-Acao-de-2014.png 918w, https://www.ufpb.br/efopli/wp-content/uploads/sites/122/sites/206/2024/09/Dialogos-Interculturais-Acao-de-2014-300x118.png 300w, https://www.ufpb.br/efopli/wp-content/uploads/sites/122/sites/206/2024/09/Dialogos-Interculturais-Acao-de-2014-768x301.png 768w" sizes="auto, (max-width: 918px) 100vw, 918px" /></figure>
</div>


<p class="has-text-align-center has-small-font-size">Curso Diálogos Interculturais em Língua Inglesa com Enfoque Comunicativo.</p>



<h3 class="wp-block-heading">Diálogos Interculturais em Língua Inglesa com Enfoque Comunicativo</h3>



<p class="has-text-align-left">O curso &#8220;Diálogos Interculturais em Língua Inglesa com enfoque Comunicativo&#8221; surgiu da necessidade de se ofertar aos professores de língua inglesa na Paraíba um espaço para discussão de temas relacionados ao ensino da língua e de questões culturais, que promovesse, simultaneamente, a prática da língua, de forma específica, da compreensão e da produção oral.</p>



<p class="has-text-align-left">Dessa forma, o curso teve como objetivos:</p>



<ol class="wp-block-list">
<li>Oferecer prática de língua inglesa a professores que atuam nas escolas básicas e de línguas no Estado da Paraíba, com foco na compreensão e produção oral;</li>



<li>Discutir sobre temas relacionados ao ensino-aprendizagem de inglês como língua adicional;</li>



<li>Sensibilizar os professores para questões interculturais no ensino de línguas; e</li>



<li>Integrar e fortalecer um grupo de docentes de língua inglesa da Paraíba para compartilhamento de experiências, ideias e divulgação de oportunidades de formação continuada na área.</li>
</ol>


<div class="wp-block-image">
<figure class="aligncenter"><img loading="lazy" decoding="async" width="294" height="210" src="http://www.ufpb.br/efopli2/wp-content/uploads/sites/122/sites/206/2024/09/Dialogos-Interculturais-Banner.png" alt="" class="wp-image-114" /></figure>
</div>


<p class="has-text-align-center has-small-font-size">Postagem de divulgação do curso.</p>



<p class="has-text-align-left">A ação foi organizada pela então coordenação do Programa Inglês sem Fronteiras da UFPB, composta pelas professoras Mariana Pérez e Ana Carolina Bastos. O curso teve um total de 32 horas e contou com a participação de trinta professores de quatro municípios da Paraíba. Também participaram do curso Connor Pierson e Renee Payne, assistentes de ensino americano do projeto CAPES-Fullbright 2014 da UFPB. Para conferir imagens da ação, acesse nosso <a href="https://www.flickr.com/photos/efopli/albums/72157683231856293/" target="_blank" rel="noopener">Flickr</a>.</p>


<div class="wp-block-image">
<figure class="aligncenter"><img loading="lazy" decoding="async" width="300" height="12" src="http://www.ufpb.br/efopli2/wp-content/uploads/sites/122/sites/206/2024/09/Barra-300x12.png" alt="" class="wp-image-208" srcset="https://www.ufpb.br/efopli/wp-content/uploads/sites/122/sites/206/2024/09/Barra-300x12.png 300w, https://www.ufpb.br/efopli/wp-content/uploads/sites/122/sites/206/2024/09/Barra-1024x40.png 1024w, https://www.ufpb.br/efopli/wp-content/uploads/sites/122/sites/206/2024/09/Barra-768x30.png 768w, https://www.ufpb.br/efopli/wp-content/uploads/sites/122/sites/206/2024/09/Barra.png 1280w" sizes="auto, (max-width: 300px) 100vw, 300px" /></figure>
</div>


<p class="has-text-align-center"></p>


<div class="wp-block-image">
<figure class="aligncenter"><img loading="lazy" decoding="async" width="1024" height="402" src="http://www.ufpb.br/efopli2/wp-content/uploads/sites/122/sites/206/2024/09/EPPI-2014-1024x402.png" alt="" class="wp-image-119" srcset="https://www.ufpb.br/efopli/wp-content/uploads/sites/122/sites/206/2024/09/EPPI-2014-1024x402.png 1024w, https://www.ufpb.br/efopli/wp-content/uploads/sites/122/sites/206/2024/09/EPPI-2014-300x118.png 300w, https://www.ufpb.br/efopli/wp-content/uploads/sites/122/sites/206/2024/09/EPPI-2014-768x301.png 768w, https://www.ufpb.br/efopli/wp-content/uploads/sites/122/sites/206/2024/09/EPPI-2014-1536x602.png 1536w, https://www.ufpb.br/efopli/wp-content/uploads/sites/122/sites/206/2024/09/EPPI-2014.png 1984w" sizes="auto, (max-width: 1024px) 100vw, 1024px" /></figure>
</div>


<p class="has-text-align-center has-small-font-size">I EPPI</p>



<h3 class="wp-block-heading">I Encontro Paraibano de Professores de Inglês</h3>



<p class="has-text-align-left font_7">O I EPPI aconteceu na UFPB no dia 01 de novembro de 2014, e foi organizado pela então coordenação do Programa Inglês sem Fronteiras da UFPB. O evento reuniu os 50 professores de 4 municípios paraibanos que concluíram o curso de extensão &#8220;Diálogos Interculturais em Língua Inglesa com Enfoque Comunicativo&#8221;, além de outros professores da rede regular (pública e privada) e escolas de línguas.</p>



<p class="has-text-align-left font_7">O objetivo do evento era proporcionar um espaço de troca de experiências para professores de língua inglesa e de informações sobre oportunidades de desenvolvimento profissional disponíveis local e nacionalmente. O evento contou com a parceria da SBS, CNA,&nbsp;Proling/UFPB e CCHLA/UFPB e foi organizado pelas professoras Mariana Pérez e Ana Carolina Bastos, Marina Costa (estagiária), além dos estudantes de Letras&nbsp;Lucas Marinho, Marcelo Alvarado e Raísa Claro.</p>


<div class="wp-block-image">
<figure class="aligncenter"><img loading="lazy" decoding="async" width="250" height="210" src="http://www.ufpb.br/efopli2/wp-content/uploads/sites/122/sites/206/2024/09/EPPI-2014-Banner.png" alt="" class="wp-image-121" /></figure>
</div>


<p class="has-text-align-center has-small-font-size">Postagem de divulgação do I EPPI.</p>



<p class="has-text-align-left font_7">O I EPPI teve a duração de uma manhã e incluiu, em sua programação, &nbsp;uma palestra inicial de abertura, proferida pela professora Mariana Pérez sobre o tema &#8220;Oportunidades de Desenvolvimento Profissional para Professores de Inglês na Paraíba&#8221;, além de 4 oficinas que foram ministradas por então professores do Núcleo de línguas do Inglês Sem Fronteiras da UFPB (Fernando Cabral, Felipe Lima e Luciana Arruda) e Assistentes de Ensino da CAPES-Fulbright-ISF 2014 (Connor Pierson e Renee Payne). Confira mais imagens do evento em nossa página do <a href="https://www.flickr.com/photos/efopli/albums/72157683728175994/" target="_blank" rel="noopener">Flickr</a>.</p>

<p>Curso Diálogos Interculturais em Língua Inglesa com Enfoque Comunicativo. Diálogos Interculturais em Língua Inglesa com Enfoque Comunicativo O curso &#8220;Diálogos Interculturais em Língua Inglesa com enfoque Comunicativo&#8221; surgiu da necessidade de se ofertar aos professores de língua inglesa na Paraíba um espaço para discussão de temas relacionados ao ensino da língua e de questões culturais, [&hellip;]</p>
