{"id":1417,"date":"2024-10-14T11:51:41","date_gmt":"2024-10-14T14:51:41","guid":{"rendered":"https:\/\/www.ufpb.br\/efopli2\/?page_id=1417"},"modified":"2024-11-21T12:05:58","modified_gmt":"2024-11-21T15:05:58","slug":"encontros-formativos-2016","status":"publish","type":"page","link":"https:\/\/www.ufpb.br\/efopli\/encontros-formativos-2016\/","title":{"rendered":"Encontros Formativos (2016)"},"content":{"rendered":"<p style=\"text-align: center\"><img loading=\"lazy\" decoding=\"async\" class=\"alignnone size-full wp-image-1418\" src=\"http:\/\/www.ufpb.br\/efopli2\/wp-content\/uploads\/sites\/122\/sites\/206\/2024\/10\/35198889371_8bf87615dd_k.jpg\" alt=\"\" width=\"1424\" height=\"577\" srcset=\"https:\/\/www.ufpb.br\/efopli\/wp-content\/uploads\/sites\/122\/sites\/206\/2024\/10\/35198889371_8bf87615dd_k.jpg 1424w, https:\/\/www.ufpb.br\/efopli\/wp-content\/uploads\/sites\/122\/sites\/206\/2024\/10\/35198889371_8bf87615dd_k-300x122.jpg 300w, https:\/\/www.ufpb.br\/efopli\/wp-content\/uploads\/sites\/122\/sites\/206\/2024\/10\/35198889371_8bf87615dd_k-1024x415.jpg 1024w, https:\/\/www.ufpb.br\/efopli\/wp-content\/uploads\/sites\/122\/sites\/206\/2024\/10\/35198889371_8bf87615dd_k-768x311.jpg 768w\" sizes=\"auto, (max-width: 1424px) 100vw, 1424px\" \/><\/p>\n<p>Os Encontros Formativos para Professores de Ingl\u00eas das sextas-feiras realizados em 2016 tiveram um formato diferente. Considerando t\u00f3picos sugeridos pelos professores, tivemos convidados de v\u00e1rias \u00e1reas que trouxeram discuss\u00f5es diferentes a cada encontro. As forma\u00e7\u00f5es aconteceram entre os meses de agosto e novembro.<\/p>\n<p>O primeiro encontro envolveu um hist\u00f3rico das a\u00e7\u00f5es do programa e uma roda de conversas sobre a experi\u00eancia dos professores no projeto, entre outros assuntos. Al\u00e9m disso, professores do EFOPLI que participaram da 15\u00aa BRAZ-TESOL Conference em Bras\u00edlia compartilharam suas experi\u00eancias.<\/p>\n<p><strong>Temas das oficinas de 2016<\/strong><\/p>\n<p><strong>12\/08<\/strong><br \/>\nOpening session<\/p>\n<p><strong>19\/08<\/strong><br \/>\nTema: <em>How to develop projects for children<\/em><br \/>\nConvidado(a): Fernanda Negreiros<\/p>\n<p><strong>26\/08<\/strong><br \/>\nTema: <em>TOEFL Junior<\/em><br \/>\nConvidado(a): Gildo Tito (UP Language)<\/p>\n<p><strong>02\/09<\/strong><br \/>\nTema: <em>Inclusive education<\/em><br \/>\nConvidado(a): Rosycl\u00e9a Dantas (UFPB)<\/p>\n<p><strong>09\/09<\/strong><br \/>\nTema: <em>Improv in the English Language Classroom<\/em><br \/>\nConvidado(a): Quincy Snellings (ETA Capes\/Fulbright)<\/p>\n<p><strong>16\/09<\/strong><br \/>\nTema: <em>Why use art in the ESL classroom<\/em><br \/>\nConvidado(a): Dora Saclarides (ETA Capes\/Fulbright)<\/p>\n<p><strong>23\/09<\/strong><br \/>\nTema: <em>The development of English language capacities for students with disabilities: inclusion under a universal design for learning approach<\/em><br \/>\nConvidado(a): Ang\u00e9lica Maia, Rafael Cabral &amp; Jana\u00edne Rolim (UFPB)<\/p>\n<p><strong>30\/09<\/strong><br \/>\nTema: <em>New technologies in ELT: sharing ideas<\/em><br \/>\nConvidado(a): Rafaela Sousa (UFPB)<\/p>\n<p><strong>07\/10<\/strong><br \/>\nTema: <em>Multiliteracies and the teaching practice: practical suggestions for the EFL classroom<\/em><br \/>\nConvidado(a): Prof. F\u00e1bio Bezerra (UFPB)<\/p>\n<p><strong>14\/10<\/strong><br \/>\nTema: <em>Critical Thinking in the English Language Classroom<\/em><br \/>\nConvidado(a): Ingrid Hil\u00e1rio (IsF-UFPB)<\/p>\n<p>Confira imagens dessas a\u00e7\u00f5es em nosso <a href=\"https:\/\/flic.kr\/s\/aHskXiiNoc\" target=\"_blank\" rel=\"noopener\">Flickr<\/a><\/p>\n","protected":false},"excerpt":{"rendered":"<p>Os Encontros Formativos para Professores de Ingl\u00eas das sextas-feiras realizados em 2016 tiveram um formato diferente. Considerando t\u00f3picos sugeridos pelos professores, tivemos convidados de v\u00e1rias \u00e1reas que trouxeram discuss\u00f5es diferentes a cada encontro. As forma\u00e7\u00f5es aconteceram entre os meses de agosto e novembro. O primeiro encontro envolveu um hist\u00f3rico das a\u00e7\u00f5es do programa e uma [&hellip;]<\/p>\n","protected":false},"author":146,"featured_media":0,"parent":0,"menu_order":0,"comment_status":"closed","ping_status":"closed","template":"","meta":{"footnotes":""},"class_list":["post-1417","page","type-page","status-publish","hentry"],"_links":{"self":[{"href":"https:\/\/www.ufpb.br\/efopli\/wp-json\/wp\/v2\/pages\/1417","targetHints":{"allow":["GET"]}}],"collection":[{"href":"https:\/\/www.ufpb.br\/efopli\/wp-json\/wp\/v2\/pages"}],"about":[{"href":"https:\/\/www.ufpb.br\/efopli\/wp-json\/wp\/v2\/types\/page"}],"author":[{"embeddable":true,"href":"https:\/\/www.ufpb.br\/efopli\/wp-json\/wp\/v2\/users\/146"}],"replies":[{"embeddable":true,"href":"https:\/\/www.ufpb.br\/efopli\/wp-json\/wp\/v2\/comments?post=1417"}],"version-history":[{"count":2,"href":"https:\/\/www.ufpb.br\/efopli\/wp-json\/wp\/v2\/pages\/1417\/revisions"}],"predecessor-version":[{"id":1421,"href":"https:\/\/www.ufpb.br\/efopli\/wp-json\/wp\/v2\/pages\/1417\/revisions\/1421"}],"wp:attachment":[{"href":"https:\/\/www.ufpb.br\/efopli\/wp-json\/wp\/v2\/media?parent=1417"}],"curies":[{"name":"wp","href":"https:\/\/api.w.org\/{rel}","templated":true}]}}

<p style="text-align: center"><img loading="lazy" decoding="async" class="alignnone size-full wp-image-1418" src="http://www.ufpb.br/efopli2/wp-content/uploads/sites/122/sites/206/2024/10/35198889371_8bf87615dd_k.jpg" alt="" width="1424" height="577" srcset="https://www.ufpb.br/efopli/wp-content/uploads/sites/122/sites/206/2024/10/35198889371_8bf87615dd_k.jpg 1424w, https://www.ufpb.br/efopli/wp-content/uploads/sites/122/sites/206/2024/10/35198889371_8bf87615dd_k-300x122.jpg 300w, https://www.ufpb.br/efopli/wp-content/uploads/sites/122/sites/206/2024/10/35198889371_8bf87615dd_k-1024x415.jpg 1024w, https://www.ufpb.br/efopli/wp-content/uploads/sites/122/sites/206/2024/10/35198889371_8bf87615dd_k-768x311.jpg 768w" sizes="auto, (max-width: 1424px) 100vw, 1424px" /></p>
<p>Os Encontros Formativos para Professores de Inglês das sextas-feiras realizados em 2016 tiveram um formato diferente. Considerando tópicos sugeridos pelos professores, tivemos convidados de várias áreas que trouxeram discussões diferentes a cada encontro. As formações aconteceram entre os meses de agosto e novembro.</p>
<p>O primeiro encontro envolveu um histórico das ações do programa e uma roda de conversas sobre a experiência dos professores no projeto, entre outros assuntos. Além disso, professores do EFOPLI que participaram da 15ª BRAZ-TESOL Conference em Brasília compartilharam suas experiências.</p>
<p><strong>Temas das oficinas de 2016</strong></p>
<p><strong>12/08</strong><br />
Opening session</p>
<p><strong>19/08</strong><br />
Tema: <em>How to develop projects for children</em><br />
Convidado(a): Fernanda Negreiros</p>
<p><strong>26/08</strong><br />
Tema: <em>TOEFL Junior</em><br />
Convidado(a): Gildo Tito (UP Language)</p>
<p><strong>02/09</strong><br />
Tema: <em>Inclusive education</em><br />
Convidado(a): Rosycléa Dantas (UFPB)</p>
<p><strong>09/09</strong><br />
Tema: <em>Improv in the English Language Classroom</em><br />
Convidado(a): Quincy Snellings (ETA Capes/Fulbright)</p>
<p><strong>16/09</strong><br />
Tema: <em>Why use art in the ESL classroom</em><br />
Convidado(a): Dora Saclarides (ETA Capes/Fulbright)</p>
<p><strong>23/09</strong><br />
Tema: <em>The development of English language capacities for students with disabilities: inclusion under a universal design for learning approach</em><br />
Convidado(a): Angélica Maia, Rafael Cabral &amp; Janaíne Rolim (UFPB)</p>
<p><strong>30/09</strong><br />
Tema: <em>New technologies in ELT: sharing ideas</em><br />
Convidado(a): Rafaela Sousa (UFPB)</p>
<p><strong>07/10</strong><br />
Tema: <em>Multiliteracies and the teaching practice: practical suggestions for the EFL classroom</em><br />
Convidado(a): Prof. Fábio Bezerra (UFPB)</p>
<p><strong>14/10</strong><br />
Tema: <em>Critical Thinking in the English Language Classroom</em><br />
Convidado(a): Ingrid Hilário (IsF-UFPB)</p>
<p>Confira imagens dessas ações em nosso <a href="https://flic.kr/s/aHskXiiNoc" target="_blank" rel="noopener">Flickr</a></p>

<p>Os Encontros Formativos para Professores de Inglês das sextas-feiras realizados em 2016 tiveram um formato diferente. Considerando tópicos sugeridos pelos professores, tivemos convidados de várias áreas que trouxeram discussões diferentes a cada encontro. As formações aconteceram entre os meses de agosto e novembro. O primeiro encontro envolveu um histórico das ações do programa e uma [&hellip;]</p>
