{"id":1452,"date":"2024-10-21T12:47:25","date_gmt":"2024-10-21T15:47:25","guid":{"rendered":"https:\/\/www.ufpb.br\/efopli2\/?page_id=1452"},"modified":"2024-11-28T11:50:17","modified_gmt":"2024-11-28T14:50:17","slug":"iv-eppi","status":"publish","type":"page","link":"https:\/\/www.ufpb.br\/efopli\/iv-eppi\/","title":{"rendered":"IV EPPI"},"content":{"rendered":"\n<figure class=\"wp-block-image size-full is-resized\"><img loading=\"lazy\" decoding=\"async\" width=\"980\" height=\"204\" src=\"https:\/\/www.ufpb.br\/efopli2\/wp-content\/uploads\/sites\/122\/sites\/206\/2024\/10\/header-4-eppi.png\" alt=\"\" class=\"wp-image-1454\" style=\"width:740px;height:auto\" srcset=\"https:\/\/www.ufpb.br\/efopli\/wp-content\/uploads\/sites\/122\/sites\/206\/2024\/10\/header-4-eppi.png 980w, https:\/\/www.ufpb.br\/efopli\/wp-content\/uploads\/sites\/122\/sites\/206\/2024\/10\/header-4-eppi-300x62.png 300w, https:\/\/www.ufpb.br\/efopli\/wp-content\/uploads\/sites\/122\/sites\/206\/2024\/10\/header-4-eppi-768x160.png 768w\" sizes=\"auto, (max-width: 980px) 100vw, 980px\" \/><\/figure>\n\n\n\n<p class=\"has-text-align-center\"><\/p>\n\n\n\n<div class=\"wp-block-group is-content-justification-center is-nowrap is-layout-flex wp-container-core-group-is-layout-94bc23d7 wp-block-group-is-layout-flex\">\n<figure class=\"wp-block-image size-large is-resized\"><a href=\"https:\/\/www.flickr.com\/photos\/efopli\/albums\/72157666846360489\/\" target=\"_blank\" rel=\" noreferrer noopener\"><img loading=\"lazy\" decoding=\"async\" width=\"1024\" height=\"342\" src=\"https:\/\/www.ufpb.br\/efopli2\/wp-content\/uploads\/sites\/122\/sites\/206\/2024\/10\/Fotos-1-1024x342.png\" alt=\"\" class=\"wp-image-1649\" style=\"width:135px\" srcset=\"https:\/\/www.ufpb.br\/efopli\/wp-content\/uploads\/sites\/122\/sites\/206\/2024\/10\/Fotos-1-1024x342.png 1024w, https:\/\/www.ufpb.br\/efopli\/wp-content\/uploads\/sites\/122\/sites\/206\/2024\/10\/Fotos-1-300x100.png 300w, https:\/\/www.ufpb.br\/efopli\/wp-content\/uploads\/sites\/122\/sites\/206\/2024\/10\/Fotos-1-768x256.png 768w, https:\/\/www.ufpb.br\/efopli\/wp-content\/uploads\/sites\/122\/sites\/206\/2024\/10\/Fotos-1-1536x512.png 1536w, https:\/\/www.ufpb.br\/efopli\/wp-content\/uploads\/sites\/122\/sites\/206\/2024\/10\/Fotos-1.png 2000w\" sizes=\"auto, (max-width: 1024px) 100vw, 1024px\" \/><\/a><\/figure>\n\n\n\n<figure class=\"wp-block-image size-large is-resized\"><a href=\"https:\/\/www.ufpb.br\/efopli\/programacao-geral\/\" target=\"_blank\" rel=\" noreferrer noopener\"><img loading=\"lazy\" decoding=\"async\" width=\"1024\" height=\"342\" src=\"https:\/\/www.ufpb.br\/efopli2\/wp-content\/uploads\/sites\/122\/sites\/206\/2024\/10\/Fotos-2-1024x342.png\" alt=\"\" class=\"wp-image-1650\" style=\"width:135px\" srcset=\"https:\/\/www.ufpb.br\/efopli\/wp-content\/uploads\/sites\/122\/sites\/206\/2024\/10\/Fotos-2-1024x342.png 1024w, https:\/\/www.ufpb.br\/efopli\/wp-content\/uploads\/sites\/122\/sites\/206\/2024\/10\/Fotos-2-300x100.png 300w, https:\/\/www.ufpb.br\/efopli\/wp-content\/uploads\/sites\/122\/sites\/206\/2024\/10\/Fotos-2-768x256.png 768w, https:\/\/www.ufpb.br\/efopli\/wp-content\/uploads\/sites\/122\/sites\/206\/2024\/10\/Fotos-2-1536x512.png 1536w, https:\/\/www.ufpb.br\/efopli\/wp-content\/uploads\/sites\/122\/sites\/206\/2024\/10\/Fotos-2.png 2000w\" sizes=\"auto, (max-width: 1024px) 100vw, 1024px\" \/><\/a><\/figure>\n\n\n\n<figure class=\"wp-block-image size-large is-resized\"><a href=\"https:\/\/www.ufpb.br\/efopli\/equipe-2\/\" target=\"_blank\" rel=\" noreferrer noopener\"><img loading=\"lazy\" decoding=\"async\" width=\"1024\" height=\"342\" src=\"https:\/\/www.ufpb.br\/efopli2\/wp-content\/uploads\/sites\/122\/sites\/206\/2024\/10\/Fotos-4-1024x342.png\" alt=\"\" class=\"wp-image-1653\" style=\"width:135px\" srcset=\"https:\/\/www.ufpb.br\/efopli\/wp-content\/uploads\/sites\/122\/sites\/206\/2024\/10\/Fotos-4-1024x342.png 1024w, https:\/\/www.ufpb.br\/efopli\/wp-content\/uploads\/sites\/122\/sites\/206\/2024\/10\/Fotos-4-300x100.png 300w, https:\/\/www.ufpb.br\/efopli\/wp-content\/uploads\/sites\/122\/sites\/206\/2024\/10\/Fotos-4-768x256.png 768w, https:\/\/www.ufpb.br\/efopli\/wp-content\/uploads\/sites\/122\/sites\/206\/2024\/10\/Fotos-4-1536x512.png 1536w, https:\/\/www.ufpb.br\/efopli\/wp-content\/uploads\/sites\/122\/sites\/206\/2024\/10\/Fotos-4.png 2000w\" sizes=\"auto, (max-width: 1024px) 100vw, 1024px\" \/><\/a><\/figure>\n<\/div>\n\n\n\n<h2 class=\"wp-block-heading has-text-align-center\">&nbsp;&nbsp;IV EPPI &#8211; Encontro Paraibano de Professores de Ingl\u00eas<\/h2>\n\n\n\n<p>O EPPI: Encontro Paraibano de Professores de Ingl\u00eas \u00e9 um evento anual que re\u00fane professores de ingl\u00eas com o objetivo de oportunizar um espa\u00e7o para a reflex\u00e3o sobre o ensino de l\u00edngua inglesa &#8211;&nbsp;atrav\u00e9s da troca de experi\u00eancias, socializa\u00e7\u00e3o de pesquisas e pr\u00e1ticas &#8211; entre docentes de ingl\u00eas que atuam em diferentes n\u00edveis de ensino e contextos.&nbsp;<\/p>\n\n\n\n<p>Inicialmente, o evento foi realizado em 2014, como uma a\u00e7\u00e3o organizada pela ent\u00e3o coordena\u00e7\u00e3o do Programa Ingl\u00eas sem Fronteiras (ISF) na UFPB, reunindo 50 professores, com o objetivo de ampliar o escopo do ISF\/UFPB, integrar os professores e oportunizar espa\u00e7os de trocas de experi\u00eancias entre professores em forma\u00e7\u00e3o inicial e continuada e participantes do programa ISF (bolsistas estudantes de Letras e Assistentes de Ensino de Ingl\u00eas &#8211; ETAs\/CAPES\/Fulbright).<\/p>\n\n\n\n<p>Em 2015 e 2016, com a cria\u00e7\u00e3o do Programa EFOPLI\/UFPB, o EPPI foi organizado em parceria pelo&nbsp;EFOPLI&nbsp;(Extens\u00e3o UFPB) e ISF\/UFPB, contando com o apoio de diversas institui\u00e7\u00f5es apoiadoras. O evento passou a envolver outras institui\u00e7\u00f5es de ensino superior na Para\u00edba e em outros Estados, al\u00e9m de palestrantes nacionais e internacionais, aproximadamente, 300 participantes.<\/p>\n\n\n\n<p>V\u00e1rias institui\u00e7\u00f5es apoiam o evento anualmente, com a oferta de materiais e apoio para a participa\u00e7\u00e3o de palestrantes,&nbsp;colaborando para a gratuidade do EPPI, permitindo uma participa\u00e7\u00e3o cada vez maior de professores de toda a Para\u00edba.<\/p>\n\n\n\n<p>Em 2017, a quarta edi\u00e7\u00e3o do EPPI aconteceu juntamente com a Segunda Confer\u00eancia dos Professores de Ingl\u00eas do Munic\u00edpio de Jo\u00e3o Pessoa, considerando a parceria&nbsp;estabelecida entre a Prefeitura Municipal de Jo\u00e3o Pessoa e o Projeto Espa\u00e7os de Forma\u00e7\u00e3o do Professor de L\u00edngua Inglesa (EFOPLI\/UFPB).<\/p>\n\n\n\n<figure class=\"wp-block-embed is-type-video is-provider-youtube wp-block-embed-youtube wp-embed-aspect-16-9 wp-has-aspect-ratio\"><div class=\"wp-block-embed__wrapper\">\n<iframe loading=\"lazy\" title=\"IV EPPI: Introduction in Brazilian Sign Language\" width=\"500\" height=\"281\" src=\"https:\/\/www.youtube.com\/embed\/LOaFD6nsOFQ?feature=oembed\" frameborder=\"0\" allow=\"accelerometer; autoplay; clipboard-write; encrypted-media; gyroscope; picture-in-picture; web-share\" referrerpolicy=\"strict-origin-when-cross-origin\" allowfullscreen><\/iframe>\n<\/div><figcaption class=\"wp-element-caption\"><a href=\"https:\/\/www.youtube.com\/watch?v=LOaFD6nsOFQ\" target=\"_blank\" rel=\"noreferrer noopener\">Introduction to the IV EPPI in Libras<br>(Brazilian Sign Language)<\/a><\/figcaption><\/figure>\n\n\n\n<figure class=\"wp-block-image size-full\"><img loading=\"lazy\" decoding=\"async\" width=\"992\" height=\"50\" src=\"https:\/\/www.ufpb.br\/efopli2\/wp-content\/uploads\/sites\/122\/sites\/206\/2024\/10\/barra-apoio.png\" alt=\"\" class=\"wp-image-1531\" srcset=\"https:\/\/www.ufpb.br\/efopli\/wp-content\/uploads\/sites\/122\/sites\/206\/2024\/10\/barra-apoio.png 992w, https:\/\/www.ufpb.br\/efopli\/wp-content\/uploads\/sites\/122\/sites\/206\/2024\/10\/barra-apoio-300x15.png 300w, https:\/\/www.ufpb.br\/efopli\/wp-content\/uploads\/sites\/122\/sites\/206\/2024\/10\/barra-apoio-768x39.png 768w\" sizes=\"auto, (max-width: 992px) 100vw, 992px\" \/><\/figure>\n\n\n\n<figure class=\"wp-block-image size-full\"><img loading=\"lazy\" decoding=\"async\" width=\"961\" height=\"597\" src=\"https:\/\/www.ufpb.br\/efopli2\/wp-content\/uploads\/sites\/122\/sites\/206\/2024\/10\/apoio-iv-eppi.png\" alt=\"\" class=\"wp-image-1532\" srcset=\"https:\/\/www.ufpb.br\/efopli\/wp-content\/uploads\/sites\/122\/sites\/206\/2024\/10\/apoio-iv-eppi.png 961w, https:\/\/www.ufpb.br\/efopli\/wp-content\/uploads\/sites\/122\/sites\/206\/2024\/10\/apoio-iv-eppi-300x186.png 300w, https:\/\/www.ufpb.br\/efopli\/wp-content\/uploads\/sites\/122\/sites\/206\/2024\/10\/apoio-iv-eppi-768x477.png 768w\" sizes=\"auto, (max-width: 961px) 100vw, 961px\" \/><\/figure>\n","protected":false},"excerpt":{"rendered":"<p>&nbsp;&nbsp;IV EPPI &#8211; Encontro Paraibano de Professores de Ingl\u00eas O EPPI: Encontro Paraibano de Professores de Ingl\u00eas \u00e9 um evento anual que re\u00fane professores de ingl\u00eas com o objetivo de oportunizar um espa\u00e7o para a reflex\u00e3o sobre o ensino de l\u00edngua inglesa &#8211;&nbsp;atrav\u00e9s da troca de experi\u00eancias, socializa\u00e7\u00e3o de pesquisas e pr\u00e1ticas &#8211; entre docentes [&hellip;]<\/p>\n","protected":false},"author":147,"featured_media":0,"parent":0,"menu_order":0,"comment_status":"closed","ping_status":"closed","template":"","meta":{"footnotes":""},"class_list":["post-1452","page","type-page","status-publish","hentry"],"_links":{"self":[{"href":"https:\/\/www.ufpb.br\/efopli\/wp-json\/wp\/v2\/pages\/1452","targetHints":{"allow":["GET"]}}],"collection":[{"href":"https:\/\/www.ufpb.br\/efopli\/wp-json\/wp\/v2\/pages"}],"about":[{"href":"https:\/\/www.ufpb.br\/efopli\/wp-json\/wp\/v2\/types\/page"}],"author":[{"embeddable":true,"href":"https:\/\/www.ufpb.br\/efopli\/wp-json\/wp\/v2\/users\/147"}],"replies":[{"embeddable":true,"href":"https:\/\/www.ufpb.br\/efopli\/wp-json\/wp\/v2\/comments?post=1452"}],"version-history":[{"count":12,"href":"https:\/\/www.ufpb.br\/efopli\/wp-json\/wp\/v2\/pages\/1452\/revisions"}],"predecessor-version":[{"id":2319,"href":"https:\/\/www.ufpb.br\/efopli\/wp-json\/wp\/v2\/pages\/1452\/revisions\/2319"}],"wp:attachment":[{"href":"https:\/\/www.ufpb.br\/efopli\/wp-json\/wp\/v2\/media?parent=1452"}],"curies":[{"name":"wp","href":"https:\/\/api.w.org\/{rel}","templated":true}]}}