{"id":1504,"date":"2024-10-21T16:39:40","date_gmt":"2024-10-21T19:39:40","guid":{"rendered":"https:\/\/www.ufpb.br\/efopli2\/?page_id=1504"},"modified":"2024-11-28T14:15:48","modified_gmt":"2024-11-28T17:15:48","slug":"plenaries","status":"publish","type":"page","link":"https:\/\/www.ufpb.br\/efopli\/plenaries\/","title":{"rendered":"Plenaries IV EPPI"},"content":{"rendered":"<p><img loading=\"lazy\" decoding=\"async\" class=\"size-full wp-image-1469 aligncenter\" src=\"http:\/\/www.ufpb.br\/efopli2\/wp-content\/uploads\/sites\/122\/sites\/206\/2024\/10\/plenaries-1.png\" alt=\"\" width=\"282\" height=\"138\" \/><\/p>\n<h2 style=\"text-align: center\">Friday, November 24th<\/h2>\n<h3>Translanguaging and Critical Multiliteracies: Emergent Perspectives In English Language Teaching<\/h3>\n<p class=\"font_8\">Both translanguaging and multiliteracies have represented propositions that can expand the principles of English language teaching. These concepts have reshaped the way traditionally ELT have been perceived in terms of theories of language acquisition as well as the way four skills of language have been considered. Furthermore, this talk will focus on exploring activities that aims at expanding students&#8217; views regarding critical multiliteracies in the digital world. Emphasis will be given on reading images not as as an illustrative aspect of class, but as visual texts that can be read critically. As far as theoretical backgrounds are concerned, discussion will rely on Rocha and Maciel (2013; 2015), Ifa (2017), Rocha, Maciel and Morgan (2017), Kalantiz and Cope (2012), Ferraz (2015), Mizan (2015), Menezes de Souza (2011), Monte M\u00f3r (2015), Duboc, (2015), Maciel and Takaki (2015), Garica (2014), Canagarajah (2017), among others.<\/p>\n\n\n<figure class=\"wp-block-image size-full is-resized\"><img loading=\"lazy\" decoding=\"async\" width=\"160\" height=\"149\" src=\"http:\/\/www.ufpb.br\/efopli\/wp-content\/uploads\/sites\/122\/sites\/206\/2024\/10\/c93e04_87870f790fe848aa81141116fab264e0mv2.jpg\" alt=\"\" class=\"wp-image-1507\" style=\"width:120px\" \/><\/figure>\n\n\n\n<p><strong>Ruberval Franco Maciel<\/strong>&nbsp;has a doctorate in English Linguistic and Literary Studies from the University of S\u00e3o Paulo (USP) and a sandwich doctorate from the Centre for Globalization and Cultural Studies at University of Manitoba, Canada. He is currently an undergraduate and post-graduate professor of Letras and an International Relations and Academic Mobility assessor at the State University of Mato Grosso do Sul (UEMS), as well as a researcher associated with the Centre for Globalization and Cultural Studies at University of Manitoba. He also coordenates the international agreement&nbsp;between UEMS and Glendon College (York University satellite) in Toronto. His main interests include Applied Linguistics, public policies for language teaching, translanguaging, multiliteracies, and critical literacy.<\/p>\n\n\n\n<h3 class=\"wp-block-heading\">On NOT Teaching Culture: A Discourse Approach to ELT<\/h3>\n\n\n\n<p>When teaching \u201cculture,\u201d many EFL teachers focus on the simple academic learning of various traditions, rules of behavior and values of one or more groups of people. In this workshop, we will explore reasons why this is an insufficient method for preparing nonnative speakers of English for a future in which the chances students will interact with native speakers of English will continue to shrink. I propose taking a \u201cDiscourse Approach\u201d to language teaching, meaning that students be given a basic notion of the need for simple awareness that all people come to every interaction with often very different expectations. In addition, students should be made aware of the various ranges of possibilities for such expectations, including those of personal space, face-saving, eye contact, solidarity, deference and topic introduction. In this workshop, we will explore these concepts and practice some activities designed for intermediate to advanced students of English to develop their skills of intercultural communication.<\/p>\n\n\n\n<figure class=\"wp-block-image size-full is-resized\"><img loading=\"lazy\" decoding=\"async\" width=\"127\" height=\"129\" src=\"http:\/\/www.ufpb.br\/efopli\/wp-content\/uploads\/sites\/122\/sites\/206\/2024\/10\/c93e04_8ea87de6686c408c8d8f378f7372e515mv2_d_1771_2361_s_2.jpg\" alt=\"\" class=\"wp-image-1491\" style=\"width:120px\" \/><\/figure>\n\n\n\n<p><strong>John Mark King&nbsp;<\/strong>is a Regional English Language Officer at the U.S. Department of State, where he currently serves as the Digital Programs and Materials Branch Chief in the Office of English Language Programs. He earned an MA in Teaching English to Speakers of Other Languages from American University in 2003 after serving as a Peace Corps Volunteer in Uzbekistan. He was an English Language Fellow in Turkmenistan (2006-2007) and Russia (2009-2011) and also taught English in Bangladesh in 2006. Before joining the Foreign Service, he was the director of the English Language Institute at the American University of Mongolia in Ulaanbaatar. His areas of interest include non-native English speaking teachers, English for academic purposes and intercultural communication.<\/p>\n\n\n\n<h2 class=\"wp-block-heading has-text-align-center\">Saturday, November 25th<\/h2>\n\n\n\n<h3 class=\"wp-block-heading\">Dealing with the gaps between inclusive education policies and our language classrooms<\/h3>\n\n\n\n<p>Providing disabled students with equal educational opportunities is still a challenge for most teachers because inclusion means reorganizing curricula, adapting material and making use of skills that might not have been developed in our professional lives. The Brazilian Inclusion Law (2015), for example, has demanded changes that should be taken into consideration, not only by language teacher undergraduate courses but also by in-service teacher education programs. However, it cannot be denied that there is still a huge gap between the policy guidelines for inclusive education and our pedagogical practices. Taking all this into consideration, this plenary session aims at discussing how educational policies for disabled people in Brazil have changed, in many and different ways, our language classrooms in regular schools.<\/p>\n\n\n\n<figure class=\"wp-block-image size-full is-resized\"><img loading=\"lazy\" decoding=\"async\" width=\"176\" height=\"170\" src=\"http:\/\/www.ufpb.br\/efopli\/wp-content\/uploads\/sites\/122\/sites\/206\/2024\/10\/c93e04_b95fd1ec30fb4cbb883ef74e6ac3721emv2.jpg\" alt=\"\" class=\"wp-image-1508\" style=\"width:120px\" \/><\/figure>\n\n\n\n<p><strong><br>Bet\u00e2nia Passos Medrado<\/strong>&nbsp;is a Associate Professor at the Department of Modern Foreign Languages (DLEM) and in the Postgraduate Course in Linguistics (PROLING) at Universidade Federal da Para\u00edba. Her current research studies focus on teacher education and teaching foreign languages to visually impaired students. Her publications include Defici\u00eancia Visual e Ensino de L\u00ednguas Estrangeiras: pol\u00edticas, forma\u00e7\u00e3o e a\u00e7\u00f5es inclusivas (2014) and Di\u00e1logos sobre inclus\u00e3o: das pol\u00edticas \u00e0s pr\u00e1ticas na forma\u00e7\u00e3o de professores de l\u00ednguas (coming out soon). She is a member of the following research groups: Agir de Linguagem, Doc\u00eancia e Educa\u00e7\u00e3o Inclusiva (ALDEI \u2013 CNPq) and Letramentos, Intera\u00e7\u00e3o e Trabalho (GELIT-CNPq).&nbsp;<\/p>\n\n\n\n<p><strong>TTOEFL&nbsp;and GRE,&nbsp;passports to the world!<\/strong><\/p>\n\n\n\n<p>This plenary will&nbsp;provide attendants with an overview of TOEFL iBT and GRE. Both&nbsp;exams are main&nbsp;requirement in the process of application for international&nbsp;graduate and undergraduate programs. The presenter will also share a little bit of her experience as a graduate student at&nbsp;the&nbsp;University of Washington, in&nbsp;Seattle, WA-USA.<\/p>\n\n\n\n<figure class=\"wp-block-image size-full is-resized\"><img loading=\"lazy\" decoding=\"async\" width=\"123\" height=\"152\" src=\"http:\/\/www.ufpb.br\/efopli\/wp-content\/uploads\/sites\/122\/sites\/206\/2024\/10\/c93e04_631828a5b5c44eac832f25c40136f2c3mv2.jpg\" alt=\"\" class=\"wp-image-1509\" style=\"width:120px\" \/><\/figure>\n\n\n\n<p><strong>Adiane Martins&nbsp;Blum<\/strong>,&nbsp;TOEFL and GRE Associate Director and&nbsp;ETS Global Consultant. MA in&nbsp;Teaching English for Speakers of Other Languages&nbsp;(MATESOL), from&nbsp;the University of Washington, Seattle, WA, USA. Also works as an&nbsp;English Instructor at&nbsp;Instituto Federal de Goi\u00e1s (IFG)- Campus Luziania, Brazil.<\/p>\n\n\n\n<h3 class=\"wp-block-heading\">Bruce Lee and the Essence of Relevant Teaching<\/h3>\n\n\n\n<p>An iconic actor and martial-arts expert, might Bruce Lee offer any useful advice on how ELT practitioners could make their teaching more relevant? I believe so. In this session, I draw on some of the \u2018Little Dragon\u2019s\u201d most striking thoughts to encourage participants to make their practice more meaningful not only to their learners but also to themselves.<\/p>\n\n\n\n<figure class=\"wp-block-image size-full is-resized\"><img loading=\"lazy\" decoding=\"async\" width=\"156\" height=\"156\" src=\"http:\/\/www.ufpb.br\/efopli\/wp-content\/uploads\/sites\/122\/sites\/206\/2024\/10\/c93e04_803a31de000b404fa04ba37e28ec8b04mv2.png\" alt=\"\" class=\"wp-image-1510\" style=\"width:120px\" srcset=\"https:\/\/www.ufpb.br\/efopli\/wp-content\/uploads\/sites\/122\/sites\/206\/2024\/10\/c93e04_803a31de000b404fa04ba37e28ec8b04mv2.png 156w, https:\/\/www.ufpb.br\/efopli\/wp-content\/uploads\/sites\/122\/sites\/206\/2024\/10\/c93e04_803a31de000b404fa04ba37e28ec8b04mv2-150x150.png 150w\" sizes=\"auto, (max-width: 156px) 100vw, 156px\" \/><\/figure>\n\n\n\n<p>Born and raised in the heart of the Brazilian Amazon rainforest,&nbsp;<strong>Fernando Guarany<\/strong>&nbsp;has worked in multiple TESOL roles for over 20 years. He is the current National Secretary for BRAZ-TESOL.Guarany works out of beautiful Natal (RN) where he loves cycling, sailing and playing with his grandson, Jo\u00e3o Roberto.<\/p>\n","protected":false},"excerpt":{"rendered":"<p>Friday, November 24th Translanguaging and Critical Multiliteracies: Emergent Perspectives In English Language Teaching Both translanguaging and multiliteracies have represented propositions that can expand the principles of English language teaching. These concepts have reshaped the way traditionally ELT have been perceived in terms of theories of language acquisition as well as the way four skills of [&hellip;]<\/p>\n","protected":false},"author":147,"featured_media":0,"parent":0,"menu_order":0,"comment_status":"closed","ping_status":"closed","template":"","meta":{"footnotes":""},"class_list":["post-1504","page","type-page","status-publish","hentry"],"_links":{"self":[{"href":"https:\/\/www.ufpb.br\/efopli\/wp-json\/wp\/v2\/pages\/1504","targetHints":{"allow":["GET"]}}],"collection":[{"href":"https:\/\/www.ufpb.br\/efopli\/wp-json\/wp\/v2\/pages"}],"about":[{"href":"https:\/\/www.ufpb.br\/efopli\/wp-json\/wp\/v2\/types\/page"}],"author":[{"embeddable":true,"href":"https:\/\/www.ufpb.br\/efopli\/wp-json\/wp\/v2\/users\/147"}],"replies":[{"embeddable":true,"href":"https:\/\/www.ufpb.br\/efopli\/wp-json\/wp\/v2\/comments?post=1504"}],"version-history":[{"count":7,"href":"https:\/\/www.ufpb.br\/efopli\/wp-json\/wp\/v2\/pages\/1504\/revisions"}],"predecessor-version":[{"id":2343,"href":"https:\/\/www.ufpb.br\/efopli\/wp-json\/wp\/v2\/pages\/1504\/revisions\/2343"}],"wp:attachment":[{"href":"https:\/\/www.ufpb.br\/efopli\/wp-json\/wp\/v2\/media?parent=1504"}],"curies":[{"name":"wp","href":"https:\/\/api.w.org\/{rel}","templated":true}]}}