{"id":1741,"date":"2024-10-30T20:29:40","date_gmt":"2024-10-30T23:29:40","guid":{"rendered":"https:\/\/www.ufpb.br\/efopli2\/?page_id=1741"},"modified":"2026-03-21T18:56:35","modified_gmt":"2026-03-21T21:56:35","slug":"acoes-2018","status":"publish","type":"page","link":"https:\/\/www.ufpb.br\/efopli\/acoes\/acoes-2018\/","title":{"rendered":"A\u00e7\u00f5es 2018"},"content":{"rendered":"\n<p>A\u00e7\u00f5es realizadas no ano de 2018. Visite <em>link <\/em>no t\u00edtulo para mais detalhes.<\/p>\n\n\n\n<div class=\"wp-block-cover aligncenter has-custom-content-position is-position-bottom-center\" style=\"min-height:271px;aspect-ratio:unset;\"><span aria-hidden=\"true\" class=\"wp-block-cover__background has-background-dim\"><\/span><img loading=\"lazy\" decoding=\"async\" width=\"1024\" height=\"406\" class=\"wp-block-cover__image-background wp-image-978\" alt=\"\" src=\"http:\/\/www.ufpb.br\/efopli2\/wp-content\/uploads\/sites\/122\/sites\/206\/2024\/10\/27106525848_4aadc4085e_k-e1728311194121-1024x406.jpg\" data-object-fit=\"cover\" srcset=\"https:\/\/www.ufpb.br\/efopli\/wp-content\/uploads\/sites\/122\/sites\/206\/2024\/10\/27106525848_4aadc4085e_k-e1728311194121-1024x406.jpg 1024w, https:\/\/www.ufpb.br\/efopli\/wp-content\/uploads\/sites\/122\/sites\/206\/2024\/10\/27106525848_4aadc4085e_k-e1728311194121-300x119.jpg 300w, https:\/\/www.ufpb.br\/efopli\/wp-content\/uploads\/sites\/122\/sites\/206\/2024\/10\/27106525848_4aadc4085e_k-e1728311194121-768x305.jpg 768w, https:\/\/www.ufpb.br\/efopli\/wp-content\/uploads\/sites\/122\/sites\/206\/2024\/10\/27106525848_4aadc4085e_k-e1728311194121-1536x609.jpg 1536w, https:\/\/www.ufpb.br\/efopli\/wp-content\/uploads\/sites\/122\/sites\/206\/2024\/10\/27106525848_4aadc4085e_k-e1728311194121.jpg 1659w\" sizes=\"auto, (max-width: 1024px) 100vw, 1024px\" \/><div class=\"wp-block-cover__inner-container is-layout-flow wp-block-cover-is-layout-flow\">\n<p class=\"has-text-align-center has-luminous-vivid-amber-color has-white-background-color has-text-color has-background has-link-color has-small-font-size wp-elements-5c753227650e7ae8ec205b57eea420ff\" style=\"letter-spacing:1px\"><strong><a href=\"https:\/\/www.ufpb.br\/efopli\/efopli-da-inicio-aos-encontros-formativos-de-2018\/\" target=\"_blank\" rel=\"noreferrer noopener\">Friday meetings<\/a><\/strong><\/p>\n<\/div><\/div>\n\n\n\n<p><\/p>\n\n\n\n<div class=\"wp-block-cover has-custom-content-position is-position-bottom-center\" style=\"min-height:208px;aspect-ratio:unset;\"><span aria-hidden=\"true\" class=\"wp-block-cover__background has-background-dim\"><\/span><img loading=\"lazy\" decoding=\"async\" width=\"979\" height=\"274\" class=\"wp-block-cover__image-background wp-image-1200\" alt=\"\" src=\"http:\/\/www.ufpb.br\/efopli2\/wp-content\/uploads\/sites\/122\/sites\/206\/2024\/10\/Encerramento-2018.jpg\" data-object-fit=\"cover\" srcset=\"https:\/\/www.ufpb.br\/efopli\/wp-content\/uploads\/sites\/122\/sites\/206\/2024\/10\/Encerramento-2018.jpg 979w, https:\/\/www.ufpb.br\/efopli\/wp-content\/uploads\/sites\/122\/sites\/206\/2024\/10\/Encerramento-2018-300x84.jpg 300w, https:\/\/www.ufpb.br\/efopli\/wp-content\/uploads\/sites\/122\/sites\/206\/2024\/10\/Encerramento-2018-768x215.jpg 768w\" sizes=\"auto, (max-width: 979px) 100vw, 979px\" \/><div class=\"wp-block-cover__inner-container is-layout-flow wp-block-cover-is-layout-flow\">\n<p class=\"has-text-align-center has-luminous-vivid-amber-color has-white-background-color has-text-color has-background has-link-color has-small-font-size wp-elements-98bc11338be83480d75f18d6b527f139\" style=\"letter-spacing:1px\"><a href=\"https:\/\/www.ufpb.br\/efopli\/efopli-da-inicio-aos-encontros-formativos-em-parceria-com-a-pmjp\/\" target=\"_blank\" rel=\"noreferrer noopener\"><strong>Parceria Prefeitura de Jo\u00e3o Pessoa<\/strong><\/a><\/p>\n<\/div><\/div>\n\n\n\n<p><\/p>\n\n\n\n<div class=\"wp-block-cover has-custom-content-position is-position-bottom-center\" style=\"min-height:279px;aspect-ratio:unset;\"><span aria-hidden=\"true\" class=\"wp-block-cover__background has-background-dim\"><\/span><img loading=\"lazy\" decoding=\"async\" width=\"1024\" height=\"394\" class=\"wp-block-cover__image-background wp-image-1792\" alt=\"\" src=\"http:\/\/www.ufpb.br\/efopli2\/wp-content\/uploads\/sites\/122\/sites\/206\/2024\/10\/semana_de_letras_-e1730332426404-1024x394.jpg\" data-object-fit=\"cover\" srcset=\"https:\/\/www.ufpb.br\/efopli\/wp-content\/uploads\/sites\/122\/sites\/206\/2024\/10\/semana_de_letras_-e1730332426404-1024x394.jpg 1024w, https:\/\/www.ufpb.br\/efopli\/wp-content\/uploads\/sites\/122\/sites\/206\/2024\/10\/semana_de_letras_-e1730332426404-300x115.jpg 300w, https:\/\/www.ufpb.br\/efopli\/wp-content\/uploads\/sites\/122\/sites\/206\/2024\/10\/semana_de_letras_-e1730332426404-768x295.jpg 768w, https:\/\/www.ufpb.br\/efopli\/wp-content\/uploads\/sites\/122\/sites\/206\/2024\/10\/semana_de_letras_-e1730332426404-1536x591.jpg 1536w, https:\/\/www.ufpb.br\/efopli\/wp-content\/uploads\/sites\/122\/sites\/206\/2024\/10\/semana_de_letras_-e1730332426404.jpg 1935w\" sizes=\"auto, (max-width: 1024px) 100vw, 1024px\" \/><div class=\"wp-block-cover__inner-container is-layout-flow wp-block-cover-is-layout-flow\">\n<p class=\"has-text-align-center has-luminous-vivid-amber-color has-white-background-color has-text-color has-background has-link-color has-small-font-size wp-elements-7ab77f6f1d55b076d46cefb6e52732be\" style=\"letter-spacing:1px\"><strong><a href=\"https:\/\/www.ufpb.br\/efopli\/oficinas-na-semana-de-letras-2018\/\" target=\"_blank\" rel=\"noreferrer noopener\">Semana de Letras<\/a><\/strong><\/p>\n<\/div><\/div>\n\n\n\n<p><\/p>\n\n\n\n<div class=\"wp-block-cover aligncenter has-custom-content-position is-position-bottom-center\" style=\"min-height:270px;aspect-ratio:unset;\"><span aria-hidden=\"true\" class=\"wp-block-cover__background has-background-dim\"><\/span><img loading=\"lazy\" decoding=\"async\" width=\"1024\" height=\"420\" class=\"wp-block-cover__image-background wp-image-1066\" alt=\"\" src=\"http:\/\/www.ufpb.br\/efopli2\/wp-content\/uploads\/sites\/122\/sites\/206\/2024\/10\/Ingles-para-internacionalizacao.jpg\" data-object-fit=\"cover\" srcset=\"https:\/\/www.ufpb.br\/efopli\/wp-content\/uploads\/sites\/122\/sites\/206\/2024\/10\/Ingles-para-internacionalizacao.jpg 1024w, https:\/\/www.ufpb.br\/efopli\/wp-content\/uploads\/sites\/122\/sites\/206\/2024\/10\/Ingles-para-internacionalizacao-300x123.jpg 300w, https:\/\/www.ufpb.br\/efopli\/wp-content\/uploads\/sites\/122\/sites\/206\/2024\/10\/Ingles-para-internacionalizacao-768x315.jpg 768w\" sizes=\"auto, (max-width: 1024px) 100vw, 1024px\" \/><div class=\"wp-block-cover__inner-container is-layout-flow wp-block-cover-is-layout-flow\">\n<p class=\"has-text-align-center has-luminous-vivid-amber-color has-white-background-color has-text-color has-background has-link-color has-small-font-size wp-elements-03b1986ced98e7222d669d5b6a1ba695\" style=\"letter-spacing:1px\"><strong><a href=\"https:\/\/www.ufpb.br\/efopli\/efopli-encerra-curso-de-ingles-para-internacionalizacao-na-ufpb\/\" target=\"_blank\" rel=\"noreferrer noopener\">Ingl\u00eas para Internacionaliza\u00e7\u00e3o<\/a><\/strong><\/p>\n<\/div><\/div>\n\n\n\n<p><\/p>\n\n\n\n<div class=\"wp-block-cover has-custom-content-position is-position-bottom-center\" style=\"min-height:244px;aspect-ratio:unset;\"><span aria-hidden=\"true\" class=\"wp-block-cover__background has-background-dim\"><\/span><img loading=\"lazy\" decoding=\"async\" width=\"1024\" height=\"329\" class=\"wp-block-cover__image-background wp-image-1015\" alt=\"\" src=\"http:\/\/www.ufpb.br\/efopli2\/wp-content\/uploads\/sites\/122\/sites\/206\/2024\/10\/Palestra-Marcelo-Medeiros-e1728312517197.jpg\" data-object-fit=\"cover\" srcset=\"https:\/\/www.ufpb.br\/efopli\/wp-content\/uploads\/sites\/122\/sites\/206\/2024\/10\/Palestra-Marcelo-Medeiros-e1728312517197.jpg 1024w, https:\/\/www.ufpb.br\/efopli\/wp-content\/uploads\/sites\/122\/sites\/206\/2024\/10\/Palestra-Marcelo-Medeiros-e1728312517197-300x96.jpg 300w, https:\/\/www.ufpb.br\/efopli\/wp-content\/uploads\/sites\/122\/sites\/206\/2024\/10\/Palestra-Marcelo-Medeiros-e1728312517197-768x247.jpg 768w\" sizes=\"auto, (max-width: 1024px) 100vw, 1024px\" \/><div class=\"wp-block-cover__inner-container is-layout-flow wp-block-cover-is-layout-flow\">\n<p class=\"has-text-align-center has-luminous-vivid-amber-color has-white-background-color has-text-color has-background has-link-color has-small-font-size wp-elements-60475890d4ac3fb12d19446b3bbc1646\" style=\"letter-spacing:1px\"><a href=\"https:\/\/www.ufpb.br\/efopli\/pesquisador-da-uepb-realiza-palestra-para-a-equipe-do-efopli\/\" target=\"_blank\" rel=\"noreferrer noopener\"><strong>Forma\u00e7\u00e3o do leitor na educa\u00e7\u00e3o b\u00e1sica<\/strong><\/a><\/p>\n<\/div><\/div>\n\n\n\n<p><\/p>\n","protected":false},"excerpt":{"rendered":"<p>A\u00e7\u00f5es realizadas no ano de 2018. Visite link no t\u00edtulo para mais detalhes.<\/p>\n","protected":false},"author":144,"featured_media":0,"parent":80,"menu_order":0,"comment_status":"closed","ping_status":"closed","template":"","meta":{"footnotes":""},"class_list":["post-1741","page","type-page","status-publish","hentry"],"_links":{"self":[{"href":"https:\/\/www.ufpb.br\/efopli\/wp-json\/wp\/v2\/pages\/1741","targetHints":{"allow":["GET"]}}],"collection":[{"href":"https:\/\/www.ufpb.br\/efopli\/wp-json\/wp\/v2\/pages"}],"about":[{"href":"https:\/\/www.ufpb.br\/efopli\/wp-json\/wp\/v2\/types\/page"}],"author":[{"embeddable":true,"href":"https:\/\/www.ufpb.br\/efopli\/wp-json\/wp\/v2\/users\/144"}],"replies":[{"embeddable":true,"href":"https:\/\/www.ufpb.br\/efopli\/wp-json\/wp\/v2\/comments?post=1741"}],"version-history":[{"count":64,"href":"https:\/\/www.ufpb.br\/efopli\/wp-json\/wp\/v2\/pages\/1741\/revisions"}],"predecessor-version":[{"id":3362,"href":"https:\/\/www.ufpb.br\/efopli\/wp-json\/wp\/v2\/pages\/1741\/revisions\/3362"}],"up":[{"embeddable":true,"href":"https:\/\/www.ufpb.br\/efopli\/wp-json\/wp\/v2\/pages\/80"}],"wp:attachment":[{"href":"https:\/\/www.ufpb.br\/efopli\/wp-json\/wp\/v2\/media?parent=1741"}],"curies":[{"name":"wp","href":"https:\/\/api.w.org\/{rel}","templated":true}]}}

Ações 2018

<p>Ações realizadas no ano de 2018. Visite <em>link </em>no título para mais detalhes.</p>



<div class="wp-block-cover aligncenter has-custom-content-position is-position-bottom-center" style="min-height:271px;aspect-ratio:unset;"><span aria-hidden="true" class="wp-block-cover__background has-background-dim"></span><img loading="lazy" decoding="async" width="1024" height="406" class="wp-block-cover__image-background wp-image-978" alt="" src="http://www.ufpb.br/efopli2/wp-content/uploads/sites/122/sites/206/2024/10/27106525848_4aadc4085e_k-e1728311194121-1024x406.jpg" data-object-fit="cover" srcset="https://www.ufpb.br/efopli/wp-content/uploads/sites/122/sites/206/2024/10/27106525848_4aadc4085e_k-e1728311194121-1024x406.jpg 1024w, https://www.ufpb.br/efopli/wp-content/uploads/sites/122/sites/206/2024/10/27106525848_4aadc4085e_k-e1728311194121-300x119.jpg 300w, https://www.ufpb.br/efopli/wp-content/uploads/sites/122/sites/206/2024/10/27106525848_4aadc4085e_k-e1728311194121-768x305.jpg 768w, https://www.ufpb.br/efopli/wp-content/uploads/sites/122/sites/206/2024/10/27106525848_4aadc4085e_k-e1728311194121-1536x609.jpg 1536w, https://www.ufpb.br/efopli/wp-content/uploads/sites/122/sites/206/2024/10/27106525848_4aadc4085e_k-e1728311194121.jpg 1659w" sizes="auto, (max-width: 1024px) 100vw, 1024px" /><div class="wp-block-cover__inner-container is-layout-flow wp-block-cover-is-layout-flow">
<p class="has-text-align-center has-luminous-vivid-amber-color has-white-background-color has-text-color has-background has-link-color has-small-font-size wp-elements-5c753227650e7ae8ec205b57eea420ff" style="letter-spacing:1px"><strong><a href="https://www.ufpb.br/efopli/efopli-da-inicio-aos-encontros-formativos-de-2018/" target="_blank" rel="noreferrer noopener">Friday meetings</a></strong></p>
</div></div>



<p></p>



<div class="wp-block-cover has-custom-content-position is-position-bottom-center" style="min-height:208px;aspect-ratio:unset;"><span aria-hidden="true" class="wp-block-cover__background has-background-dim"></span><img loading="lazy" decoding="async" width="979" height="274" class="wp-block-cover__image-background wp-image-1200" alt="" src="http://www.ufpb.br/efopli2/wp-content/uploads/sites/122/sites/206/2024/10/Encerramento-2018.jpg" data-object-fit="cover" srcset="https://www.ufpb.br/efopli/wp-content/uploads/sites/122/sites/206/2024/10/Encerramento-2018.jpg 979w, https://www.ufpb.br/efopli/wp-content/uploads/sites/122/sites/206/2024/10/Encerramento-2018-300x84.jpg 300w, https://www.ufpb.br/efopli/wp-content/uploads/sites/122/sites/206/2024/10/Encerramento-2018-768x215.jpg 768w" sizes="auto, (max-width: 979px) 100vw, 979px" /><div class="wp-block-cover__inner-container is-layout-flow wp-block-cover-is-layout-flow">
<p class="has-text-align-center has-luminous-vivid-amber-color has-white-background-color has-text-color has-background has-link-color has-small-font-size wp-elements-98bc11338be83480d75f18d6b527f139" style="letter-spacing:1px"><a href="https://www.ufpb.br/efopli/efopli-da-inicio-aos-encontros-formativos-em-parceria-com-a-pmjp/" target="_blank" rel="noreferrer noopener"><strong>Parceria Prefeitura de João Pessoa</strong></a></p>
</div></div>



<p></p>



<div class="wp-block-cover has-custom-content-position is-position-bottom-center" style="min-height:279px;aspect-ratio:unset;"><span aria-hidden="true" class="wp-block-cover__background has-background-dim"></span><img loading="lazy" decoding="async" width="1024" height="394" class="wp-block-cover__image-background wp-image-1792" alt="" src="http://www.ufpb.br/efopli2/wp-content/uploads/sites/122/sites/206/2024/10/semana_de_letras_-e1730332426404-1024x394.jpg" data-object-fit="cover" srcset="https://www.ufpb.br/efopli/wp-content/uploads/sites/122/sites/206/2024/10/semana_de_letras_-e1730332426404-1024x394.jpg 1024w, https://www.ufpb.br/efopli/wp-content/uploads/sites/122/sites/206/2024/10/semana_de_letras_-e1730332426404-300x115.jpg 300w, https://www.ufpb.br/efopli/wp-content/uploads/sites/122/sites/206/2024/10/semana_de_letras_-e1730332426404-768x295.jpg 768w, https://www.ufpb.br/efopli/wp-content/uploads/sites/122/sites/206/2024/10/semana_de_letras_-e1730332426404-1536x591.jpg 1536w, https://www.ufpb.br/efopli/wp-content/uploads/sites/122/sites/206/2024/10/semana_de_letras_-e1730332426404.jpg 1935w" sizes="auto, (max-width: 1024px) 100vw, 1024px" /><div class="wp-block-cover__inner-container is-layout-flow wp-block-cover-is-layout-flow">
<p class="has-text-align-center has-luminous-vivid-amber-color has-white-background-color has-text-color has-background has-link-color has-small-font-size wp-elements-7ab77f6f1d55b076d46cefb6e52732be" style="letter-spacing:1px"><strong><a href="https://www.ufpb.br/efopli/oficinas-na-semana-de-letras-2018/" target="_blank" rel="noreferrer noopener">Semana de Letras</a></strong></p>
</div></div>



<p></p>



<div class="wp-block-cover aligncenter has-custom-content-position is-position-bottom-center" style="min-height:270px;aspect-ratio:unset;"><span aria-hidden="true" class="wp-block-cover__background has-background-dim"></span><img loading="lazy" decoding="async" width="1024" height="420" class="wp-block-cover__image-background wp-image-1066" alt="" src="http://www.ufpb.br/efopli2/wp-content/uploads/sites/122/sites/206/2024/10/Ingles-para-internacionalizacao.jpg" data-object-fit="cover" srcset="https://www.ufpb.br/efopli/wp-content/uploads/sites/122/sites/206/2024/10/Ingles-para-internacionalizacao.jpg 1024w, https://www.ufpb.br/efopli/wp-content/uploads/sites/122/sites/206/2024/10/Ingles-para-internacionalizacao-300x123.jpg 300w, https://www.ufpb.br/efopli/wp-content/uploads/sites/122/sites/206/2024/10/Ingles-para-internacionalizacao-768x315.jpg 768w" sizes="auto, (max-width: 1024px) 100vw, 1024px" /><div class="wp-block-cover__inner-container is-layout-flow wp-block-cover-is-layout-flow">
<p class="has-text-align-center has-luminous-vivid-amber-color has-white-background-color has-text-color has-background has-link-color has-small-font-size wp-elements-03b1986ced98e7222d669d5b6a1ba695" style="letter-spacing:1px"><strong><a href="https://www.ufpb.br/efopli/efopli-encerra-curso-de-ingles-para-internacionalizacao-na-ufpb/" target="_blank" rel="noreferrer noopener">Inglês para Internacionalização</a></strong></p>
</div></div>



<p></p>



<div class="wp-block-cover has-custom-content-position is-position-bottom-center" style="min-height:244px;aspect-ratio:unset;"><span aria-hidden="true" class="wp-block-cover__background has-background-dim"></span><img loading="lazy" decoding="async" width="1024" height="329" class="wp-block-cover__image-background wp-image-1015" alt="" src="http://www.ufpb.br/efopli2/wp-content/uploads/sites/122/sites/206/2024/10/Palestra-Marcelo-Medeiros-e1728312517197.jpg" data-object-fit="cover" srcset="https://www.ufpb.br/efopli/wp-content/uploads/sites/122/sites/206/2024/10/Palestra-Marcelo-Medeiros-e1728312517197.jpg 1024w, https://www.ufpb.br/efopli/wp-content/uploads/sites/122/sites/206/2024/10/Palestra-Marcelo-Medeiros-e1728312517197-300x96.jpg 300w, https://www.ufpb.br/efopli/wp-content/uploads/sites/122/sites/206/2024/10/Palestra-Marcelo-Medeiros-e1728312517197-768x247.jpg 768w" sizes="auto, (max-width: 1024px) 100vw, 1024px" /><div class="wp-block-cover__inner-container is-layout-flow wp-block-cover-is-layout-flow">
<p class="has-text-align-center has-luminous-vivid-amber-color has-white-background-color has-text-color has-background has-link-color has-small-font-size wp-elements-60475890d4ac3fb12d19446b3bbc1646" style="letter-spacing:1px"><a href="https://www.ufpb.br/efopli/pesquisador-da-uepb-realiza-palestra-para-a-equipe-do-efopli/" target="_blank" rel="noreferrer noopener"><strong>Formação do leitor na educação básica</strong></a></p>
</div></div>



<p></p>

<p>Ações realizadas no ano de 2018. Visite link no título para mais detalhes.</p>
